{"id":499,"date":"2023-11-17T09:24:51","date_gmt":"2023-11-17T08:24:51","guid":{"rendered":"http:\/\/payra-monvillage.fr\/?page_id=499"},"modified":"2023-11-17T09:25:49","modified_gmt":"2023-11-17T08:25:49","slug":"le-souterrain-refuge","status":"publish","type":"page","link":"https:\/\/payra-monvillage.fr\/index.php\/le-souterrain-refuge\/","title":{"rendered":"Le Souterrain Refuge"},"content":{"rendered":"\n<h3 class=\"wp-block-heading\">Ci-joint l&rsquo;int\u00e9gralit\u00e9 de la communication faite par M. A.Fages devant les membres de la Soci\u00e9t\u00e9 des Arts et des Sciences de Carcassonne.<\/h3>\n\n\n\n<p><\/p>\n\n\n\n<p>PAR A. FAGES<\/p>\n\n\n\n<p>Un peu au sud de Castelnaudary, sur la rive droite du canal du Midi, s&rsquo;\u00e9l\u00e8ve un syst\u00e8me de collines que l&rsquo;on nomme las Serros dans le pays et qui sont les derniers contreforts des collines du Lauraguais ; leur surface, enti\u00e8rement d\u00e9nud\u00e9e et livr\u00e9e aujourd&rsquo;hui \u00e0 la culture des c\u00e9r\u00e9ales, \u00e9tait, dans l&rsquo;antiquit\u00e9, couverte de for\u00eats de ch\u00eanes qui se transform\u00e8rent au moyen \u00e2ge en bois taillis de m\u00eame essence.&nbsp;C&rsquo;est sur le penchant d&rsquo;une de ces collines que, tr\u00e8s fortuitement en d\u00e9cembre dernier (14 d\u00e9cembre 1905), l&rsquo;on fit la d\u00e9couverte du souterrain qui nous occupe. Un bouvier, labourant un champ \u00e0 150 m\u00e8tres environ de la m\u00e9tairie de Borde-Neuve, sise sur la commune du Payra, vit tout \u00e0 coup une de ses b\u00eates s&rsquo;enfoncer dans le sol ; il d\u00e9gagea avec quelque peine son boeuf de cette fondri\u00e8re, et constata qu&rsquo;un trou b\u00e9ant s&rsquo;ouvrait \u00e0 ses pieds ; il tenta en vain de le sonder au moyen de son aiguillon, il ne put en atteindre le fond. Il fut chercher du renfort, on agrandit l&rsquo;excavation et on p\u00e9n\u00e9tra par cette ouverture, dans une salle creus\u00e9e dans le roc. On d\u00e9couvrit alors une premi\u00e8re entr\u00e9e (n\u00b0 1 du plan), compos\u00e9e d&rsquo;un \u00e9troit couloir en escalier qu&rsquo;on d\u00e9blaya assez facilement et qui donnait acc\u00e8s clans la campagne, du c\u00f4t\u00e9 de l&rsquo;ouest. Successivement on d\u00e9couvrit quatre salles.&nbsp;La d\u00e9couverte f\u00eet quelque bruit, les journaux locaux publi\u00e8rent la nouvelle et nous nous attendions d&rsquo;un moment \u00e0 l&rsquo;autre \u00e0 apprendre qu&rsquo;on l&rsquo;avait explor\u00e9e. Malgr\u00e9&nbsp;notre impatience d&rsquo;aller voir de pr\u00e8s ces grottes artificielles, ce n&rsquo;est que ces derniers jours que nous p\u00fbmes enfin nous rendre au Payra. Arriv\u00e9 sur les lieux, nous nous&nbsp;enqu\u00eemes&nbsp;aupr\u00e8s de l&rsquo;instituteur de cette localit\u00e9 si les grottes avaient \u00e9t\u00e9 fouill\u00e9es depuis leur mise \u00e0 jour ; il me dit que non, que sauf les quelques curieux qui accompagnaient le bouvier lors de la premi\u00e8re exploration, personne n&rsquo;y \u00e9tait plus descendu.&nbsp;Aussi ce n&rsquo;est pas sans une certaine \u00e9motion que nous descend\u00eemes les quelques marches qui nous conduisirent dans la premi\u00e8re salle, que nous qualifierons d&rsquo;anti-grotte, \u00e9tant donn\u00e9es ses dimensions.<\/p>\n\n\n\n<figure class=\"wp-block-image size-full\"><img loading=\"lazy\" decoding=\"async\" width=\"674\" height=\"735\" src=\"http:\/\/payra-monvillage.fr\/wp-content\/uploads\/2023\/11\/6-4.jpg\" alt=\"\" class=\"wp-image-501\" srcset=\"https:\/\/payra-monvillage.fr\/wp-content\/uploads\/2023\/11\/6-4.jpg 674w, https:\/\/payra-monvillage.fr\/wp-content\/uploads\/2023\/11\/6-4-275x300.jpg 275w\" sizes=\"auto, (max-width: 674px) 100vw, 674px\" \/><\/figure>\n\n\n\n<p>Nous explor\u00e2mes avec attention cette premi\u00e8re salle, nous f\u00fbmes frapp\u00e9 tout d&rsquo;abord par la vue de l&#8217;emplacement d&rsquo;un foyer au pied et au milieu de la paroi droite cette paroi a \u00e9t\u00e9 m\u00eame un peu&nbsp;excav\u00e9e, dans les d\u00e9tritus de cendres m\u00eal\u00e9es de terre, nous ne d\u00fbmes recueillir que quelques d\u00e9bris de poterie fortement micac\u00e9e. Revenant vers l&rsquo;entr\u00e9e, c&rsquo;est-\u00e0-dire vers le couloir en escalier, nous remarqu\u00e2mes qu&rsquo;une feuillure assez prononc\u00e9e avait \u00e9t\u00e9 pratiqu\u00e9e dans les parois de chaque c\u00f4t\u00e9 de la porte, feuillure o\u00f9 devaient s&rsquo;encastrer une o\u00f9 plusieurs dalles servant \u00e0 la fermeture du couloir.&nbsp;<\/p>\n\n\n\n<p>Cette salle mesure 3 m\u00e8tres sur 1m40 et la hauteur de la vo\u00fbte en cintre surbaiss\u00e9 est de2m40.&nbsp;En face de l&rsquo;entr\u00e9e et au milieu de la paroi formant le fond est pratiqu\u00e9 un couloir mesurant 65 centim\u00e8tres de largeur et 1m60 de hauteur, long de 1m40 ; \u00e0 cette distance, il se bifurque k droite et \u00e0 gauche, donnant acc\u00e8s du c\u00f4t\u00e9 droit \u00e0 une salle tr\u00e8s bien conserv\u00e9e qui mesure 4 m\u00e8tres sur 5 m\u00e8tres ; dans la vo\u00fbte, qui s&rsquo;\u00e9l\u00e8ve \u00e0&nbsp;2m40,sont pratiqu\u00e9s deux trous cylindriques de 10 \u00e0 15 centim\u00e8tres de diam\u00e8tre, ils arrivent \u00e0 la surface du sol ext\u00e9rieur ; ils devaient sans nul doute servir \u00e0 l&rsquo;a\u00e9ration de la salle.<\/p>\n\n\n\n<p>Le couloir de gauche, de 2m05 de long, conduit dans une troisi\u00e8me salle de 4 m\u00e8tres sur 4 m\u00e8tres, toujours de la m\u00eame hauteur, la vo\u00fbte n&rsquo;est ici perc\u00e9e que d&rsquo;un seul trou d&rsquo;a\u00e9ration. Un couloir de 70 centim\u00e8tres de long fait communiquer la troisi\u00e8me salle avec la quatri\u00e8me et derni\u00e8re qui a les m\u00eames dimensions que la pr\u00e9c\u00e9dente. Au milieu de la paroi du fond est pratiqu\u00e9 un deuxi\u00e8me escalier qui fait communiquer cette derni\u00e8re salle avec l&rsquo;ext\u00e9rieur.<\/p>\n\n\n\n<p>Nous devons, avant d&rsquo;aller plus loin, signaler une particularit\u00e9 singuli\u00e8re : au point o\u00f9 le couloir qui fait communiquer l&rsquo;anti-grotte avec les salles 2 et 3, se bifurque, on avait voulu le pousser JDIUS en avant et en droite ligne, mais la roche \u00e9tant en ce joint devenue beaucoup plus dure, le travail d&rsquo;excavation fut arr\u00eat\u00e9 \u00e0 une tr\u00e8s faible profondeur.<\/p>\n\n\n\n<p>Ces salles sont creus\u00e9es dans la molasse, esp\u00e8ce de gr\u00e8s facile \u00e0 travailler, mais cependant assez consistant, puisque les vo\u00fbtes surbaiss\u00e9es supportent pr\u00e8s de 1m50 \u00e0 2 m\u00e8tre&nbsp;de terrain au-dessus d&rsquo;elles. Cette roche (molasse de Castelnaudary) est un des termes du Bartonien, qui est largement repr\u00e9sent\u00e9 dans cette partie du d\u00e9partement de l&rsquo;Aude.<\/p>\n\n\n\n<p>Nous avons explor\u00e9 minutieusement les coins et recoins du souterrain, mais, h\u00e9las, nos recherches furent infructueuses; nous avons d\u00fb nous contenter des quelques d\u00e9bris de poteries trouv\u00e9s dans le foyer et de constater le soin avec lequel a \u00e9t\u00e9 fait le ravalement des parois des quatre salles ; les coups donn\u00e9s probablement avec la hache ou l&rsquo;herminette en pierre polie, sont tr\u00e8s r\u00e9guliers. Les couloirs sont bien perc\u00e9s et d&rsquo;un facile acc\u00e8s, bien d\u00e9fendables en cas de surprise d&rsquo;un ennemi. Les entr\u00e9es et les trous d&rsquo;a\u00e9ration \u00e9taient tr\u00e8s bien dissimul\u00e9s, rien\u00a0\u00e0\u00a0l&rsquo;ext\u00e9rieur ne d\u00e9non\u00e7ait la pr\u00e9sence de ce grand travail souterrain. Malheureusement les premiers visiteurs qui ont p\u00e9n\u00e9tr\u00e9 clans ces grottes ont malencontreusement voulu agrandir les prises d&rsquo;air qui percent la vo\u00fbte en plusieurs endroits, ils l&rsquo;ont fait d&rsquo;une fa\u00e7on inconsid\u00e9r\u00e9e, aussi les pluies de la fin de l&rsquo;hiver et du printemps ont p\u00e9n\u00e9tr\u00e9 par ces larges baies, d\u00e9gradant fortement les vo\u00fbtes qui, supportant mal le poids des 2 ou 3 m\u00e8tres de terrain qui les surmontent, s&rsquo;effondrent \u00e0 tout moment, mena\u00e7ant d&rsquo;ensevelir le tout sous une \u00e9paisse couche de terre. C&rsquo;est ce cjui nous a emp\u00each\u00e9 de pratiquer la moindre fouille ; il faudrait, par mesure de prudence, \u00e9tan\u00e7onner solidement les vo\u00fbtes, avant que de toucher le sol des quatre salles. Seule, la hache en pierre polie trouv\u00e9e par les premiers visiteurs des souterrains, t\u00e9moigne de la pr\u00e9sence de l&rsquo;homme pr\u00e9historique. Peut-\u00eatre est-ce lui qui les a creus\u00e9s? Dans tous les cas, ils ont d\u00fb \u00eatre habit\u00e9s pendant de longues ann\u00e9es, l&rsquo;usure des marches des deux escaliers et des parois des couloirs \u00e9troits en t\u00e9moignent. Pour \u00e9lucider la question de leur \u00e2ge, il serait n\u00e9cessaire de fouiller soigneusement leur sol, mais il faudrait pour cela disposer de beaucoup de temps et d&rsquo;argent ; une soci\u00e9t\u00e9 seule peut tenter l&rsquo;aventure.<\/p>\n","protected":false},"excerpt":{"rendered":"<p>Ci-joint l&rsquo;int\u00e9gralit\u00e9 de la communication faite par M. A.Fages devant les membres de la Soci\u00e9t\u00e9 des Arts et des Sciences de Carcassonne. PAR A. FAGES Un peu au sud de Castelnaudary, sur la rive droite du canal du Midi, s&rsquo;\u00e9l\u00e8ve un syst\u00e8me de collines que l&rsquo;on nomme las Serros dans le pays et qui sont &hellip; <\/p>\n<p class=\"link-more\"><a href=\"https:\/\/payra-monvillage.fr\/index.php\/le-souterrain-refuge\/\" class=\"more-link\">Continuer la lecture<span class=\"screen-reader-text\"> de &laquo;&nbsp;Le Souterrain Refuge&nbsp;&raquo;<\/span><\/a><\/p>\n","protected":false},"author":1,"featured_media":0,"parent":0,"menu_order":0,"comment_status":"closed","ping_status":"closed","template":"","meta":{"footnotes":""},"class_list":["post-499","page","type-page","status-publish","hentry"],"_links":{"self":[{"href":"https:\/\/payra-monvillage.fr\/index.php\/wp-json\/wp\/v2\/pages\/499","targetHints":{"allow":["GET"]}}],"collection":[{"href":"https:\/\/payra-monvillage.fr\/index.php\/wp-json\/wp\/v2\/pages"}],"about":[{"href":"https:\/\/payra-monvillage.fr\/index.php\/wp-json\/wp\/v2\/types\/page"}],"author":[{"embeddable":true,"href":"https:\/\/payra-monvillage.fr\/index.php\/wp-json\/wp\/v2\/users\/1"}],"replies":[{"embeddable":true,"href":"https:\/\/payra-monvillage.fr\/index.php\/wp-json\/wp\/v2\/comments?post=499"}],"version-history":[{"count":2,"href":"https:\/\/payra-monvillage.fr\/index.php\/wp-json\/wp\/v2\/pages\/499\/revisions"}],"predecessor-version":[{"id":503,"href":"https:\/\/payra-monvillage.fr\/index.php\/wp-json\/wp\/v2\/pages\/499\/revisions\/503"}],"wp:attachment":[{"href":"https:\/\/payra-monvillage.fr\/index.php\/wp-json\/wp\/v2\/media?parent=499"}],"curies":[{"name":"wp","href":"https:\/\/api.w.org\/{rel}","templated":true}]}}