{"id":492,"date":"2023-11-17T08:46:59","date_gmt":"2023-11-17T07:46:59","guid":{"rendered":"http:\/\/payra-monvillage.fr\/?page_id=492"},"modified":"2023-11-17T08:46:59","modified_gmt":"2023-11-17T07:46:59","slug":"le-pech-donnadieu","status":"publish","type":"page","link":"https:\/\/payra-monvillage.fr\/index.php\/le-pech-donnadieu\/","title":{"rendered":"Le Pech Donnadieu"},"content":{"rendered":"\n<figure class=\"wp-block-image size-full\"><img loading=\"lazy\" decoding=\"async\" width=\"480\" height=\"360\" src=\"http:\/\/payra-monvillage.fr\/wp-content\/uploads\/2023\/11\/1-3.jpg\" alt=\"\" class=\"wp-image-493\" srcset=\"https:\/\/payra-monvillage.fr\/wp-content\/uploads\/2023\/11\/1-3.jpg 480w, https:\/\/payra-monvillage.fr\/wp-content\/uploads\/2023\/11\/1-3-300x225.jpg 300w\" sizes=\"auto, (max-width: 480px) 100vw, 480px\" \/><\/figure>\n\n\n\n<p>Monsieur Caunes, Instituteur de Payra au d\u00e9but du 20\u00e8me si\u00e8cle, a \u00e9crit, en 1913, un livret sur le village. Passionn\u00e9 d&rsquo;Histoire, M.Caunes y\u00a0d\u00e9crit les diff\u00e9rentes p\u00e9riodes\u00a0depuis les temps\u00a0pr\u00e9historiques \u00e0 la Premi\u00e8re Restauration. Il fit part de ses d\u00e9couvertes \u00e0 la Soci\u00e9t\u00e9 des Arts et des Sciences de Carcassonne\u00a0qui d\u00e9p\u00eacha un de ses membres. Mr Fages donna lecture\u00a0en 1910 devant la v\u00e9n\u00e9rable assembl\u00e9e, d&rsquo;une note intitul\u00e9e : La motte de Pech de Nadieu.<\/p>\n\n\n\n<figure class=\"wp-block-image size-full\"><img loading=\"lazy\" decoding=\"async\" width=\"480\" height=\"360\" src=\"http:\/\/payra-monvillage.fr\/wp-content\/uploads\/2023\/11\/2-3.jpg\" alt=\"\" class=\"wp-image-494\" srcset=\"https:\/\/payra-monvillage.fr\/wp-content\/uploads\/2023\/11\/2-3.jpg 480w, https:\/\/payra-monvillage.fr\/wp-content\/uploads\/2023\/11\/2-3-300x225.jpg 300w\" sizes=\"auto, (max-width: 480px) 100vw, 480px\" \/><\/figure>\n\n\n\n<p>C&rsquo;est sur ce mamelon que M. Caunes, instituteur de Payra, me fit visiter, il y a quelques ann\u00e9es, un travail de terrassement qui devait, me dit-il, remonter bien loin dans le pass\u00e9. En effet, dans 1 ensemble de ce travail ont pouss\u00e9 des ch\u00eanes plusieurs fois centenaires.<\/p>\n\n\n\n<p>\u00ab Sur cette colline isol\u00e9e, marqu\u00e9e 305 sur la carte d&rsquo;Etat-Major, il existe une Motte.<\/p>\n\n\n\n<p>\u00ab Le poste est bien choisi, comme nous l&rsquo;avons d\u00e9j\u00e0 dit, \u00e0 la bifurcation de deux plaines et, par son \u00e9l\u00e9vation \u00e0 c\u00f4t\u00e9 des terrains environnants, il domine tout le pays. La nature du terrain est du Bartoni\u00e9ll, vulgairement d\u00e9nomm\u00e9 molasse de Castelnaudary.<\/p>\n\n\n\n<p>\u00ab D&rsquo;apr\u00e8s le plan cadastral il se nomme \u00ab Pech Donnadieu \u00bb que les habitants ont converti en Pech de Nadieu.<\/p>\n\n\n\n<p>\u00ab Il est consid\u00e9r\u00e9 comme un fort de l&rsquo;\u00e9poque f\u00e9odale ou des guerres de religion, et aurait, dit on, correspondu avec une position fortifi\u00e9e voisine : Payranel (ou petit Payra); cette derni\u00e8re est une ferme o\u00f9 l&rsquo;on voit encore d&rsquo;\u00e9paisses murailles ayant pu servir de d\u00e9fense.<\/p>\n\n\n\n<p>\u00ab Le Pech de Nadieu ou plut\u00f4t la Motte qui le termine, ne porte aucun vestige de construction en pierres. C&rsquo;est un rectangle assez r\u00e9gulier ayant 16 m\u00e8tres de c\u00f4t\u00e9 d\u00e9passant le sol environnant de 2 m\u00e8tres ; la Motte est. entour\u00e9e d&rsquo;un foss\u00e9 qui a les dimensions suivantes : largeur du fosse au bord sup\u00e9rieur : 13 m\u00e8tres ; au fond 2 m\u00e8tres ; profondeur du foss\u00e9 par rapport \u00e0 l&rsquo;ar\u00eate de la butte, 5 m\u00e8tres ; par rapport au terrain ext\u00e9rieur, 3 m\u00e8tres.<\/p>\n\n\n\n<figure class=\"wp-block-image size-full\"><img loading=\"lazy\" decoding=\"async\" width=\"895\" height=\"561\" src=\"http:\/\/payra-monvillage.fr\/wp-content\/uploads\/2023\/11\/3-5.jpg\" alt=\"\" class=\"wp-image-495\" srcset=\"https:\/\/payra-monvillage.fr\/wp-content\/uploads\/2023\/11\/3-5.jpg 895w, https:\/\/payra-monvillage.fr\/wp-content\/uploads\/2023\/11\/3-5-300x188.jpg 300w, https:\/\/payra-monvillage.fr\/wp-content\/uploads\/2023\/11\/3-5-768x481.jpg 768w\" sizes=\"auto, (max-width: 767px) 89vw, (max-width: 1000px) 54vw, (max-width: 1071px) 543px, 580px\" \/><\/figure>\n\n\n\n<p>\u00ab C&rsquo;est \u00e0 300 m\u00e8tres environ que se trouve le souterrain-refuge que je signalais en 1906. Il est orient\u00e9 N.-S.; son entr\u00e9e est par un escalier \u00e0 l&rsquo;ouest, qui donne acc\u00e8s dans la premi\u00e8re salle que je qualifie d&rsquo;antigrotte \u00e9tant donn\u00e9 ses dimensions. Au pied et au milieu de la paroi de droite \u00e9tait une excavation qui contenait encore quelques cendres m\u00eal\u00e9es de terre et dans lesquelles je recueillis des tessons de poterie micac\u00e9e.&nbsp;<\/p>\n\n\n\n<p>\u00ab A l&rsquo;entr\u00e9e et au pied de l&rsquo;escalier \u00e9tait une feuillure o\u00f9 devaient s&rsquo;encastrer une ou plusieurs dalles servant \u00e0 la fermeture du&rsquo;couloir.<\/p>\n\n\n\n<p>Cette salle mesure 3 m\u00e8tres sur 1 m. 40 et la hauteur de vo\u00fbte eu cintre surbaiss\u00e9 est de 2 m. 40.<\/p>\n\n\n\n<figure class=\"wp-block-image size-full\"><img loading=\"lazy\" decoding=\"async\" width=\"956\" height=\"427\" src=\"http:\/\/payra-monvillage.fr\/wp-content\/uploads\/2023\/11\/15e31503f1532c82d73ae6f1bf274e15.jpg\" alt=\"\" class=\"wp-image-496\" srcset=\"https:\/\/payra-monvillage.fr\/wp-content\/uploads\/2023\/11\/15e31503f1532c82d73ae6f1bf274e15.jpg 956w, https:\/\/payra-monvillage.fr\/wp-content\/uploads\/2023\/11\/15e31503f1532c82d73ae6f1bf274e15-300x134.jpg 300w, https:\/\/payra-monvillage.fr\/wp-content\/uploads\/2023\/11\/15e31503f1532c82d73ae6f1bf274e15-768x343.jpg 768w\" sizes=\"auto, (max-width: 767px) 89vw, (max-width: 1000px) 54vw, (max-width: 1071px) 543px, 580px\" \/><\/figure>\n\n\n\n<p>\u00ab En face de l&rsquo;entr\u00e9e et au milieu de la paroi formant le fond est pratiqu\u00e9 un couloir mesurant 65 centim\u00e8tres de largeur et 1&prime;\u00a0\u00bb 60 de hauteur, long de 1 m. 40 ; \u00e0 cette distance, il se bifurque \u00e0 droite et \u00e0 gauche, donnant acc\u00e8s du c\u00f4t\u00e9 droit \u00e0 une salle tr\u00e8s bien conserv\u00e9e qui mesure 4 m\u00e8tres sur b m\u00e8tres ; dans la vo\u00fbte qui s&rsquo;\u00e9l\u00e8ve \u00e0 2 m. 40 sont pratiqu\u00e9s deux trous cylindriques de 10 \u00e0 15 centim\u00e8tres de diam\u00e8tre, ils arrivent \u00e0 la surface du sol ext\u00e9rieur ; ils devaient sans nul doute servir \u00e0 l&rsquo;a\u00e9ration de la salle. Le couloir de gauche, de 2 m. 05 de long, conduit dans une troisi\u00e8me salle de 4 m\u00e8tres sur 4 m\u00e8tres, toujours de la m\u00eame hauteur, la vo\u00fbte n&rsquo;est ici percce que d&rsquo;un seul trou d&rsquo;a\u00e9ration. Un couloir de 70 centim\u00e8tres de long fait communiquer la troisi\u00e8me salle avec la quatri\u00e8me et derni\u00e8re qui a les m\u00eames dimensions que la pr\u00e9c\u00e9dente. Au milieu. de la paroi du fond est pratiqu\u00e9 un deuxi\u00e8me escalier qui fait communiquer cette derni\u00e8re salle avec l&rsquo;ext\u00e9rieur.<\/p>\n\n\n\n<p>\u00ab Je dois, avant d&rsquo;aller plus loin, signaler une particularit\u00e9 singuli\u00e8re : au point o\u00f9 le couloir qui fait communiquer l&rsquo;anti-grotte avec la salle 2 et 3 se bifurque, on avait voulu le pousser plus avant et en ligne droite, mais la roche \u00e9tant en ce point devenue beaucoup plus dure, le travail d&rsquo;excavation fut arr\u00eat\u00e9 \u00e0 une tr\u00e8s faible profondeur<\/p>\n\n\n\n<p>\u00ab Ces salles sont creus\u00e9es dans la molasse, esp\u00e8ce de gr\u00e8s tr\u00e8s facile \u00e0 travailler, mais cependant assez consistant, puisque les vo\u00fbtes surbaiss\u00e9es supportent pr\u00e8s de 1 m. 50 \u00e0 2 m\u00e8tres de terrain au-dessus d&rsquo;elles.<\/p>\n\n\n\n<p>\u00ab M. Caunes y a recueilli une hache celtique ainsi qu&rsquo;un \u00e9norme percuteur. De toutes ces trouvailles j&rsquo;ai d\u00e9duit que cette grotte a \u00e9t\u00e9 creus\u00e9e \u00e0 l&rsquo;\u00e9poque pr\u00e9historique. Le ravalement des parois des quatre salles a \u00e9t\u00e9 fait avec le plus grand soin ; les coups donn\u00e9s probablement avec la hache ou le percuteur sont tr\u00e8s r\u00e9guliers. Les couloirs sont bien perc\u00e9s et d&rsquo;un facile acc\u00e8s, bien d\u00e9fendables en cas, de surprise d&rsquo;un ennemi. Les entr\u00e9es et les trous d&rsquo;a\u00e9ration \u00e9taient tr\u00e8s bien dissimul\u00e9s, rien \u00e0 l&rsquo;ext\u00e9rieur ne d\u00e9non\u00e7ait l&rsquo;existence de ce grand travail souterrain.<\/p>\n\n\n\n<p>\u00ab Il me semble que ce furent les m\u00eames ouvriers qui creus\u00e8rent la&nbsp;grotte et qui construisirent la motte. Vu la faible distance qui les s\u00e9pare, la motte devait servir de camp retranch\u00e9 et la grotte de refuge ou d&rsquo;habitation \u00bb.<\/p>\n","protected":false},"excerpt":{"rendered":"<p>Monsieur Caunes, Instituteur de Payra au d\u00e9but du 20\u00e8me si\u00e8cle, a \u00e9crit, en 1913, un livret sur le village. Passionn\u00e9 d&rsquo;Histoire, M.Caunes y\u00a0d\u00e9crit les diff\u00e9rentes p\u00e9riodes\u00a0depuis les temps\u00a0pr\u00e9historiques \u00e0 la Premi\u00e8re Restauration. Il fit part de ses d\u00e9couvertes \u00e0 la Soci\u00e9t\u00e9 des Arts et des Sciences de Carcassonne\u00a0qui d\u00e9p\u00eacha un de ses membres. Mr Fages &hellip; <\/p>\n<p class=\"link-more\"><a href=\"https:\/\/payra-monvillage.fr\/index.php\/le-pech-donnadieu\/\" class=\"more-link\">Continuer la lecture<span class=\"screen-reader-text\"> de &laquo;&nbsp;Le Pech Donnadieu&nbsp;&raquo;<\/span><\/a><\/p>\n","protected":false},"author":1,"featured_media":0,"parent":0,"menu_order":0,"comment_status":"closed","ping_status":"closed","template":"","meta":{"footnotes":""},"class_list":["post-492","page","type-page","status-publish","hentry"],"_links":{"self":[{"href":"https:\/\/payra-monvillage.fr\/index.php\/wp-json\/wp\/v2\/pages\/492","targetHints":{"allow":["GET"]}}],"collection":[{"href":"https:\/\/payra-monvillage.fr\/index.php\/wp-json\/wp\/v2\/pages"}],"about":[{"href":"https:\/\/payra-monvillage.fr\/index.php\/wp-json\/wp\/v2\/types\/page"}],"author":[{"embeddable":true,"href":"https:\/\/payra-monvillage.fr\/index.php\/wp-json\/wp\/v2\/users\/1"}],"replies":[{"embeddable":true,"href":"https:\/\/payra-monvillage.fr\/index.php\/wp-json\/wp\/v2\/comments?post=492"}],"version-history":[{"count":1,"href":"https:\/\/payra-monvillage.fr\/index.php\/wp-json\/wp\/v2\/pages\/492\/revisions"}],"predecessor-version":[{"id":497,"href":"https:\/\/payra-monvillage.fr\/index.php\/wp-json\/wp\/v2\/pages\/492\/revisions\/497"}],"wp:attachment":[{"href":"https:\/\/payra-monvillage.fr\/index.php\/wp-json\/wp\/v2\/media?parent=492"}],"curies":[{"name":"wp","href":"https:\/\/api.w.org\/{rel}","templated":true}]}}