{"id":4761,"date":"2025-09-08T19:57:08","date_gmt":"2025-09-08T17:57:08","guid":{"rendered":"https:\/\/payra-monvillage.fr\/?page_id=4761"},"modified":"2025-09-08T19:57:08","modified_gmt":"2025-09-08T17:57:08","slug":"terre-climat","status":"publish","type":"page","link":"https:\/\/payra-monvillage.fr\/index.php\/terre-climat\/","title":{"rendered":"TERRE CLIMAT"},"content":{"rendered":"\n<figure class=\"wp-block-image size-large\"><img loading=\"lazy\" decoding=\"async\" width=\"1024\" height=\"768\" src=\"https:\/\/payra-monvillage.fr\/wp-content\/uploads\/2025\/09\/TERRE1-1024x768.jpg\" alt=\"\" class=\"wp-image-4762\" srcset=\"https:\/\/payra-monvillage.fr\/wp-content\/uploads\/2025\/09\/TERRE1-1024x768.jpg 1024w, https:\/\/payra-monvillage.fr\/wp-content\/uploads\/2025\/09\/TERRE1-300x225.jpg 300w, https:\/\/payra-monvillage.fr\/wp-content\/uploads\/2025\/09\/TERRE1-768x576.jpg 768w, https:\/\/payra-monvillage.fr\/wp-content\/uploads\/2025\/09\/TERRE1.jpg 1080w\" sizes=\"auto, (max-width: 767px) 89vw, (max-width: 1000px) 54vw, (max-width: 1071px) 543px, 580px\" \/><\/figure>\n\n\n\n<figure class=\"wp-block-image size-large\"><img loading=\"lazy\" decoding=\"async\" width=\"1024\" height=\"768\" src=\"https:\/\/payra-monvillage.fr\/wp-content\/uploads\/2025\/09\/TERRE-1024x768.jpg\" alt=\"\" class=\"wp-image-4763\" srcset=\"https:\/\/payra-monvillage.fr\/wp-content\/uploads\/2025\/09\/TERRE-1024x768.jpg 1024w, https:\/\/payra-monvillage.fr\/wp-content\/uploads\/2025\/09\/TERRE-300x225.jpg 300w, https:\/\/payra-monvillage.fr\/wp-content\/uploads\/2025\/09\/TERRE-768x576.jpg 768w, https:\/\/payra-monvillage.fr\/wp-content\/uploads\/2025\/09\/TERRE.jpg 1080w\" sizes=\"auto, (max-width: 767px) 89vw, (max-width: 1000px) 54vw, (max-width: 1071px) 543px, 580px\" \/><\/figure>\n\n\n\n<p>Apr\u00e8s la s\u00e8cheresse caniculaire qui a s\u00e9vi sur la France et sur l&rsquo;Aude en particulier la nature a repris des couleurs apr\u00e8s des orages sur nos terres.<\/p>\n\n\n\n<figure class=\"wp-block-image size-large\"><img loading=\"lazy\" decoding=\"async\" width=\"1024\" height=\"768\" src=\"https:\/\/payra-monvillage.fr\/wp-content\/uploads\/2025\/09\/TERRE-APRES-1024x768.jpg\" alt=\"\" class=\"wp-image-4764\" srcset=\"https:\/\/payra-monvillage.fr\/wp-content\/uploads\/2025\/09\/TERRE-APRES-1024x768.jpg 1024w, https:\/\/payra-monvillage.fr\/wp-content\/uploads\/2025\/09\/TERRE-APRES-300x225.jpg 300w, https:\/\/payra-monvillage.fr\/wp-content\/uploads\/2025\/09\/TERRE-APRES-768x576.jpg 768w, https:\/\/payra-monvillage.fr\/wp-content\/uploads\/2025\/09\/TERRE-APRES.jpg 1080w\" sizes=\"auto, (max-width: 767px) 89vw, (max-width: 1000px) 54vw, (max-width: 1071px) 543px, 580px\" \/><\/figure>\n\n\n\n<figure class=\"wp-block-image size-large\"><img loading=\"lazy\" decoding=\"async\" width=\"1024\" height=\"768\" src=\"https:\/\/payra-monvillage.fr\/wp-content\/uploads\/2025\/09\/TERRE-APRES1-1024x768.jpg\" alt=\"\" class=\"wp-image-4765\" srcset=\"https:\/\/payra-monvillage.fr\/wp-content\/uploads\/2025\/09\/TERRE-APRES1-1024x768.jpg 1024w, https:\/\/payra-monvillage.fr\/wp-content\/uploads\/2025\/09\/TERRE-APRES1-300x225.jpg 300w, https:\/\/payra-monvillage.fr\/wp-content\/uploads\/2025\/09\/TERRE-APRES1-768x576.jpg 768w, https:\/\/payra-monvillage.fr\/wp-content\/uploads\/2025\/09\/TERRE-APRES1.jpg 1080w\" sizes=\"auto, (max-width: 767px) 89vw, (max-width: 1000px) 54vw, (max-width: 1071px) 543px, 580px\" \/><\/figure>\n","protected":false},"excerpt":{"rendered":"<p>Apr\u00e8s la s\u00e8cheresse caniculaire qui a s\u00e9vi sur la France et sur l&rsquo;Aude en particulier la nature a repris des couleurs apr\u00e8s des orages sur nos terres.<\/p>\n","protected":false},"author":1,"featured_media":0,"parent":0,"menu_order":0,"comment_status":"closed","ping_status":"closed","template":"","meta":{"footnotes":""},"class_list":["post-4761","page","type-page","status-publish","hentry"],"_links":{"self":[{"href":"https:\/\/payra-monvillage.fr\/index.php\/wp-json\/wp\/v2\/pages\/4761","targetHints":{"allow":["GET"]}}],"collection":[{"href":"https:\/\/payra-monvillage.fr\/index.php\/wp-json\/wp\/v2\/pages"}],"about":[{"href":"https:\/\/payra-monvillage.fr\/index.php\/wp-json\/wp\/v2\/types\/page"}],"author":[{"embeddable":true,"href":"https:\/\/payra-monvillage.fr\/index.php\/wp-json\/wp\/v2\/users\/1"}],"replies":[{"embeddable":true,"href":"https:\/\/payra-monvillage.fr\/index.php\/wp-json\/wp\/v2\/comments?post=4761"}],"version-history":[{"count":1,"href":"https:\/\/payra-monvillage.fr\/index.php\/wp-json\/wp\/v2\/pages\/4761\/revisions"}],"predecessor-version":[{"id":4766,"href":"https:\/\/payra-monvillage.fr\/index.php\/wp-json\/wp\/v2\/pages\/4761\/revisions\/4766"}],"wp:attachment":[{"href":"https:\/\/payra-monvillage.fr\/index.php\/wp-json\/wp\/v2\/media?parent=4761"}],"curies":[{"name":"wp","href":"https:\/\/api.w.org\/{rel}","templated":true}]}}

<figure class="wp-block-image size-large"><img loading="lazy" decoding="async" width="1024" height="768" src="https://payra-monvillage.fr/wp-content/uploads/2025/09/TERRE1-1024x768.jpg" alt="" class="wp-image-4762" srcset="https://payra-monvillage.fr/wp-content/uploads/2025/09/TERRE1-1024x768.jpg 1024w, https://payra-monvillage.fr/wp-content/uploads/2025/09/TERRE1-300x225.jpg 300w, https://payra-monvillage.fr/wp-content/uploads/2025/09/TERRE1-768x576.jpg 768w, https://payra-monvillage.fr/wp-content/uploads/2025/09/TERRE1.jpg 1080w" sizes="auto, (max-width: 767px) 89vw, (max-width: 1000px) 54vw, (max-width: 1071px) 543px, 580px" /></figure>



<figure class="wp-block-image size-large"><img loading="lazy" decoding="async" width="1024" height="768" src="https://payra-monvillage.fr/wp-content/uploads/2025/09/TERRE-1024x768.jpg" alt="" class="wp-image-4763" srcset="https://payra-monvillage.fr/wp-content/uploads/2025/09/TERRE-1024x768.jpg 1024w, https://payra-monvillage.fr/wp-content/uploads/2025/09/TERRE-300x225.jpg 300w, https://payra-monvillage.fr/wp-content/uploads/2025/09/TERRE-768x576.jpg 768w, https://payra-monvillage.fr/wp-content/uploads/2025/09/TERRE.jpg 1080w" sizes="auto, (max-width: 767px) 89vw, (max-width: 1000px) 54vw, (max-width: 1071px) 543px, 580px" /></figure>



<p>Après la sècheresse caniculaire qui a sévi sur la France et sur l&rsquo;Aude en particulier la nature a repris des couleurs après des orages sur nos terres.</p>



<figure class="wp-block-image size-large"><img loading="lazy" decoding="async" width="1024" height="768" src="https://payra-monvillage.fr/wp-content/uploads/2025/09/TERRE-APRES-1024x768.jpg" alt="" class="wp-image-4764" srcset="https://payra-monvillage.fr/wp-content/uploads/2025/09/TERRE-APRES-1024x768.jpg 1024w, https://payra-monvillage.fr/wp-content/uploads/2025/09/TERRE-APRES-300x225.jpg 300w, https://payra-monvillage.fr/wp-content/uploads/2025/09/TERRE-APRES-768x576.jpg 768w, https://payra-monvillage.fr/wp-content/uploads/2025/09/TERRE-APRES.jpg 1080w" sizes="auto, (max-width: 767px) 89vw, (max-width: 1000px) 54vw, (max-width: 1071px) 543px, 580px" /></figure>



<figure class="wp-block-image size-large"><img loading="lazy" decoding="async" width="1024" height="768" src="https://payra-monvillage.fr/wp-content/uploads/2025/09/TERRE-APRES1-1024x768.jpg" alt="" class="wp-image-4765" srcset="https://payra-monvillage.fr/wp-content/uploads/2025/09/TERRE-APRES1-1024x768.jpg 1024w, https://payra-monvillage.fr/wp-content/uploads/2025/09/TERRE-APRES1-300x225.jpg 300w, https://payra-monvillage.fr/wp-content/uploads/2025/09/TERRE-APRES1-768x576.jpg 768w, https://payra-monvillage.fr/wp-content/uploads/2025/09/TERRE-APRES1.jpg 1080w" sizes="auto, (max-width: 767px) 89vw, (max-width: 1000px) 54vw, (max-width: 1071px) 543px, 580px" /></figure>

<p>Après la sècheresse caniculaire qui a sévi sur la France et sur l&rsquo;Aude en particulier la nature a repris des couleurs après des orages sur nos terres.</p>
