{"id":4484,"date":"2025-06-10T09:30:36","date_gmt":"2025-06-10T07:30:36","guid":{"rendered":"https:\/\/payra-monvillage.fr\/?page_id=4484"},"modified":"2025-06-10T09:30:36","modified_gmt":"2025-06-10T07:30:36","slug":"repas-de-lete-2025-7-juin-2025","status":"publish","type":"page","link":"https:\/\/payra-monvillage.fr\/index.php\/repas-de-lete-2025-7-juin-2025\/","title":{"rendered":"REPAS DE L&rsquo;ETE 2025 7 JUIN 2025"},"content":{"rendered":"\n<figure class=\"wp-block-image size-large\"><img loading=\"lazy\" decoding=\"async\" width=\"1024\" height=\"768\" src=\"https:\/\/payra-monvillage.fr\/wp-content\/uploads\/2025\/06\/REPAS-DE-LETE-1024x768.jpg\" alt=\"\" class=\"wp-image-4485\" srcset=\"https:\/\/payra-monvillage.fr\/wp-content\/uploads\/2025\/06\/REPAS-DE-LETE-1024x768.jpg 1024w, https:\/\/payra-monvillage.fr\/wp-content\/uploads\/2025\/06\/REPAS-DE-LETE-300x225.jpg 300w, https:\/\/payra-monvillage.fr\/wp-content\/uploads\/2025\/06\/REPAS-DE-LETE-768x576.jpg 768w, https:\/\/payra-monvillage.fr\/wp-content\/uploads\/2025\/06\/REPAS-DE-LETE.jpg 1200w\" sizes=\"auto, (max-width: 767px) 89vw, (max-width: 1000px) 54vw, (max-width: 1071px) 543px, 580px\" \/><\/figure>\n\n\n\n<p>Comme toujours un repas de l&rsquo;\u00e9t\u00e9  r\u00e9ussi avec le plaisir de retrouver les participants venus nombreux.<\/p>\n\n\n\n<figure class=\"wp-block-image size-large\"><img loading=\"lazy\" decoding=\"async\" width=\"1024\" height=\"768\" src=\"https:\/\/payra-monvillage.fr\/wp-content\/uploads\/2025\/06\/REPAS-DE-LETE1-1024x768.jpg\" alt=\"\" class=\"wp-image-4486\" srcset=\"https:\/\/payra-monvillage.fr\/wp-content\/uploads\/2025\/06\/REPAS-DE-LETE1-1024x768.jpg 1024w, https:\/\/payra-monvillage.fr\/wp-content\/uploads\/2025\/06\/REPAS-DE-LETE1-300x225.jpg 300w, https:\/\/payra-monvillage.fr\/wp-content\/uploads\/2025\/06\/REPAS-DE-LETE1-768x576.jpg 768w, https:\/\/payra-monvillage.fr\/wp-content\/uploads\/2025\/06\/REPAS-DE-LETE1.jpg 1200w\" sizes=\"auto, (max-width: 767px) 89vw, (max-width: 1000px) 54vw, (max-width: 1071px) 543px, 580px\" \/><\/figure>\n\n\n\n<p>A u menu salade compos\u00e9e, poulet Basquaise , fromage, dessert glace sur un lit de fruits au sirop, vin, caf\u00e9, blanquette et digestif<\/p>\n\n\n\n<figure class=\"wp-block-image size-large\"><img loading=\"lazy\" decoding=\"async\" width=\"1024\" height=\"768\" src=\"https:\/\/payra-monvillage.fr\/wp-content\/uploads\/2025\/06\/REPAS-DE-LETE2-1024x768.jpg\" alt=\"\" class=\"wp-image-4487\" srcset=\"https:\/\/payra-monvillage.fr\/wp-content\/uploads\/2025\/06\/REPAS-DE-LETE2-1024x768.jpg 1024w, https:\/\/payra-monvillage.fr\/wp-content\/uploads\/2025\/06\/REPAS-DE-LETE2-300x225.jpg 300w, https:\/\/payra-monvillage.fr\/wp-content\/uploads\/2025\/06\/REPAS-DE-LETE2-768x576.jpg 768w, https:\/\/payra-monvillage.fr\/wp-content\/uploads\/2025\/06\/REPAS-DE-LETE2.jpg 1200w\" sizes=\"auto, (max-width: 767px) 89vw, (max-width: 1000px) 54vw, (max-width: 1071px) 543px, 580px\" \/><\/figure>\n\n\n\n<p>Et pour terminer un moment de karaok\u00e9 avec notre ami Arnaud chansons reprises en choeur par les convives<\/p>\n\n\n\n<figure class=\"wp-block-image size-large\"><img loading=\"lazy\" decoding=\"async\" width=\"1024\" height=\"768\" src=\"https:\/\/payra-monvillage.fr\/wp-content\/uploads\/2025\/06\/REPAS-DE-LETE6-1024x768.jpg\" alt=\"\" class=\"wp-image-4488\" srcset=\"https:\/\/payra-monvillage.fr\/wp-content\/uploads\/2025\/06\/REPAS-DE-LETE6-1024x768.jpg 1024w, https:\/\/payra-monvillage.fr\/wp-content\/uploads\/2025\/06\/REPAS-DE-LETE6-300x225.jpg 300w, https:\/\/payra-monvillage.fr\/wp-content\/uploads\/2025\/06\/REPAS-DE-LETE6-768x576.jpg 768w, https:\/\/payra-monvillage.fr\/wp-content\/uploads\/2025\/06\/REPAS-DE-LETE6.jpg 1200w\" sizes=\"auto, (max-width: 767px) 89vw, (max-width: 1000px) 54vw, (max-width: 1071px) 543px, 580px\" \/><\/figure>\n","protected":false},"excerpt":{"rendered":"<p>Comme toujours un repas de l&rsquo;\u00e9t\u00e9 r\u00e9ussi avec le plaisir de retrouver les participants venus nombreux. A u menu salade compos\u00e9e, poulet Basquaise , fromage, dessert glace sur un lit de fruits au sirop, vin, caf\u00e9, blanquette et digestif Et pour terminer un moment de karaok\u00e9 avec notre ami Arnaud chansons reprises en choeur par &hellip; <\/p>\n<p class=\"link-more\"><a href=\"https:\/\/payra-monvillage.fr\/index.php\/repas-de-lete-2025-7-juin-2025\/\" class=\"more-link\">Continuer la lecture<span class=\"screen-reader-text\"> de &laquo;&nbsp;REPAS DE L&rsquo;ETE 2025 7 JUIN 2025&nbsp;&raquo;<\/span><\/a><\/p>\n","protected":false},"author":1,"featured_media":0,"parent":0,"menu_order":0,"comment_status":"closed","ping_status":"closed","template":"","meta":{"footnotes":""},"class_list":["post-4484","page","type-page","status-publish","hentry"],"_links":{"self":[{"href":"https:\/\/payra-monvillage.fr\/index.php\/wp-json\/wp\/v2\/pages\/4484","targetHints":{"allow":["GET"]}}],"collection":[{"href":"https:\/\/payra-monvillage.fr\/index.php\/wp-json\/wp\/v2\/pages"}],"about":[{"href":"https:\/\/payra-monvillage.fr\/index.php\/wp-json\/wp\/v2\/types\/page"}],"author":[{"embeddable":true,"href":"https:\/\/payra-monvillage.fr\/index.php\/wp-json\/wp\/v2\/users\/1"}],"replies":[{"embeddable":true,"href":"https:\/\/payra-monvillage.fr\/index.php\/wp-json\/wp\/v2\/comments?post=4484"}],"version-history":[{"count":1,"href":"https:\/\/payra-monvillage.fr\/index.php\/wp-json\/wp\/v2\/pages\/4484\/revisions"}],"predecessor-version":[{"id":4489,"href":"https:\/\/payra-monvillage.fr\/index.php\/wp-json\/wp\/v2\/pages\/4484\/revisions\/4489"}],"wp:attachment":[{"href":"https:\/\/payra-monvillage.fr\/index.php\/wp-json\/wp\/v2\/media?parent=4484"}],"curies":[{"name":"wp","href":"https:\/\/api.w.org\/{rel}","templated":true}]}}

<figure class="wp-block-image size-large"><img loading="lazy" decoding="async" width="1024" height="768" src="https://payra-monvillage.fr/wp-content/uploads/2025/06/REPAS-DE-LETE-1024x768.jpg" alt="" class="wp-image-4485" srcset="https://payra-monvillage.fr/wp-content/uploads/2025/06/REPAS-DE-LETE-1024x768.jpg 1024w, https://payra-monvillage.fr/wp-content/uploads/2025/06/REPAS-DE-LETE-300x225.jpg 300w, https://payra-monvillage.fr/wp-content/uploads/2025/06/REPAS-DE-LETE-768x576.jpg 768w, https://payra-monvillage.fr/wp-content/uploads/2025/06/REPAS-DE-LETE.jpg 1200w" sizes="auto, (max-width: 767px) 89vw, (max-width: 1000px) 54vw, (max-width: 1071px) 543px, 580px" /></figure>



<p>Comme toujours un repas de l&rsquo;été  réussi avec le plaisir de retrouver les participants venus nombreux.</p>



<figure class="wp-block-image size-large"><img loading="lazy" decoding="async" width="1024" height="768" src="https://payra-monvillage.fr/wp-content/uploads/2025/06/REPAS-DE-LETE1-1024x768.jpg" alt="" class="wp-image-4486" srcset="https://payra-monvillage.fr/wp-content/uploads/2025/06/REPAS-DE-LETE1-1024x768.jpg 1024w, https://payra-monvillage.fr/wp-content/uploads/2025/06/REPAS-DE-LETE1-300x225.jpg 300w, https://payra-monvillage.fr/wp-content/uploads/2025/06/REPAS-DE-LETE1-768x576.jpg 768w, https://payra-monvillage.fr/wp-content/uploads/2025/06/REPAS-DE-LETE1.jpg 1200w" sizes="auto, (max-width: 767px) 89vw, (max-width: 1000px) 54vw, (max-width: 1071px) 543px, 580px" /></figure>



<p>A u menu salade composée, poulet Basquaise , fromage, dessert glace sur un lit de fruits au sirop, vin, café, blanquette et digestif</p>



<figure class="wp-block-image size-large"><img loading="lazy" decoding="async" width="1024" height="768" src="https://payra-monvillage.fr/wp-content/uploads/2025/06/REPAS-DE-LETE2-1024x768.jpg" alt="" class="wp-image-4487" srcset="https://payra-monvillage.fr/wp-content/uploads/2025/06/REPAS-DE-LETE2-1024x768.jpg 1024w, https://payra-monvillage.fr/wp-content/uploads/2025/06/REPAS-DE-LETE2-300x225.jpg 300w, https://payra-monvillage.fr/wp-content/uploads/2025/06/REPAS-DE-LETE2-768x576.jpg 768w, https://payra-monvillage.fr/wp-content/uploads/2025/06/REPAS-DE-LETE2.jpg 1200w" sizes="auto, (max-width: 767px) 89vw, (max-width: 1000px) 54vw, (max-width: 1071px) 543px, 580px" /></figure>



<p>Et pour terminer un moment de karaoké avec notre ami Arnaud chansons reprises en choeur par les convives</p>



<figure class="wp-block-image size-large"><img loading="lazy" decoding="async" width="1024" height="768" src="https://payra-monvillage.fr/wp-content/uploads/2025/06/REPAS-DE-LETE6-1024x768.jpg" alt="" class="wp-image-4488" srcset="https://payra-monvillage.fr/wp-content/uploads/2025/06/REPAS-DE-LETE6-1024x768.jpg 1024w, https://payra-monvillage.fr/wp-content/uploads/2025/06/REPAS-DE-LETE6-300x225.jpg 300w, https://payra-monvillage.fr/wp-content/uploads/2025/06/REPAS-DE-LETE6-768x576.jpg 768w, https://payra-monvillage.fr/wp-content/uploads/2025/06/REPAS-DE-LETE6.jpg 1200w" sizes="auto, (max-width: 767px) 89vw, (max-width: 1000px) 54vw, (max-width: 1071px) 543px, 580px" /></figure>

<p>Comme toujours un repas de l&rsquo;été réussi avec le plaisir de retrouver les participants venus nombreux. A u menu salade composée, poulet Basquaise , fromage, dessert glace sur un lit de fruits au sirop, vin, café, blanquette et digestif Et pour terminer un moment de karaoké avec notre ami Arnaud chansons reprises en choeur par &hellip; </p>
<p class="link-more"><a href="https://payra-monvillage.fr/index.php/repas-de-lete-2025-7-juin-2025/" class="more-link">Continuer la lecture<span class="screen-reader-text"> de &laquo;&nbsp;REPAS DE L&rsquo;ETE 2025 7 JUIN 2025&nbsp;&raquo;</span></a></p>
