{"id":4009,"date":"2024-10-23T18:35:49","date_gmt":"2024-10-23T16:35:49","guid":{"rendered":"https:\/\/payra-monvillage.fr\/?page_id=4009"},"modified":"2024-10-23T18:38:02","modified_gmt":"2024-10-23T16:38:02","slug":"4009-2","status":"publish","type":"page","link":"https:\/\/payra-monvillage.fr\/index.php\/4009-2\/","title":{"rendered":"CLUB DES 4 SAISONS 11410 PAYRA sur l&rsquo;HERS"},"content":{"rendered":"\n<p><br><br><br>Chers Adh\u00e9rents<br>Nous vous invitons \u00e0 venir participer \u00e0 notre repas d&rsquo;automne , qui aura lieu le Samedi 16<br>Novembre \u00e0 partir de 12h30 dans la salle des f\u00eates de PAYRA .<br>Notre traiteur J\u00e9r\u00e9my Servat nous propose au menu :<br>Ap\u00e9ritif de bienvenue<br>\u00a7\u00a7\u00a7\u00a7<br>Assortiments de charcuterie<br>\u00a7\u00a7\u00a7\u00a7\u00a7\u00a7<br>Carbonade Flamande , \u00e9cras\u00e9 de pomme de terre<br>\u00a7\u00a7\u00a7\u00a7\u00a7\u00a7<br>Plateau de 4 Fromages<br>\u00a7\u00a7\u00a7\u00a7\u00a7\u00a7<br>Croustade aux pommes<br>\u00a7\u00a7\u00a7\u00a7<br>Vins , Blanquette , Caf\u00e9<br>Prix 25 \u20ac pour les adh\u00e9rents et 30 \u20ac pour les non adh\u00e9rents<br>Animation Pyr\u00e9n\u00e9es Musette<br>Paiement \u00e0 l&rsquo;inscription avant le 6 Novembre : 04 68 60 30 33 \u2013 07 84 54 26 31<br>En esp\u00e9rant vous retrouver nombreux !<br>Bien Amicalement<br>La Pr\u00e9sidente<br>Lucienne Defendini<\/p>\n","protected":false},"excerpt":{"rendered":"<p>Chers Adh\u00e9rentsNous vous invitons \u00e0 venir participer \u00e0 notre repas d&rsquo;automne , qui aura lieu le Samedi 16Novembre \u00e0 partir de 12h30 dans la salle des f\u00eates de PAYRA .Notre traiteur J\u00e9r\u00e9my Servat nous propose au menu :Ap\u00e9ritif de bienvenue\u00a7\u00a7\u00a7\u00a7Assortiments de charcuterie\u00a7\u00a7\u00a7\u00a7\u00a7\u00a7Carbonade Flamande , \u00e9cras\u00e9 de pomme de terre\u00a7\u00a7\u00a7\u00a7\u00a7\u00a7Plateau de 4 Fromages\u00a7\u00a7\u00a7\u00a7\u00a7\u00a7Croustade aux pommes\u00a7\u00a7\u00a7\u00a7Vins , &hellip; <\/p>\n<p class=\"link-more\"><a href=\"https:\/\/payra-monvillage.fr\/index.php\/4009-2\/\" class=\"more-link\">Continuer la lecture<span class=\"screen-reader-text\"> de &laquo;&nbsp;CLUB DES 4 SAISONS 11410 PAYRA sur l&rsquo;HERS&nbsp;&raquo;<\/span><\/a><\/p>\n","protected":false},"author":1,"featured_media":0,"parent":0,"menu_order":0,"comment_status":"closed","ping_status":"closed","template":"","meta":{"footnotes":""},"class_list":["post-4009","page","type-page","status-publish","hentry"],"_links":{"self":[{"href":"https:\/\/payra-monvillage.fr\/index.php\/wp-json\/wp\/v2\/pages\/4009","targetHints":{"allow":["GET"]}}],"collection":[{"href":"https:\/\/payra-monvillage.fr\/index.php\/wp-json\/wp\/v2\/pages"}],"about":[{"href":"https:\/\/payra-monvillage.fr\/index.php\/wp-json\/wp\/v2\/types\/page"}],"author":[{"embeddable":true,"href":"https:\/\/payra-monvillage.fr\/index.php\/wp-json\/wp\/v2\/users\/1"}],"replies":[{"embeddable":true,"href":"https:\/\/payra-monvillage.fr\/index.php\/wp-json\/wp\/v2\/comments?post=4009"}],"version-history":[{"count":3,"href":"https:\/\/payra-monvillage.fr\/index.php\/wp-json\/wp\/v2\/pages\/4009\/revisions"}],"predecessor-version":[{"id":4012,"href":"https:\/\/payra-monvillage.fr\/index.php\/wp-json\/wp\/v2\/pages\/4009\/revisions\/4012"}],"wp:attachment":[{"href":"https:\/\/payra-monvillage.fr\/index.php\/wp-json\/wp\/v2\/media?parent=4009"}],"curies":[{"name":"wp","href":"https:\/\/api.w.org\/{rel}","templated":true}]}}

<p><br><br><br>Chers Adhérents<br>Nous vous invitons à venir participer à notre repas d&rsquo;automne , qui aura lieu le Samedi 16<br>Novembre à partir de 12h30 dans la salle des fêtes de PAYRA .<br>Notre traiteur Jérémy Servat nous propose au menu :<br>Apéritif de bienvenue<br>§§§§<br>Assortiments de charcuterie<br>§§§§§§<br>Carbonade Flamande , écrasé de pomme de terre<br>§§§§§§<br>Plateau de 4 Fromages<br>§§§§§§<br>Croustade aux pommes<br>§§§§<br>Vins , Blanquette , Café<br>Prix 25 € pour les adhérents et 30 € pour les non adhérents<br>Animation Pyrénées Musette<br>Paiement à l&rsquo;inscription avant le 6 Novembre : 04 68 60 30 33 – 07 84 54 26 31<br>En espérant vous retrouver nombreux !<br>Bien Amicalement<br>La Présidente<br>Lucienne Defendini</p>

<p>Chers AdhérentsNous vous invitons à venir participer à notre repas d&rsquo;automne , qui aura lieu le Samedi 16Novembre à partir de 12h30 dans la salle des fêtes de PAYRA .Notre traiteur Jérémy Servat nous propose au menu :Apéritif de bienvenue§§§§Assortiments de charcuterie§§§§§§Carbonade Flamande , écrasé de pomme de terre§§§§§§Plateau de 4 Fromages§§§§§§Croustade aux pommes§§§§Vins , &hellip; </p>
<p class="link-more"><a href="https://payra-monvillage.fr/index.php/4009-2/" class="more-link">Continuer la lecture<span class="screen-reader-text"> de &laquo;&nbsp;CLUB DES 4 SAISONS 11410 PAYRA sur l&rsquo;HERS&nbsp;&raquo;</span></a></p>
