{"id":3985,"date":"2024-10-15T19:21:38","date_gmt":"2024-10-15T17:21:38","guid":{"rendered":"https:\/\/payra-monvillage.fr\/?page_id=3985"},"modified":"2024-10-15T19:21:38","modified_gmt":"2024-10-15T17:21:38","slug":"drole-de-nid-de-guepes-maconnes","status":"publish","type":"page","link":"https:\/\/payra-monvillage.fr\/index.php\/drole-de-nid-de-guepes-maconnes\/","title":{"rendered":"Dr\u00f4le de nid de gu\u00eapes ma\u00e7onnes"},"content":{"rendered":"\n<figure class=\"wp-block-gallery has-nested-images columns-default is-cropped wp-block-gallery-1 is-layout-flex wp-block-gallery-is-layout-flex\">\n<figure class=\"wp-block-image size-large\"><img loading=\"lazy\" decoding=\"async\" width=\"1000\" height=\"750\" data-id=\"3986\" src=\"https:\/\/payra-monvillage.fr\/wp-content\/uploads\/2024\/10\/abeille1.jpg\" alt=\"\" class=\"wp-image-3986\" srcset=\"https:\/\/payra-monvillage.fr\/wp-content\/uploads\/2024\/10\/abeille1.jpg 1000w, https:\/\/payra-monvillage.fr\/wp-content\/uploads\/2024\/10\/abeille1-300x225.jpg 300w, https:\/\/payra-monvillage.fr\/wp-content\/uploads\/2024\/10\/abeille1-768x576.jpg 768w\" sizes=\"auto, (max-width: 767px) 89vw, (max-width: 1000px) 54vw, (max-width: 1071px) 543px, 580px\" \/><\/figure>\n<\/figure>\n\n\n\n<p>De petites gu\u00eapes dites ma\u00e7onnes ce sont install\u00e9es dans un trou de mur et petit \u00e0 petit  ont cr\u00e9\u00e9 ce nid aux formes peu habituelles, plus petites que des abeilles ne sont pas en th\u00e9orie dangereuses si on ne les d\u00e9range pas.<\/p>\n\n\n\n<figure class=\"wp-block-image size-full\"><img loading=\"lazy\" decoding=\"async\" width=\"1000\" height=\"750\" src=\"https:\/\/payra-monvillage.fr\/wp-content\/uploads\/2024\/10\/abeille2.jpg\" alt=\"\" class=\"wp-image-3987\" srcset=\"https:\/\/payra-monvillage.fr\/wp-content\/uploads\/2024\/10\/abeille2.jpg 1000w, https:\/\/payra-monvillage.fr\/wp-content\/uploads\/2024\/10\/abeille2-300x225.jpg 300w, https:\/\/payra-monvillage.fr\/wp-content\/uploads\/2024\/10\/abeille2-768x576.jpg 768w\" sizes=\"auto, (max-width: 767px) 89vw, (max-width: 1000px) 54vw, (max-width: 1071px) 543px, 580px\" \/><\/figure>\n","protected":false},"excerpt":{"rendered":"<p>De petites gu\u00eapes dites ma\u00e7onnes ce sont install\u00e9es dans un trou de mur et petit \u00e0 petit ont cr\u00e9\u00e9 ce nid aux formes peu habituelles, plus petites que des abeilles ne sont pas en th\u00e9orie dangereuses si on ne les d\u00e9range pas.<\/p>\n","protected":false},"author":1,"featured_media":0,"parent":0,"menu_order":0,"comment_status":"closed","ping_status":"closed","template":"","meta":{"footnotes":""},"class_list":["post-3985","page","type-page","status-publish","hentry"],"_links":{"self":[{"href":"https:\/\/payra-monvillage.fr\/index.php\/wp-json\/wp\/v2\/pages\/3985","targetHints":{"allow":["GET"]}}],"collection":[{"href":"https:\/\/payra-monvillage.fr\/index.php\/wp-json\/wp\/v2\/pages"}],"about":[{"href":"https:\/\/payra-monvillage.fr\/index.php\/wp-json\/wp\/v2\/types\/page"}],"author":[{"embeddable":true,"href":"https:\/\/payra-monvillage.fr\/index.php\/wp-json\/wp\/v2\/users\/1"}],"replies":[{"embeddable":true,"href":"https:\/\/payra-monvillage.fr\/index.php\/wp-json\/wp\/v2\/comments?post=3985"}],"version-history":[{"count":1,"href":"https:\/\/payra-monvillage.fr\/index.php\/wp-json\/wp\/v2\/pages\/3985\/revisions"}],"predecessor-version":[{"id":3988,"href":"https:\/\/payra-monvillage.fr\/index.php\/wp-json\/wp\/v2\/pages\/3985\/revisions\/3988"}],"wp:attachment":[{"href":"https:\/\/payra-monvillage.fr\/index.php\/wp-json\/wp\/v2\/media?parent=3985"}],"curies":[{"name":"wp","href":"https:\/\/api.w.org\/{rel}","templated":true}]}}