{"id":3960,"date":"2024-09-21T12:33:20","date_gmt":"2024-09-21T10:33:20","guid":{"rendered":"https:\/\/payra-monvillage.fr\/?page_id=3960"},"modified":"2024-09-21T12:33:20","modified_gmt":"2024-09-21T10:33:20","slug":"rue-de-la-mare","status":"publish","type":"page","link":"https:\/\/payra-monvillage.fr\/index.php\/rue-de-la-mare\/","title":{"rendered":"Rue de la Mare"},"content":{"rendered":"\n<figure class=\"wp-block-image size-full\"><img loading=\"lazy\" decoding=\"async\" width=\"750\" height=\"1000\" src=\"https:\/\/payra-monvillage.fr\/wp-content\/uploads\/2024\/09\/thierry2.jpg\" alt=\"\" class=\"wp-image-3962\" srcset=\"https:\/\/payra-monvillage.fr\/wp-content\/uploads\/2024\/09\/thierry2.jpg 750w, https:\/\/payra-monvillage.fr\/wp-content\/uploads\/2024\/09\/thierry2-225x300.jpg 225w\" sizes=\"auto, (max-width: 706px) 89vw, (max-width: 767px) 82vw, 740px\" \/><\/figure>\n\n\n\n<p> Des poids lourds empruntent parfois cette rue \u00e9troite et sont bloqu\u00e9s au premier virage. Certains se fient au GPS qui leur indique cette voie et doivent effectuer des man\u0153uvres pour redescendre.  Dans sa tr\u00e8s grande sagesse le conseil municipal a indiqu\u00e9 la largeur tol\u00e9r\u00e9e de ces engins cependant un sens unique paraitrait une meilleure solution.<\/p>\n\n\n\n<figure class=\"wp-block-image size-full\"><img loading=\"lazy\" decoding=\"async\" width=\"750\" height=\"1000\" src=\"https:\/\/payra-monvillage.fr\/wp-content\/uploads\/2024\/09\/thierry1.jpg\" alt=\"\" class=\"wp-image-3961\" srcset=\"https:\/\/payra-monvillage.fr\/wp-content\/uploads\/2024\/09\/thierry1.jpg 750w, https:\/\/payra-monvillage.fr\/wp-content\/uploads\/2024\/09\/thierry1-225x300.jpg 225w\" sizes=\"auto, (max-width: 706px) 89vw, (max-width: 767px) 82vw, 740px\" \/><\/figure>\n\n\n\n<figure class=\"wp-block-image size-full\"><img loading=\"lazy\" decoding=\"async\" width=\"1000\" height=\"750\" src=\"https:\/\/payra-monvillage.fr\/wp-content\/uploads\/2024\/09\/thierry3.jpg\" alt=\"\" class=\"wp-image-3963\" srcset=\"https:\/\/payra-monvillage.fr\/wp-content\/uploads\/2024\/09\/thierry3.jpg 1000w, https:\/\/payra-monvillage.fr\/wp-content\/uploads\/2024\/09\/thierry3-300x225.jpg 300w, https:\/\/payra-monvillage.fr\/wp-content\/uploads\/2024\/09\/thierry3-768x576.jpg 768w\" sizes=\"auto, (max-width: 767px) 89vw, (max-width: 1000px) 54vw, (max-width: 1071px) 543px, 580px\" \/><\/figure>\n","protected":false},"excerpt":{"rendered":"<p>Des poids lourds empruntent parfois cette rue \u00e9troite et sont bloqu\u00e9s au premier virage. Certains se fient au GPS qui leur indique cette voie et doivent effectuer des man\u0153uvres pour redescendre. Dans sa tr\u00e8s grande sagesse le conseil municipal a indiqu\u00e9 la largeur tol\u00e9r\u00e9e de ces engins cependant un sens unique paraitrait une meilleure solution.<\/p>\n","protected":false},"author":1,"featured_media":0,"parent":0,"menu_order":0,"comment_status":"closed","ping_status":"closed","template":"","meta":{"footnotes":""},"class_list":["post-3960","page","type-page","status-publish","hentry"],"_links":{"self":[{"href":"https:\/\/payra-monvillage.fr\/index.php\/wp-json\/wp\/v2\/pages\/3960","targetHints":{"allow":["GET"]}}],"collection":[{"href":"https:\/\/payra-monvillage.fr\/index.php\/wp-json\/wp\/v2\/pages"}],"about":[{"href":"https:\/\/payra-monvillage.fr\/index.php\/wp-json\/wp\/v2\/types\/page"}],"author":[{"embeddable":true,"href":"https:\/\/payra-monvillage.fr\/index.php\/wp-json\/wp\/v2\/users\/1"}],"replies":[{"embeddable":true,"href":"https:\/\/payra-monvillage.fr\/index.php\/wp-json\/wp\/v2\/comments?post=3960"}],"version-history":[{"count":1,"href":"https:\/\/payra-monvillage.fr\/index.php\/wp-json\/wp\/v2\/pages\/3960\/revisions"}],"predecessor-version":[{"id":3964,"href":"https:\/\/payra-monvillage.fr\/index.php\/wp-json\/wp\/v2\/pages\/3960\/revisions\/3964"}],"wp:attachment":[{"href":"https:\/\/payra-monvillage.fr\/index.php\/wp-json\/wp\/v2\/media?parent=3960"}],"curies":[{"name":"wp","href":"https:\/\/api.w.org\/{rel}","templated":true}]}}