{"id":3870,"date":"2024-08-18T20:28:29","date_gmt":"2024-08-18T18:28:29","guid":{"rendered":"https:\/\/payra-monvillage.fr\/?page_id=3870"},"modified":"2024-08-19T07:50:36","modified_gmt":"2024-08-19T05:50:36","slug":"le-16-aout-2024-a-payra","status":"publish","type":"page","link":"https:\/\/payra-monvillage.fr\/index.php\/le-16-aout-2024-a-payra\/","title":{"rendered":"Le 16 Ao\u00fbt 2024 \u00e0 Payra"},"content":{"rendered":"\n<p>Apr\u00e8s une petite randonn\u00e9e organis\u00e9e par l&rsquo;Association \u00ab\u00a0les chemins retrouv\u00e9s\u00a0\u00bbune soixantaine de personnes vont se retrouver et partager un repas dans le parc et d\u00e9guster divers plats et saucisse grill\u00e9e. Une fort agr\u00e9able soir\u00e9e.<\/p>\n\n\n\n<figure class=\"wp-block-gallery has-nested-images columns-default is-cropped wp-block-gallery-1 is-layout-flex wp-block-gallery-is-layout-flex\">\n<figure class=\"wp-block-image size-large\"><img loading=\"lazy\" decoding=\"async\" width=\"1000\" height=\"750\" data-id=\"3871\" src=\"https:\/\/payra-monvillage.fr\/wp-content\/uploads\/2024\/08\/a.jpg\" alt=\"\" class=\"wp-image-3871\" srcset=\"https:\/\/payra-monvillage.fr\/wp-content\/uploads\/2024\/08\/a.jpg 1000w, https:\/\/payra-monvillage.fr\/wp-content\/uploads\/2024\/08\/a-300x225.jpg 300w, https:\/\/payra-monvillage.fr\/wp-content\/uploads\/2024\/08\/a-768x576.jpg 768w\" sizes=\"auto, (max-width: 767px) 89vw, (max-width: 1000px) 54vw, (max-width: 1071px) 543px, 580px\" \/><\/figure>\n\n\n\n<figure class=\"wp-block-image size-large\"><img loading=\"lazy\" decoding=\"async\" width=\"1000\" height=\"750\" data-id=\"3872\" src=\"https:\/\/payra-monvillage.fr\/wp-content\/uploads\/2024\/08\/b.jpg\" alt=\"\" class=\"wp-image-3872\" srcset=\"https:\/\/payra-monvillage.fr\/wp-content\/uploads\/2024\/08\/b.jpg 1000w, https:\/\/payra-monvillage.fr\/wp-content\/uploads\/2024\/08\/b-300x225.jpg 300w, https:\/\/payra-monvillage.fr\/wp-content\/uploads\/2024\/08\/b-768x576.jpg 768w\" sizes=\"auto, (max-width: 767px) 89vw, (max-width: 1000px) 54vw, (max-width: 1071px) 543px, 580px\" \/><\/figure>\n\n\n\n<figure class=\"wp-block-image size-large\"><img loading=\"lazy\" decoding=\"async\" width=\"1000\" height=\"750\" data-id=\"3873\" src=\"https:\/\/payra-monvillage.fr\/wp-content\/uploads\/2024\/08\/c.jpg\" alt=\"\" class=\"wp-image-3873\" srcset=\"https:\/\/payra-monvillage.fr\/wp-content\/uploads\/2024\/08\/c.jpg 1000w, https:\/\/payra-monvillage.fr\/wp-content\/uploads\/2024\/08\/c-300x225.jpg 300w, https:\/\/payra-monvillage.fr\/wp-content\/uploads\/2024\/08\/c-768x576.jpg 768w\" sizes=\"auto, (max-width: 767px) 89vw, (max-width: 1000px) 54vw, (max-width: 1071px) 543px, 580px\" \/><\/figure>\n<\/figure>\n\n\n\n<figure class=\"wp-block-gallery has-nested-images columns-default is-cropped wp-block-gallery-2 is-layout-flex wp-block-gallery-is-layout-flex\">\n<figure class=\"wp-block-image size-large\"><img loading=\"lazy\" decoding=\"async\" width=\"1000\" height=\"750\" data-id=\"3874\" src=\"https:\/\/payra-monvillage.fr\/wp-content\/uploads\/2024\/08\/d.jpg\" alt=\"\" class=\"wp-image-3874\" srcset=\"https:\/\/payra-monvillage.fr\/wp-content\/uploads\/2024\/08\/d.jpg 1000w, https:\/\/payra-monvillage.fr\/wp-content\/uploads\/2024\/08\/d-300x225.jpg 300w, https:\/\/payra-monvillage.fr\/wp-content\/uploads\/2024\/08\/d-768x576.jpg 768w\" sizes=\"auto, (max-width: 767px) 89vw, (max-width: 1000px) 54vw, (max-width: 1071px) 543px, 580px\" \/><\/figure>\n\n\n\n<figure class=\"wp-block-image size-large\"><img loading=\"lazy\" decoding=\"async\" width=\"1000\" height=\"750\" data-id=\"3875\" src=\"https:\/\/payra-monvillage.fr\/wp-content\/uploads\/2024\/08\/e.jpg\" alt=\"\" class=\"wp-image-3875\" srcset=\"https:\/\/payra-monvillage.fr\/wp-content\/uploads\/2024\/08\/e.jpg 1000w, https:\/\/payra-monvillage.fr\/wp-content\/uploads\/2024\/08\/e-300x225.jpg 300w, https:\/\/payra-monvillage.fr\/wp-content\/uploads\/2024\/08\/e-768x576.jpg 768w\" sizes=\"auto, (max-width: 767px) 89vw, (max-width: 1000px) 54vw, (max-width: 1071px) 543px, 580px\" \/><\/figure>\n\n\n\n<figure class=\"wp-block-image size-large\"><img loading=\"lazy\" decoding=\"async\" width=\"1000\" height=\"750\" data-id=\"3876\" src=\"https:\/\/payra-monvillage.fr\/wp-content\/uploads\/2024\/08\/f.jpg\" alt=\"\" class=\"wp-image-3876\" srcset=\"https:\/\/payra-monvillage.fr\/wp-content\/uploads\/2024\/08\/f.jpg 1000w, https:\/\/payra-monvillage.fr\/wp-content\/uploads\/2024\/08\/f-300x225.jpg 300w, https:\/\/payra-monvillage.fr\/wp-content\/uploads\/2024\/08\/f-768x576.jpg 768w\" sizes=\"auto, (max-width: 767px) 89vw, (max-width: 1000px) 54vw, (max-width: 1071px) 543px, 580px\" \/><\/figure>\n<\/figure>\n\n\n\n<figure class=\"wp-block-gallery has-nested-images columns-default is-cropped wp-block-gallery-3 is-layout-flex wp-block-gallery-is-layout-flex\">\n<figure class=\"wp-block-image size-large\"><img loading=\"lazy\" decoding=\"async\" width=\"1000\" height=\"750\" data-id=\"3877\" src=\"https:\/\/payra-monvillage.fr\/wp-content\/uploads\/2024\/08\/g.jpg\" alt=\"\" class=\"wp-image-3877\" srcset=\"https:\/\/payra-monvillage.fr\/wp-content\/uploads\/2024\/08\/g.jpg 1000w, https:\/\/payra-monvillage.fr\/wp-content\/uploads\/2024\/08\/g-300x225.jpg 300w, https:\/\/payra-monvillage.fr\/wp-content\/uploads\/2024\/08\/g-768x576.jpg 768w\" sizes=\"auto, (max-width: 767px) 89vw, (max-width: 1000px) 54vw, (max-width: 1071px) 543px, 580px\" \/><\/figure>\n\n\n\n<figure class=\"wp-block-image size-large\"><img loading=\"lazy\" decoding=\"async\" width=\"1000\" height=\"750\" data-id=\"3878\" src=\"https:\/\/payra-monvillage.fr\/wp-content\/uploads\/2024\/08\/h.jpg\" alt=\"\" class=\"wp-image-3878\" srcset=\"https:\/\/payra-monvillage.fr\/wp-content\/uploads\/2024\/08\/h.jpg 1000w, https:\/\/payra-monvillage.fr\/wp-content\/uploads\/2024\/08\/h-300x225.jpg 300w, https:\/\/payra-monvillage.fr\/wp-content\/uploads\/2024\/08\/h-768x576.jpg 768w\" sizes=\"auto, (max-width: 767px) 89vw, (max-width: 1000px) 54vw, (max-width: 1071px) 543px, 580px\" \/><\/figure>\n\n\n\n<figure class=\"wp-block-image size-large\"><img loading=\"lazy\" decoding=\"async\" width=\"1000\" height=\"750\" data-id=\"3879\" src=\"https:\/\/payra-monvillage.fr\/wp-content\/uploads\/2024\/08\/i.jpg\" alt=\"\" class=\"wp-image-3879\" srcset=\"https:\/\/payra-monvillage.fr\/wp-content\/uploads\/2024\/08\/i.jpg 1000w, https:\/\/payra-monvillage.fr\/wp-content\/uploads\/2024\/08\/i-300x225.jpg 300w, https:\/\/payra-monvillage.fr\/wp-content\/uploads\/2024\/08\/i-768x576.jpg 768w\" sizes=\"auto, (max-width: 767px) 89vw, (max-width: 1000px) 54vw, (max-width: 1071px) 543px, 580px\" \/><\/figure>\n<\/figure>\n","protected":false},"excerpt":{"rendered":"<p>Apr\u00e8s une petite randonn\u00e9e organis\u00e9e par l&rsquo;Association \u00ab\u00a0les chemins retrouv\u00e9s\u00a0\u00bbune soixantaine de personnes vont se retrouver et partager un repas dans le parc et d\u00e9guster divers plats et saucisse grill\u00e9e. Une fort agr\u00e9able soir\u00e9e.<\/p>\n","protected":false},"author":1,"featured_media":0,"parent":0,"menu_order":0,"comment_status":"closed","ping_status":"closed","template":"","meta":{"footnotes":""},"class_list":["post-3870","page","type-page","status-publish","hentry"],"_links":{"self":[{"href":"https:\/\/payra-monvillage.fr\/index.php\/wp-json\/wp\/v2\/pages\/3870","targetHints":{"allow":["GET"]}}],"collection":[{"href":"https:\/\/payra-monvillage.fr\/index.php\/wp-json\/wp\/v2\/pages"}],"about":[{"href":"https:\/\/payra-monvillage.fr\/index.php\/wp-json\/wp\/v2\/types\/page"}],"author":[{"embeddable":true,"href":"https:\/\/payra-monvillage.fr\/index.php\/wp-json\/wp\/v2\/users\/1"}],"replies":[{"embeddable":true,"href":"https:\/\/payra-monvillage.fr\/index.php\/wp-json\/wp\/v2\/comments?post=3870"}],"version-history":[{"count":3,"href":"https:\/\/payra-monvillage.fr\/index.php\/wp-json\/wp\/v2\/pages\/3870\/revisions"}],"predecessor-version":[{"id":3903,"href":"https:\/\/payra-monvillage.fr\/index.php\/wp-json\/wp\/v2\/pages\/3870\/revisions\/3903"}],"wp:attachment":[{"href":"https:\/\/payra-monvillage.fr\/index.php\/wp-json\/wp\/v2\/media?parent=3870"}],"curies":[{"name":"wp","href":"https:\/\/api.w.org\/{rel}","templated":true}]}}