{"id":3747,"date":"2024-07-04T08:37:57","date_gmt":"2024-07-04T06:37:57","guid":{"rendered":"https:\/\/payra-monvillage.fr\/?page_id=3747"},"modified":"2024-07-04T08:37:57","modified_gmt":"2024-07-04T06:37:57","slug":"lundi-1er-juillet-2024","status":"publish","type":"page","link":"https:\/\/payra-monvillage.fr\/index.php\/lundi-1er-juillet-2024\/","title":{"rendered":"Lundi 1er juillet 2024"},"content":{"rendered":"\n<p>Bonjour- A compter du 1er juillet 2024 les horaires d&rsquo;ouverture au public du secr\u00e9tariat de Mairie sont modifi\u00e9s comme suit:<br><strong>Lundi&nbsp;<\/strong>de&nbsp;<strong>9h&nbsp;<\/strong>\u00e0&nbsp;<strong>12h<\/strong><br><strong>Mercredi&nbsp;<\/strong>de&nbsp;<strong>9h&nbsp;<\/strong>\u00e0&nbsp;<strong>12h<\/strong><br><strong>Jeudi&nbsp;<\/strong>de&nbsp;<strong>14h&nbsp;<\/strong>\u00e0&nbsp;<strong>17h<\/strong><br><strong>Vendredi&nbsp;<\/strong>de&nbsp;<strong>9h&nbsp;<\/strong>\u00e0&nbsp;<strong>12h<\/strong><\/p>\n\n\n\n<p>&#8211; En raison des cong\u00e9s&nbsp;<strong>l&rsquo;agence postale<\/strong>&nbsp;sera&nbsp;<strong>ferm\u00e9e&nbsp;<\/strong>du&nbsp;<strong>8 au 13 juillet 2024<\/strong><\/p>\n\n\n\n<p>Vous en souhaitant bonne r\u00e9ception<\/p>\n\n\n\n<p>Bien cordialement<\/p>\n","protected":false},"excerpt":{"rendered":"<p>Bonjour- A compter du 1er juillet 2024 les horaires d&rsquo;ouverture au public du secr\u00e9tariat de Mairie sont modifi\u00e9s comme suit:Lundi&nbsp;de&nbsp;9h&nbsp;\u00e0&nbsp;12hMercredi&nbsp;de&nbsp;9h&nbsp;\u00e0&nbsp;12hJeudi&nbsp;de&nbsp;14h&nbsp;\u00e0&nbsp;17hVendredi&nbsp;de&nbsp;9h&nbsp;\u00e0&nbsp;12h &#8211; En raison des cong\u00e9s&nbsp;l&rsquo;agence postale&nbsp;sera&nbsp;ferm\u00e9e&nbsp;du&nbsp;8 au 13 juillet 2024 Vous en souhaitant bonne r\u00e9ception Bien cordialement<\/p>\n","protected":false},"author":1,"featured_media":0,"parent":0,"menu_order":0,"comment_status":"closed","ping_status":"closed","template":"","meta":{"footnotes":""},"class_list":["post-3747","page","type-page","status-publish","hentry"],"_links":{"self":[{"href":"https:\/\/payra-monvillage.fr\/index.php\/wp-json\/wp\/v2\/pages\/3747","targetHints":{"allow":["GET"]}}],"collection":[{"href":"https:\/\/payra-monvillage.fr\/index.php\/wp-json\/wp\/v2\/pages"}],"about":[{"href":"https:\/\/payra-monvillage.fr\/index.php\/wp-json\/wp\/v2\/types\/page"}],"author":[{"embeddable":true,"href":"https:\/\/payra-monvillage.fr\/index.php\/wp-json\/wp\/v2\/users\/1"}],"replies":[{"embeddable":true,"href":"https:\/\/payra-monvillage.fr\/index.php\/wp-json\/wp\/v2\/comments?post=3747"}],"version-history":[{"count":1,"href":"https:\/\/payra-monvillage.fr\/index.php\/wp-json\/wp\/v2\/pages\/3747\/revisions"}],"predecessor-version":[{"id":3748,"href":"https:\/\/payra-monvillage.fr\/index.php\/wp-json\/wp\/v2\/pages\/3747\/revisions\/3748"}],"wp:attachment":[{"href":"https:\/\/payra-monvillage.fr\/index.php\/wp-json\/wp\/v2\/media?parent=3747"}],"curies":[{"name":"wp","href":"https:\/\/api.w.org\/{rel}","templated":true}]}}