{"id":3726,"date":"2024-06-28T19:52:40","date_gmt":"2024-06-28T17:52:40","guid":{"rendered":"https:\/\/payra-monvillage.fr\/?page_id=3726"},"modified":"2024-06-28T19:52:40","modified_gmt":"2024-06-28T17:52:40","slug":"la-fete-de-lecole-le-28-juin-2024","status":"publish","type":"page","link":"https:\/\/payra-monvillage.fr\/index.php\/la-fete-de-lecole-le-28-juin-2024\/","title":{"rendered":"La f\u00eate de l&rsquo;\u00e9cole  le 28 juin 2024"},"content":{"rendered":"\n<figure class=\"wp-block-image size-full\"><img loading=\"lazy\" decoding=\"async\" width=\"1000\" height=\"750\" src=\"https:\/\/payra-monvillage.fr\/wp-content\/uploads\/2024\/06\/FETE-ECOLE16.jpg\" alt=\"\" class=\"wp-image-3727\" srcset=\"https:\/\/payra-monvillage.fr\/wp-content\/uploads\/2024\/06\/FETE-ECOLE16.jpg 1000w, https:\/\/payra-monvillage.fr\/wp-content\/uploads\/2024\/06\/FETE-ECOLE16-300x225.jpg 300w, https:\/\/payra-monvillage.fr\/wp-content\/uploads\/2024\/06\/FETE-ECOLE16-768x576.jpg 768w\" sizes=\"auto, (max-width: 767px) 89vw, (max-width: 1000px) 54vw, (max-width: 1071px) 543px, 580px\" \/><\/figure>\n\n\n\n<p>un beau spectacle donn\u00e9 par les enfants de l&rsquo;\u00e9cole de Payra<\/p>\n\n\n\n<figure class=\"wp-block-gallery has-nested-images columns-default is-cropped wp-block-gallery-1 is-layout-flex wp-block-gallery-is-layout-flex\">\n<figure class=\"wp-block-image size-large\"><img loading=\"lazy\" decoding=\"async\" width=\"1000\" height=\"750\" data-id=\"3728\" src=\"https:\/\/payra-monvillage.fr\/wp-content\/uploads\/2024\/06\/FETE-ECOLE11.jpg\" alt=\"\" class=\"wp-image-3728\" srcset=\"https:\/\/payra-monvillage.fr\/wp-content\/uploads\/2024\/06\/FETE-ECOLE11.jpg 1000w, https:\/\/payra-monvillage.fr\/wp-content\/uploads\/2024\/06\/FETE-ECOLE11-300x225.jpg 300w, https:\/\/payra-monvillage.fr\/wp-content\/uploads\/2024\/06\/FETE-ECOLE11-768x576.jpg 768w\" sizes=\"auto, (max-width: 767px) 89vw, (max-width: 1000px) 54vw, (max-width: 1071px) 543px, 580px\" \/><\/figure>\n\n\n\n<figure class=\"wp-block-image size-large\"><img loading=\"lazy\" decoding=\"async\" width=\"1000\" height=\"750\" data-id=\"3729\" src=\"https:\/\/payra-monvillage.fr\/wp-content\/uploads\/2024\/06\/FETE-ECOLE13.jpg\" alt=\"\" class=\"wp-image-3729\" srcset=\"https:\/\/payra-monvillage.fr\/wp-content\/uploads\/2024\/06\/FETE-ECOLE13.jpg 1000w, https:\/\/payra-monvillage.fr\/wp-content\/uploads\/2024\/06\/FETE-ECOLE13-300x225.jpg 300w, https:\/\/payra-monvillage.fr\/wp-content\/uploads\/2024\/06\/FETE-ECOLE13-768x576.jpg 768w\" sizes=\"auto, (max-width: 767px) 89vw, (max-width: 1000px) 54vw, (max-width: 1071px) 543px, 580px\" \/><\/figure>\n\n\n\n<figure class=\"wp-block-image size-large\"><img loading=\"lazy\" decoding=\"async\" width=\"1000\" height=\"750\" data-id=\"3730\" src=\"https:\/\/payra-monvillage.fr\/wp-content\/uploads\/2024\/06\/FETE-ECOLE15.jpg\" alt=\"\" class=\"wp-image-3730\" srcset=\"https:\/\/payra-monvillage.fr\/wp-content\/uploads\/2024\/06\/FETE-ECOLE15.jpg 1000w, https:\/\/payra-monvillage.fr\/wp-content\/uploads\/2024\/06\/FETE-ECOLE15-300x225.jpg 300w, https:\/\/payra-monvillage.fr\/wp-content\/uploads\/2024\/06\/FETE-ECOLE15-768x576.jpg 768w\" sizes=\"auto, (max-width: 767px) 89vw, (max-width: 1000px) 54vw, (max-width: 1071px) 543px, 580px\" \/><\/figure>\n<\/figure>\n\n\n\n<figure class=\"wp-block-image size-full\"><img loading=\"lazy\" decoding=\"async\" width=\"1000\" height=\"750\" src=\"https:\/\/payra-monvillage.fr\/wp-content\/uploads\/2024\/06\/FETE-ECOLE10.jpg\" alt=\"\" class=\"wp-image-3731\" srcset=\"https:\/\/payra-monvillage.fr\/wp-content\/uploads\/2024\/06\/FETE-ECOLE10.jpg 1000w, https:\/\/payra-monvillage.fr\/wp-content\/uploads\/2024\/06\/FETE-ECOLE10-300x225.jpg 300w, https:\/\/payra-monvillage.fr\/wp-content\/uploads\/2024\/06\/FETE-ECOLE10-768x576.jpg 768w\" sizes=\"auto, (max-width: 767px) 89vw, (max-width: 1000px) 54vw, (max-width: 1071px) 543px, 580px\" \/><\/figure>\n\n\n\n<p>Apr\u00e8s la chorale une s\u00e9rie de gags avec pour tout ustensile des timbales . F\u00e9licitations aux ma\u00eetresses et aux enfants qui ont pr\u00e9par\u00e9 cette r\u00e9cr\u00e9ation pour le plus grand plaisir des parents , grands parents et villageois.<\/p>\n\n\n\n<figure class=\"wp-block-gallery has-nested-images columns-default is-cropped wp-block-gallery-2 is-layout-flex wp-block-gallery-is-layout-flex\">\n<figure class=\"wp-block-image size-large\"><img loading=\"lazy\" decoding=\"async\" width=\"1000\" height=\"750\" data-id=\"3732\" src=\"https:\/\/payra-monvillage.fr\/wp-content\/uploads\/2024\/06\/FETE-ECOLE7.jpg\" alt=\"\" class=\"wp-image-3732\" srcset=\"https:\/\/payra-monvillage.fr\/wp-content\/uploads\/2024\/06\/FETE-ECOLE7.jpg 1000w, https:\/\/payra-monvillage.fr\/wp-content\/uploads\/2024\/06\/FETE-ECOLE7-300x225.jpg 300w, https:\/\/payra-monvillage.fr\/wp-content\/uploads\/2024\/06\/FETE-ECOLE7-768x576.jpg 768w\" sizes=\"auto, (max-width: 767px) 89vw, (max-width: 1000px) 54vw, (max-width: 1071px) 543px, 580px\" \/><\/figure>\n\n\n\n<figure class=\"wp-block-image size-large\"><img loading=\"lazy\" decoding=\"async\" width=\"1000\" height=\"750\" data-id=\"3733\" src=\"https:\/\/payra-monvillage.fr\/wp-content\/uploads\/2024\/06\/FETE-ECOLE8.jpg\" alt=\"\" class=\"wp-image-3733\" srcset=\"https:\/\/payra-monvillage.fr\/wp-content\/uploads\/2024\/06\/FETE-ECOLE8.jpg 1000w, https:\/\/payra-monvillage.fr\/wp-content\/uploads\/2024\/06\/FETE-ECOLE8-300x225.jpg 300w, https:\/\/payra-monvillage.fr\/wp-content\/uploads\/2024\/06\/FETE-ECOLE8-768x576.jpg 768w\" sizes=\"auto, (max-width: 767px) 89vw, (max-width: 1000px) 54vw, (max-width: 1071px) 543px, 580px\" \/><\/figure>\n\n\n\n<figure class=\"wp-block-image size-large\"><img loading=\"lazy\" decoding=\"async\" width=\"1000\" height=\"750\" data-id=\"3734\" src=\"https:\/\/payra-monvillage.fr\/wp-content\/uploads\/2024\/06\/FETE-ECOLE9.jpg\" alt=\"\" class=\"wp-image-3734\" srcset=\"https:\/\/payra-monvillage.fr\/wp-content\/uploads\/2024\/06\/FETE-ECOLE9.jpg 1000w, https:\/\/payra-monvillage.fr\/wp-content\/uploads\/2024\/06\/FETE-ECOLE9-300x225.jpg 300w, https:\/\/payra-monvillage.fr\/wp-content\/uploads\/2024\/06\/FETE-ECOLE9-768x576.jpg 768w\" sizes=\"auto, (max-width: 767px) 89vw, (max-width: 1000px) 54vw, (max-width: 1071px) 543px, 580px\" \/><\/figure>\n<\/figure>\n\n\n\n<figure class=\"wp-block-gallery has-nested-images columns-default is-cropped wp-block-gallery-3 is-layout-flex wp-block-gallery-is-layout-flex\">\n<figure class=\"wp-block-image size-large\"><img loading=\"lazy\" decoding=\"async\" width=\"1000\" height=\"750\" data-id=\"3735\" src=\"https:\/\/payra-monvillage.fr\/wp-content\/uploads\/2024\/06\/FETE-ECOLE4.jpg\" alt=\"\" class=\"wp-image-3735\" srcset=\"https:\/\/payra-monvillage.fr\/wp-content\/uploads\/2024\/06\/FETE-ECOLE4.jpg 1000w, https:\/\/payra-monvillage.fr\/wp-content\/uploads\/2024\/06\/FETE-ECOLE4-300x225.jpg 300w, https:\/\/payra-monvillage.fr\/wp-content\/uploads\/2024\/06\/FETE-ECOLE4-768x576.jpg 768w\" sizes=\"auto, (max-width: 767px) 89vw, (max-width: 1000px) 54vw, (max-width: 1071px) 543px, 580px\" \/><\/figure>\n\n\n\n<figure class=\"wp-block-image size-large\"><img loading=\"lazy\" decoding=\"async\" width=\"1000\" height=\"750\" data-id=\"3736\" src=\"https:\/\/payra-monvillage.fr\/wp-content\/uploads\/2024\/06\/FETE-ECOLE5.jpg\" alt=\"\" class=\"wp-image-3736\" srcset=\"https:\/\/payra-monvillage.fr\/wp-content\/uploads\/2024\/06\/FETE-ECOLE5.jpg 1000w, https:\/\/payra-monvillage.fr\/wp-content\/uploads\/2024\/06\/FETE-ECOLE5-300x225.jpg 300w, https:\/\/payra-monvillage.fr\/wp-content\/uploads\/2024\/06\/FETE-ECOLE5-768x576.jpg 768w\" sizes=\"auto, (max-width: 767px) 89vw, (max-width: 1000px) 54vw, (max-width: 1071px) 543px, 580px\" \/><\/figure>\n\n\n\n<figure class=\"wp-block-image size-large\"><img loading=\"lazy\" decoding=\"async\" width=\"1000\" height=\"750\" data-id=\"3737\" src=\"https:\/\/payra-monvillage.fr\/wp-content\/uploads\/2024\/06\/FETE-ECOLE6.jpg\" alt=\"\" class=\"wp-image-3737\" srcset=\"https:\/\/payra-monvillage.fr\/wp-content\/uploads\/2024\/06\/FETE-ECOLE6.jpg 1000w, https:\/\/payra-monvillage.fr\/wp-content\/uploads\/2024\/06\/FETE-ECOLE6-300x225.jpg 300w, https:\/\/payra-monvillage.fr\/wp-content\/uploads\/2024\/06\/FETE-ECOLE6-768x576.jpg 768w\" sizes=\"auto, (max-width: 767px) 89vw, (max-width: 1000px) 54vw, (max-width: 1071px) 543px, 580px\" \/><\/figure>\n<\/figure>\n\n\n\n<figure class=\"wp-block-gallery has-nested-images columns-default is-cropped wp-block-gallery-4 is-layout-flex wp-block-gallery-is-layout-flex\">\n<figure class=\"wp-block-image size-large\"><img loading=\"lazy\" decoding=\"async\" width=\"1000\" height=\"750\" data-id=\"3738\" src=\"https:\/\/payra-monvillage.fr\/wp-content\/uploads\/2024\/06\/FETE-ECOLE-ZOE1.jpg\" alt=\"\" class=\"wp-image-3738\" srcset=\"https:\/\/payra-monvillage.fr\/wp-content\/uploads\/2024\/06\/FETE-ECOLE-ZOE1.jpg 1000w, https:\/\/payra-monvillage.fr\/wp-content\/uploads\/2024\/06\/FETE-ECOLE-ZOE1-300x225.jpg 300w, https:\/\/payra-monvillage.fr\/wp-content\/uploads\/2024\/06\/FETE-ECOLE-ZOE1-768x576.jpg 768w\" sizes=\"auto, (max-width: 767px) 89vw, (max-width: 1000px) 54vw, (max-width: 1071px) 543px, 580px\" \/><\/figure>\n\n\n\n<figure class=\"wp-block-image size-large\"><img loading=\"lazy\" decoding=\"async\" width=\"1000\" height=\"750\" data-id=\"3739\" src=\"https:\/\/payra-monvillage.fr\/wp-content\/uploads\/2024\/06\/FETE-ECOLE2.jpg\" alt=\"\" class=\"wp-image-3739\" srcset=\"https:\/\/payra-monvillage.fr\/wp-content\/uploads\/2024\/06\/FETE-ECOLE2.jpg 1000w, https:\/\/payra-monvillage.fr\/wp-content\/uploads\/2024\/06\/FETE-ECOLE2-300x225.jpg 300w, https:\/\/payra-monvillage.fr\/wp-content\/uploads\/2024\/06\/FETE-ECOLE2-768x576.jpg 768w\" sizes=\"auto, (max-width: 767px) 89vw, (max-width: 1000px) 54vw, (max-width: 1071px) 543px, 580px\" \/><\/figure>\n\n\n\n<figure class=\"wp-block-image size-large\"><img loading=\"lazy\" decoding=\"async\" width=\"1000\" height=\"750\" data-id=\"3740\" src=\"https:\/\/payra-monvillage.fr\/wp-content\/uploads\/2024\/06\/FETE-ECOLE3.jpg\" alt=\"\" class=\"wp-image-3740\" srcset=\"https:\/\/payra-monvillage.fr\/wp-content\/uploads\/2024\/06\/FETE-ECOLE3.jpg 1000w, https:\/\/payra-monvillage.fr\/wp-content\/uploads\/2024\/06\/FETE-ECOLE3-300x225.jpg 300w, https:\/\/payra-monvillage.fr\/wp-content\/uploads\/2024\/06\/FETE-ECOLE3-768x576.jpg 768w\" sizes=\"auto, (max-width: 767px) 89vw, (max-width: 1000px) 54vw, (max-width: 1071px) 543px, 580px\" \/><\/figure>\n<\/figure>\n","protected":false},"excerpt":{"rendered":"<p>un beau spectacle donn\u00e9 par les enfants de l&rsquo;\u00e9cole de Payra Apr\u00e8s la chorale une s\u00e9rie de gags avec pour tout ustensile des timbales . F\u00e9licitations aux ma\u00eetresses et aux enfants qui ont pr\u00e9par\u00e9 cette r\u00e9cr\u00e9ation pour le plus grand plaisir des parents , grands parents et villageois.<\/p>\n","protected":false},"author":1,"featured_media":0,"parent":0,"menu_order":0,"comment_status":"closed","ping_status":"closed","template":"","meta":{"footnotes":""},"class_list":["post-3726","page","type-page","status-publish","hentry"],"_links":{"self":[{"href":"https:\/\/payra-monvillage.fr\/index.php\/wp-json\/wp\/v2\/pages\/3726","targetHints":{"allow":["GET"]}}],"collection":[{"href":"https:\/\/payra-monvillage.fr\/index.php\/wp-json\/wp\/v2\/pages"}],"about":[{"href":"https:\/\/payra-monvillage.fr\/index.php\/wp-json\/wp\/v2\/types\/page"}],"author":[{"embeddable":true,"href":"https:\/\/payra-monvillage.fr\/index.php\/wp-json\/wp\/v2\/users\/1"}],"replies":[{"embeddable":true,"href":"https:\/\/payra-monvillage.fr\/index.php\/wp-json\/wp\/v2\/comments?post=3726"}],"version-history":[{"count":1,"href":"https:\/\/payra-monvillage.fr\/index.php\/wp-json\/wp\/v2\/pages\/3726\/revisions"}],"predecessor-version":[{"id":3741,"href":"https:\/\/payra-monvillage.fr\/index.php\/wp-json\/wp\/v2\/pages\/3726\/revisions\/3741"}],"wp:attachment":[{"href":"https:\/\/payra-monvillage.fr\/index.php\/wp-json\/wp\/v2\/media?parent=3726"}],"curies":[{"name":"wp","href":"https:\/\/api.w.org\/{rel}","templated":true}]}}