{"id":3647,"date":"2024-05-29T12:13:26","date_gmt":"2024-05-29T10:13:26","guid":{"rendered":"https:\/\/payra-monvillage.fr\/?page_id=3647"},"modified":"2024-05-29T12:13:26","modified_gmt":"2024-05-29T10:13:26","slug":"seance-de-debroussaillage-31-mai-2024","status":"publish","type":"page","link":"https:\/\/payra-monvillage.fr\/index.php\/seance-de-debroussaillage-31-mai-2024\/","title":{"rendered":"S\u00e9ance de d\u00e9broussaillage 31 mai 2024"},"content":{"rendered":"\n<p>Bonjour \u00e0 tous,<\/p>\n\n\n\n<p>Nous vous proposons une s\u00e9ance de d\u00e9broussaillage le&nbsp;<strong>vendredi 31 mai 2024.<\/strong><\/p>\n\n\n\n<ul class=\"wp-block-list\">\n<li><strong>rendez-vous \u00e0 14 h au panneau des randonn\u00e9es<\/strong><\/li>\n<\/ul>\n\n\n\n<p>objet&nbsp;:&nbsp; d\u00e9broussaillage vers la passerelle bleue et mont\u00e9e vers Picarel avec d\u00e9broussailleuses et s\u00e9cateurs<\/p>\n\n\n\n<p>Amiti\u00e9s,<\/p>\n\n\n\n<p>B\u00e9atrice pour les Chemins Retrouv\u00e9s<\/p>\n","protected":false},"excerpt":{"rendered":"<p>Bonjour \u00e0 tous, Nous vous proposons une s\u00e9ance de d\u00e9broussaillage le&nbsp;vendredi 31 mai 2024. objet&nbsp;:&nbsp; d\u00e9broussaillage vers la passerelle bleue et mont\u00e9e vers Picarel avec d\u00e9broussailleuses et s\u00e9cateurs Amiti\u00e9s, B\u00e9atrice pour les Chemins Retrouv\u00e9s<\/p>\n","protected":false},"author":1,"featured_media":0,"parent":0,"menu_order":0,"comment_status":"closed","ping_status":"closed","template":"","meta":{"footnotes":""},"class_list":["post-3647","page","type-page","status-publish","hentry"],"_links":{"self":[{"href":"https:\/\/payra-monvillage.fr\/index.php\/wp-json\/wp\/v2\/pages\/3647","targetHints":{"allow":["GET"]}}],"collection":[{"href":"https:\/\/payra-monvillage.fr\/index.php\/wp-json\/wp\/v2\/pages"}],"about":[{"href":"https:\/\/payra-monvillage.fr\/index.php\/wp-json\/wp\/v2\/types\/page"}],"author":[{"embeddable":true,"href":"https:\/\/payra-monvillage.fr\/index.php\/wp-json\/wp\/v2\/users\/1"}],"replies":[{"embeddable":true,"href":"https:\/\/payra-monvillage.fr\/index.php\/wp-json\/wp\/v2\/comments?post=3647"}],"version-history":[{"count":1,"href":"https:\/\/payra-monvillage.fr\/index.php\/wp-json\/wp\/v2\/pages\/3647\/revisions"}],"predecessor-version":[{"id":3648,"href":"https:\/\/payra-monvillage.fr\/index.php\/wp-json\/wp\/v2\/pages\/3647\/revisions\/3648"}],"wp:attachment":[{"href":"https:\/\/payra-monvillage.fr\/index.php\/wp-json\/wp\/v2\/media?parent=3647"}],"curies":[{"name":"wp","href":"https:\/\/api.w.org\/{rel}","templated":true}]}}

Séance de débroussaillage 31 mai 2024

<p>Bonjour à tous,</p>



<p>Nous vous proposons une séance de débroussaillage le&nbsp;<strong>vendredi 31 mai 2024.</strong></p>



<ul class="wp-block-list">
<li><strong>rendez-vous à 14 h au panneau des randonnées</strong></li>
</ul>



<p>objet&nbsp;:&nbsp; débroussaillage vers la passerelle bleue et montée vers Picarel avec débroussailleuses et sécateurs</p>



<p>Amitiés,</p>



<p>Béatrice pour les Chemins Retrouvés</p>

<p>Bonjour à tous, Nous vous proposons une séance de débroussaillage le&nbsp;vendredi 31 mai 2024. objet&nbsp;:&nbsp; débroussaillage vers la passerelle bleue et montée vers Picarel avec débroussailleuses et sécateurs Amitiés, Béatrice pour les Chemins Retrouvés</p>
