{"id":3643,"date":"2024-05-28T12:14:20","date_gmt":"2024-05-28T10:14:20","guid":{"rendered":"https:\/\/payra-monvillage.fr\/?page_id=3643"},"modified":"2024-05-28T12:14:20","modified_gmt":"2024-05-28T10:14:20","slug":"atom-festival-11-juin-2024","status":"publish","type":"page","link":"https:\/\/payra-monvillage.fr\/index.php\/atom-festival-11-juin-2024\/","title":{"rendered":"ATOM Festival 11 juin 2024"},"content":{"rendered":"\n<p>Voil\u00e0 d\u00e9j\u00e0 8 mois que s\u2019est tenue la biennale 2023 du festival ATOM : trois journ\u00e9es de concerts, installations, performances et artisanat au c\u0153ur des vall\u00e9es d&rsquo;Occitanie \u00e0 Payra-sur-l\u2019Hers. Merci pour votre soutien qui rend possible la concr\u00e9tisation de ce projet artistique singulier.<\/p>\n\n\n\n<p>Apr\u00e8s chaque \u00e9dition depuis sa cr\u00e9ation en 2018, nous organisons un temps de bilan avec les partenaires et autorit\u00e9s locales. Cette ann\u00e9e, nous avons l\u2019immense plaisir de vous convier \u00e0 une rencontre le&nbsp;<strong>mardi 11 juin&nbsp;de 15h30 \u00e0 17h<\/strong>&nbsp;\u00e0 la Salle des f\u00eates,&nbsp;<strong>6 Rue de l&rsquo;\u00c9glise, Payra-sur-l\u2019Hers 11410<\/strong>.<\/p>\n\n\n\n<p>Ce temps convivial en pr\u00e9sence de Monsieur le Maire Bernard Pech sera l\u2019occasion de d\u00e9couvrir les coulisses de l\u2019\u00e9dition 2023. Nous y pr\u00e9senterons les r\u00e9sultats financiers, artistiques, \u00e9cologiques et sociaux du festival ATOM puis on se projettera ensemble dans les nouveaux projets de l\u2019association avant un ap\u00e9ritif qui cl\u00f4turera la rencontre.<\/p>\n\n\n\n<p><strong>Merci de confirmer votre pr\u00e9sence d\u00e8s que possible via&nbsp;<\/strong><a rel=\"noreferrer noopener\" target=\"_blank\" href=\"https:\/\/atomfestival.us21.list-manage.com\/track\/click?u=3bc3aa1811291ad17fe5d2358&amp;id=91f42c40e9&amp;e=1d789cff8c\"><strong>ce lien<\/strong><\/a><strong>&nbsp;<\/strong>(<a rel=\"noreferrer noopener\" target=\"_blank\" href=\"https:\/\/atomfestival.us21.list-manage.com\/track\/click?u=3bc3aa1811291ad17fe5d2358&amp;id=02ced8c896&amp;e=1d789cff8c\">https:\/\/forms.gle\/PX89ZxYJx1vqLGSX6<\/a>) afin que l\u2019on puisse correctement dimensionner les boissons et tapas. En cas d\u2019impossibilit\u00e9 de d\u00e9placement, vous pouvez \u00e9galement demander \u00e0 de recevoir un lien de connexion visio le jour J.<\/p>\n\n\n\n<p>On esp\u00e8re tr\u00e8s fort vous compter parmi nous \ud83d\ude42<\/p>\n\n\n\n<p>Tout l\u2019\u00e9quipe ATOM<\/p>\n","protected":false},"excerpt":{"rendered":"<p>Voil\u00e0 d\u00e9j\u00e0 8 mois que s\u2019est tenue la biennale 2023 du festival ATOM : trois journ\u00e9es de concerts, installations, performances et artisanat au c\u0153ur des vall\u00e9es d&rsquo;Occitanie \u00e0 Payra-sur-l\u2019Hers. Merci pour votre soutien qui rend possible la concr\u00e9tisation de ce projet artistique singulier. Apr\u00e8s chaque \u00e9dition depuis sa cr\u00e9ation en 2018, nous organisons un temps &hellip; <\/p>\n<p class=\"link-more\"><a href=\"https:\/\/payra-monvillage.fr\/index.php\/atom-festival-11-juin-2024\/\" class=\"more-link\">Continuer la lecture<span class=\"screen-reader-text\"> de &laquo;&nbsp;ATOM Festival 11 juin 2024&nbsp;&raquo;<\/span><\/a><\/p>\n","protected":false},"author":1,"featured_media":0,"parent":0,"menu_order":0,"comment_status":"closed","ping_status":"closed","template":"","meta":{"footnotes":""},"class_list":["post-3643","page","type-page","status-publish","hentry"],"_links":{"self":[{"href":"https:\/\/payra-monvillage.fr\/index.php\/wp-json\/wp\/v2\/pages\/3643","targetHints":{"allow":["GET"]}}],"collection":[{"href":"https:\/\/payra-monvillage.fr\/index.php\/wp-json\/wp\/v2\/pages"}],"about":[{"href":"https:\/\/payra-monvillage.fr\/index.php\/wp-json\/wp\/v2\/types\/page"}],"author":[{"embeddable":true,"href":"https:\/\/payra-monvillage.fr\/index.php\/wp-json\/wp\/v2\/users\/1"}],"replies":[{"embeddable":true,"href":"https:\/\/payra-monvillage.fr\/index.php\/wp-json\/wp\/v2\/comments?post=3643"}],"version-history":[{"count":1,"href":"https:\/\/payra-monvillage.fr\/index.php\/wp-json\/wp\/v2\/pages\/3643\/revisions"}],"predecessor-version":[{"id":3644,"href":"https:\/\/payra-monvillage.fr\/index.php\/wp-json\/wp\/v2\/pages\/3643\/revisions\/3644"}],"wp:attachment":[{"href":"https:\/\/payra-monvillage.fr\/index.php\/wp-json\/wp\/v2\/media?parent=3643"}],"curies":[{"name":"wp","href":"https:\/\/api.w.org\/{rel}","templated":true}]}}