{"id":3489,"date":"2024-03-24T08:08:31","date_gmt":"2024-03-24T07:08:31","guid":{"rendered":"https:\/\/payra-monvillage.fr\/?page_id=3489"},"modified":"2024-03-28T18:38:27","modified_gmt":"2024-03-28T17:38:27","slug":"vendredi-29-mars","status":"publish","type":"page","link":"https:\/\/payra-monvillage.fr\/index.php\/vendredi-29-mars\/","title":{"rendered":"Vendredi 29 mars"},"content":{"rendered":"\n<p>Bonjour \u00e0 tous,<\/p>\n\n\n\n<figure class=\"wp-block-image size-full\"><img loading=\"lazy\" decoding=\"async\" width=\"1000\" height=\"750\" src=\"https:\/\/payra-monvillage.fr\/wp-content\/uploads\/2024\/03\/DEBROUSSAILLAGE.jpg\" alt=\"\" class=\"wp-image-3512\" srcset=\"https:\/\/payra-monvillage.fr\/wp-content\/uploads\/2024\/03\/DEBROUSSAILLAGE.jpg 1000w, https:\/\/payra-monvillage.fr\/wp-content\/uploads\/2024\/03\/DEBROUSSAILLAGE-300x225.jpg 300w, https:\/\/payra-monvillage.fr\/wp-content\/uploads\/2024\/03\/DEBROUSSAILLAGE-768x576.jpg 768w\" sizes=\"auto, (max-width: 767px) 89vw, (max-width: 1000px) 54vw, (max-width: 1071px) 543px, 580px\" \/><\/figure>\n\n\n\n<p>Nous vous proposons de nous retrouver :&nbsp;<\/p>\n\n\n\n<p><strong>&nbsp;vendredi 29&nbsp;mars 2024 \u00e0 14 h<\/strong><em>&nbsp;au panneau des randonn\u00e9es<\/em><\/p>\n\n\n\n<p>pour aller ensuite&nbsp;d\u00e9broussailler le chemin de St Vitou pour contourner le Pech, lors de la balade du 1er avril 2024.<\/p>\n\n\n\n<p>Amiti\u00e9s,<\/p>\n\n\n\n<p>B\u00e9atrice pour LES CHEMINS RETROUVES<\/p>\n","protected":false},"excerpt":{"rendered":"<p>Bonjour \u00e0 tous, Nous vous proposons de nous retrouver :&nbsp; &nbsp;vendredi 29&nbsp;mars 2024 \u00e0 14 h&nbsp;au panneau des randonn\u00e9es pour aller ensuite&nbsp;d\u00e9broussailler le chemin de St Vitou pour contourner le Pech, lors de la balade du 1er avril 2024. Amiti\u00e9s, B\u00e9atrice pour LES CHEMINS RETROUVES<\/p>\n","protected":false},"author":1,"featured_media":0,"parent":0,"menu_order":0,"comment_status":"closed","ping_status":"closed","template":"","meta":{"footnotes":""},"class_list":["post-3489","page","type-page","status-publish","hentry"],"_links":{"self":[{"href":"https:\/\/payra-monvillage.fr\/index.php\/wp-json\/wp\/v2\/pages\/3489","targetHints":{"allow":["GET"]}}],"collection":[{"href":"https:\/\/payra-monvillage.fr\/index.php\/wp-json\/wp\/v2\/pages"}],"about":[{"href":"https:\/\/payra-monvillage.fr\/index.php\/wp-json\/wp\/v2\/types\/page"}],"author":[{"embeddable":true,"href":"https:\/\/payra-monvillage.fr\/index.php\/wp-json\/wp\/v2\/users\/1"}],"replies":[{"embeddable":true,"href":"https:\/\/payra-monvillage.fr\/index.php\/wp-json\/wp\/v2\/comments?post=3489"}],"version-history":[{"count":2,"href":"https:\/\/payra-monvillage.fr\/index.php\/wp-json\/wp\/v2\/pages\/3489\/revisions"}],"predecessor-version":[{"id":3513,"href":"https:\/\/payra-monvillage.fr\/index.php\/wp-json\/wp\/v2\/pages\/3489\/revisions\/3513"}],"wp:attachment":[{"href":"https:\/\/payra-monvillage.fr\/index.php\/wp-json\/wp\/v2\/media?parent=3489"}],"curies":[{"name":"wp","href":"https:\/\/api.w.org\/{rel}","templated":true}]}}