{"id":3453,"date":"2024-03-01T08:37:17","date_gmt":"2024-03-01T07:37:17","guid":{"rendered":"https:\/\/payra-monvillage.fr\/?page_id=3453"},"modified":"2024-03-01T08:37:17","modified_gmt":"2024-03-01T07:37:17","slug":"jeudi-29-fevrier-2024","status":"publish","type":"page","link":"https:\/\/payra-monvillage.fr\/index.php\/jeudi-29-fevrier-2024\/","title":{"rendered":"Jeudi 29 f\u00e9vrier 2024"},"content":{"rendered":"\n<p>information communale<\/p>\n\n\n\n<p><strong><u>Information communale<\/u><\/strong><\/p>\n\n\n\n<p>Bonjour<\/p>\n\n\n\n<p>La commune travaille actuellement sur le d\u00e9ploiement d&rsquo;un site internet officiel.<\/p>\n\n\n\n<p>Les personnes ayant une activit\u00e9 d\u00e9clar\u00e9e sur la commune (production, cr\u00e9ation, artisanat, services, auto entreprenariat, &#8230;) et qui souhaite y figurer sont invit\u00e9s \u00e0 nous faire parvenir une courte description + contact (+ photos et lien site internet \u00e9ventuellement).&nbsp;<\/p>\n\n\n\n<p>Nous invitons \u00e9galement les propri\u00e9taires d&rsquo;h\u00e9bergements d\u00e9clar\u00e9s en Mairie \u00e0 en faire de m\u00eame.<\/p>\n\n\n\n<p>Vous en remerciant par avance<\/p>\n\n\n\n<p>Bonne journ\u00e9e<\/p>\n\n\n\n<p>Bien cordialement<\/p>\n","protected":false},"excerpt":{"rendered":"<p>information communale Information communale Bonjour La commune travaille actuellement sur le d\u00e9ploiement d&rsquo;un site internet officiel. Les personnes ayant une activit\u00e9 d\u00e9clar\u00e9e sur la commune (production, cr\u00e9ation, artisanat, services, auto entreprenariat, &#8230;) et qui souhaite y figurer sont invit\u00e9s \u00e0 nous faire parvenir une courte description + contact (+ photos et lien site internet \u00e9ventuellement).&nbsp; &hellip; <\/p>\n<p class=\"link-more\"><a href=\"https:\/\/payra-monvillage.fr\/index.php\/jeudi-29-fevrier-2024\/\" class=\"more-link\">Continuer la lecture<span class=\"screen-reader-text\"> de &laquo;&nbsp;Jeudi 29 f\u00e9vrier 2024&nbsp;&raquo;<\/span><\/a><\/p>\n","protected":false},"author":1,"featured_media":0,"parent":0,"menu_order":0,"comment_status":"closed","ping_status":"closed","template":"","meta":{"footnotes":""},"class_list":["post-3453","page","type-page","status-publish","hentry"],"_links":{"self":[{"href":"https:\/\/payra-monvillage.fr\/index.php\/wp-json\/wp\/v2\/pages\/3453","targetHints":{"allow":["GET"]}}],"collection":[{"href":"https:\/\/payra-monvillage.fr\/index.php\/wp-json\/wp\/v2\/pages"}],"about":[{"href":"https:\/\/payra-monvillage.fr\/index.php\/wp-json\/wp\/v2\/types\/page"}],"author":[{"embeddable":true,"href":"https:\/\/payra-monvillage.fr\/index.php\/wp-json\/wp\/v2\/users\/1"}],"replies":[{"embeddable":true,"href":"https:\/\/payra-monvillage.fr\/index.php\/wp-json\/wp\/v2\/comments?post=3453"}],"version-history":[{"count":1,"href":"https:\/\/payra-monvillage.fr\/index.php\/wp-json\/wp\/v2\/pages\/3453\/revisions"}],"predecessor-version":[{"id":3454,"href":"https:\/\/payra-monvillage.fr\/index.php\/wp-json\/wp\/v2\/pages\/3453\/revisions\/3454"}],"wp:attachment":[{"href":"https:\/\/payra-monvillage.fr\/index.php\/wp-json\/wp\/v2\/media?parent=3453"}],"curies":[{"name":"wp","href":"https:\/\/api.w.org\/{rel}","templated":true}]}}