{"id":3317,"date":"2024-01-20T11:29:26","date_gmt":"2024-01-20T10:29:26","guid":{"rendered":"https:\/\/payra-monvillage.fr\/?page_id=3317"},"modified":"2024-01-20T11:38:48","modified_gmt":"2024-01-20T10:38:48","slug":"la-margaude","status":"publish","type":"page","link":"https:\/\/payra-monvillage.fr\/index.php\/la-margaude\/","title":{"rendered":"La Margaude"},"content":{"rendered":"\n<p>Chers clients et amis,<br>Voici pour nous le moment de vous pr\u00e9senter nos voeux : Que cettenouvelle ann\u00e9e soit comme une for\u00eat : pleine de vie, de diversit\u00e9 etd&rsquo;harmonie.<br>Puisse chaque jour de 2024 \u00eatre un feuillage qui cro\u00eet, une fleur quis&rsquo;\u00e9panouit, une \u00e9toile qui brille dans votre ciel.<br>Et pour continuer \u00e0 avancer ensemble dans un monde plus vert, nous vousproposons de vous associer \u00e0 l\u2019un de nos projet 2024 : planter quelquesmilliers d\u2019arbres nourriciers dans notre ferme<br>Qu\u00e9sako?<br>Nous voulons mettre en place un essai d\u2019agroforesterie, en associantsur une m\u00eame parcelle des arbre, une culture et des animaux :<\/p>\n\n\n\n<ul class=\"wp-block-list\">\n<li>des<br>ARBRES<br>, pour lutter contre l\u2019\u00e9rosion des sols, apporter de l\u2019ombre et de lafra\u00eecheur en p\u00e9riode chaude, cr\u00e9er un microclimat favorable pour lutter contre las\u00e9cheresse , fournir le g\u00eete et le couvert pour tous les auxiliaires des cultures<\/li>\n\n\n\n<li>une<br>CULTURE<br>, \u00e0 priori une prairie, du sorgho ou un m\u00e9teil (m\u00e9lange de c\u00e9r\u00e9aleet l\u00e9gumineuse) \u00e0 faire p\u00e2turer<\/li>\n\n\n\n<li>des<br>ANIMAUX<br>: nos vaches, qui trouveront ainsi plus de ressource fourrag\u00e8re,en particulier en \u00e9t\u00e9 quand plus rien ne pousse, sauf les arbres !<br>Nous allons donc organiser en fin d\u2019hiver un week-end de plantation pour mettreen place des bandes d\u2019arbres : MURIER BLANC en arbre fourrager, et MERISIER,ALISIER, FR\u00caNE \u2026 en arbre de \u00ab haute tige \u00bb, destin\u00e9 \u00e0 fournir de l\u2019ombre.<br>Vous souhaitez vous joindre \u00e0 nous ? Inscrivez vous (sur le site, sur le march\u00e9),pr\u00e9parez vos binettes, b\u00eache, s\u00e9cateur, gants, bottes ou tout simplement votrebonne humeur, si vous le souhaitez une bouteille ou un petit plat \u00e0 partager (maison pr\u00e9voit un plat chaud et les desserts), vos couverts\u2026 Et en avant<br>\u00ab Plantons des arbres et les racines de notre avenir s&rsquo;enfonceront dans lesol et une canop\u00e9e de l&rsquo;espoir s&rsquo;\u00e9l\u00e8vera vers le ciel. \u00bb Wangari Maathai<br>Belle ann\u00e9e \u00e0 tous<br>SITE de la Marg&rsquo;Aude<\/li>\n\n\n\n<li>https:\/\/www.lamargaude.fr\/<\/li>\n<\/ul>\n","protected":false},"excerpt":{"rendered":"<p>Chers clients et amis,Voici pour nous le moment de vous pr\u00e9senter nos voeux : Que cettenouvelle ann\u00e9e soit comme une for\u00eat : pleine de vie, de diversit\u00e9 etd&rsquo;harmonie.Puisse chaque jour de 2024 \u00eatre un feuillage qui cro\u00eet, une fleur quis&rsquo;\u00e9panouit, une \u00e9toile qui brille dans votre ciel.Et pour continuer \u00e0 avancer ensemble dans un monde &hellip; <\/p>\n<p class=\"link-more\"><a href=\"https:\/\/payra-monvillage.fr\/index.php\/la-margaude\/\" class=\"more-link\">Continuer la lecture<span class=\"screen-reader-text\"> de &laquo;&nbsp;La Margaude&nbsp;&raquo;<\/span><\/a><\/p>\n","protected":false},"author":1,"featured_media":0,"parent":0,"menu_order":0,"comment_status":"closed","ping_status":"closed","template":"","meta":{"footnotes":""},"class_list":["post-3317","page","type-page","status-publish","hentry"],"_links":{"self":[{"href":"https:\/\/payra-monvillage.fr\/index.php\/wp-json\/wp\/v2\/pages\/3317","targetHints":{"allow":["GET"]}}],"collection":[{"href":"https:\/\/payra-monvillage.fr\/index.php\/wp-json\/wp\/v2\/pages"}],"about":[{"href":"https:\/\/payra-monvillage.fr\/index.php\/wp-json\/wp\/v2\/types\/page"}],"author":[{"embeddable":true,"href":"https:\/\/payra-monvillage.fr\/index.php\/wp-json\/wp\/v2\/users\/1"}],"replies":[{"embeddable":true,"href":"https:\/\/payra-monvillage.fr\/index.php\/wp-json\/wp\/v2\/comments?post=3317"}],"version-history":[{"count":3,"href":"https:\/\/payra-monvillage.fr\/index.php\/wp-json\/wp\/v2\/pages\/3317\/revisions"}],"predecessor-version":[{"id":3321,"href":"https:\/\/payra-monvillage.fr\/index.php\/wp-json\/wp\/v2\/pages\/3317\/revisions\/3321"}],"wp:attachment":[{"href":"https:\/\/payra-monvillage.fr\/index.php\/wp-json\/wp\/v2\/media?parent=3317"}],"curies":[{"name":"wp","href":"https:\/\/api.w.org\/{rel}","templated":true}]}}