{"id":3280,"date":"2024-01-08T09:15:14","date_gmt":"2024-01-08T08:15:14","guid":{"rendered":"https:\/\/payra-monvillage.fr\/?page_id=3280"},"modified":"2024-02-11T19:07:31","modified_gmt":"2024-02-11T18:07:31","slug":"les-voeux-de-la-municipalite","status":"publish","type":"page","link":"https:\/\/payra-monvillage.fr\/index.php\/les-voeux-de-la-municipalite\/","title":{"rendered":"La vie du Village 2024."},"content":{"rendered":"\n<p>Les v\u0153ux de la Municipalit\u00e9<\/p>\n\n\n\n<p>DIMANCHE 7 JANVIER 2024<\/p>\n\n\n\n<figure class=\"wp-block-image size-large\"><img loading=\"lazy\" decoding=\"async\" width=\"1024\" height=\"768\" src=\"https:\/\/payra-monvillage.fr\/wp-content\/uploads\/2024\/01\/IMG-20240107-WA0006-1024x768.jpg\" alt=\"\" class=\"wp-image-3281\" srcset=\"https:\/\/payra-monvillage.fr\/wp-content\/uploads\/2024\/01\/IMG-20240107-WA0006-1024x768.jpg 1024w, https:\/\/payra-monvillage.fr\/wp-content\/uploads\/2024\/01\/IMG-20240107-WA0006-300x225.jpg 300w, https:\/\/payra-monvillage.fr\/wp-content\/uploads\/2024\/01\/IMG-20240107-WA0006-768x576.jpg 768w, https:\/\/payra-monvillage.fr\/wp-content\/uploads\/2024\/01\/IMG-20240107-WA0006-1536x1152.jpg 1536w, https:\/\/payra-monvillage.fr\/wp-content\/uploads\/2024\/01\/IMG-20240107-WA0006.jpg 1600w\" sizes=\"auto, (max-width: 767px) 89vw, (max-width: 1000px) 54vw, (max-width: 1071px) 543px, 580px\" \/><\/figure>\n\n\n\n<figure class=\"wp-block-image size-large\"><img loading=\"lazy\" decoding=\"async\" width=\"1024\" height=\"768\" src=\"https:\/\/payra-monvillage.fr\/wp-content\/uploads\/2024\/01\/IMG-20240107-WA0005-1024x768.jpg\" alt=\"\" class=\"wp-image-3282\" srcset=\"https:\/\/payra-monvillage.fr\/wp-content\/uploads\/2024\/01\/IMG-20240107-WA0005-1024x768.jpg 1024w, https:\/\/payra-monvillage.fr\/wp-content\/uploads\/2024\/01\/IMG-20240107-WA0005-300x225.jpg 300w, https:\/\/payra-monvillage.fr\/wp-content\/uploads\/2024\/01\/IMG-20240107-WA0005-768x576.jpg 768w, https:\/\/payra-monvillage.fr\/wp-content\/uploads\/2024\/01\/IMG-20240107-WA0005-1536x1152.jpg 1536w, https:\/\/payra-monvillage.fr\/wp-content\/uploads\/2024\/01\/IMG-20240107-WA0005.jpg 1600w\" sizes=\"auto, (max-width: 767px) 89vw, (max-width: 1000px) 54vw, (max-width: 1071px) 543px, 580px\" \/><\/figure>\n\n\n\n<figure class=\"wp-block-gallery has-nested-images columns-default is-cropped wp-block-gallery-1 is-layout-flex wp-block-gallery-is-layout-flex\">\n<figure class=\"wp-block-image size-large\"><img loading=\"lazy\" decoding=\"async\" width=\"1024\" height=\"768\" data-id=\"3283\" src=\"https:\/\/payra-monvillage.fr\/wp-content\/uploads\/2024\/01\/IMG-20240107-WA0001-1024x768.jpg\" alt=\"\" class=\"wp-image-3283\" srcset=\"https:\/\/payra-monvillage.fr\/wp-content\/uploads\/2024\/01\/IMG-20240107-WA0001-1024x768.jpg 1024w, https:\/\/payra-monvillage.fr\/wp-content\/uploads\/2024\/01\/IMG-20240107-WA0001-300x225.jpg 300w, https:\/\/payra-monvillage.fr\/wp-content\/uploads\/2024\/01\/IMG-20240107-WA0001-768x576.jpg 768w, https:\/\/payra-monvillage.fr\/wp-content\/uploads\/2024\/01\/IMG-20240107-WA0001-1536x1152.jpg 1536w, https:\/\/payra-monvillage.fr\/wp-content\/uploads\/2024\/01\/IMG-20240107-WA0001.jpg 1600w\" sizes=\"auto, (max-width: 767px) 89vw, (max-width: 1000px) 54vw, (max-width: 1071px) 543px, 580px\" \/><\/figure>\n\n\n\n<figure class=\"wp-block-image size-large\"><img loading=\"lazy\" decoding=\"async\" width=\"1024\" height=\"874\" data-id=\"3284\" src=\"https:\/\/payra-monvillage.fr\/wp-content\/uploads\/2024\/01\/IMG-20240107-WA0004-1024x874.jpg\" alt=\"\" class=\"wp-image-3284\" srcset=\"https:\/\/payra-monvillage.fr\/wp-content\/uploads\/2024\/01\/IMG-20240107-WA0004-1024x874.jpg 1024w, https:\/\/payra-monvillage.fr\/wp-content\/uploads\/2024\/01\/IMG-20240107-WA0004-300x256.jpg 300w, https:\/\/payra-monvillage.fr\/wp-content\/uploads\/2024\/01\/IMG-20240107-WA0004-768x655.jpg 768w, https:\/\/payra-monvillage.fr\/wp-content\/uploads\/2024\/01\/IMG-20240107-WA0004-1536x1310.jpg 1536w, https:\/\/payra-monvillage.fr\/wp-content\/uploads\/2024\/01\/IMG-20240107-WA0004.jpg 1600w\" sizes=\"auto, (max-width: 767px) 89vw, (max-width: 1000px) 54vw, (max-width: 1071px) 543px, 580px\" \/><\/figure>\n<\/figure>\n\n\n\n<figure class=\"wp-block-gallery has-nested-images columns-default is-cropped wp-block-gallery-2 is-layout-flex wp-block-gallery-is-layout-flex\">\n<figure class=\"wp-block-image size-large\"><img loading=\"lazy\" decoding=\"async\" width=\"1024\" height=\"773\" data-id=\"3286\" src=\"https:\/\/payra-monvillage.fr\/wp-content\/uploads\/2024\/01\/IMG-20240107-WA0002-1024x773.jpg\" alt=\"\" class=\"wp-image-3286\" srcset=\"https:\/\/payra-monvillage.fr\/wp-content\/uploads\/2024\/01\/IMG-20240107-WA0002-1024x773.jpg 1024w, https:\/\/payra-monvillage.fr\/wp-content\/uploads\/2024\/01\/IMG-20240107-WA0002-300x226.jpg 300w, https:\/\/payra-monvillage.fr\/wp-content\/uploads\/2024\/01\/IMG-20240107-WA0002-768x580.jpg 768w, https:\/\/payra-monvillage.fr\/wp-content\/uploads\/2024\/01\/IMG-20240107-WA0002-1536x1159.jpg 1536w, https:\/\/payra-monvillage.fr\/wp-content\/uploads\/2024\/01\/IMG-20240107-WA0002.jpg 1599w\" sizes=\"auto, (max-width: 767px) 89vw, (max-width: 1000px) 54vw, (max-width: 1071px) 543px, 580px\" \/><\/figure>\n\n\n\n<figure class=\"wp-block-image size-large\"><img loading=\"lazy\" decoding=\"async\" width=\"1024\" height=\"748\" data-id=\"3285\" src=\"https:\/\/payra-monvillage.fr\/wp-content\/uploads\/2024\/01\/IMG-20240107-WA0003-1024x748.jpg\" alt=\"\" class=\"wp-image-3285\" srcset=\"https:\/\/payra-monvillage.fr\/wp-content\/uploads\/2024\/01\/IMG-20240107-WA0003-1024x748.jpg 1024w, https:\/\/payra-monvillage.fr\/wp-content\/uploads\/2024\/01\/IMG-20240107-WA0003-300x219.jpg 300w, https:\/\/payra-monvillage.fr\/wp-content\/uploads\/2024\/01\/IMG-20240107-WA0003-768x561.jpg 768w, https:\/\/payra-monvillage.fr\/wp-content\/uploads\/2024\/01\/IMG-20240107-WA0003-1536x1122.jpg 1536w, https:\/\/payra-monvillage.fr\/wp-content\/uploads\/2024\/01\/IMG-20240107-WA0003.jpg 1600w\" sizes=\"auto, (max-width: 767px) 89vw, (max-width: 1000px) 54vw, (max-width: 1071px) 543px, 580px\" \/><\/figure>\n<\/figure>\n\n\n\n<figure class=\"wp-block-gallery has-nested-images columns-default is-cropped wp-block-gallery-3 is-layout-flex wp-block-gallery-is-layout-flex\">\n<figure class=\"wp-block-image size-large\"><img loading=\"lazy\" decoding=\"async\" width=\"1024\" height=\"934\" data-id=\"3287\" src=\"https:\/\/payra-monvillage.fr\/wp-content\/uploads\/2024\/01\/IMG-20240107-WA0007-1024x934.jpg\" alt=\"\" class=\"wp-image-3287\" srcset=\"https:\/\/payra-monvillage.fr\/wp-content\/uploads\/2024\/01\/IMG-20240107-WA0007-1024x934.jpg 1024w, https:\/\/payra-monvillage.fr\/wp-content\/uploads\/2024\/01\/IMG-20240107-WA0007-300x274.jpg 300w, https:\/\/payra-monvillage.fr\/wp-content\/uploads\/2024\/01\/IMG-20240107-WA0007-768x700.jpg 768w, https:\/\/payra-monvillage.fr\/wp-content\/uploads\/2024\/01\/IMG-20240107-WA0007-1536x1401.jpg 1536w, https:\/\/payra-monvillage.fr\/wp-content\/uploads\/2024\/01\/IMG-20240107-WA0007.jpg 1599w\" sizes=\"auto, (max-width: 767px) 89vw, (max-width: 1000px) 54vw, (max-width: 1071px) 543px, 580px\" \/><\/figure>\n\n\n\n<figure class=\"wp-block-image size-large\"><img loading=\"lazy\" decoding=\"async\" width=\"1024\" height=\"902\" data-id=\"3288\" src=\"https:\/\/payra-monvillage.fr\/wp-content\/uploads\/2024\/01\/IMG-20240107-WA0010-1024x902.jpg\" alt=\"\" class=\"wp-image-3288\" srcset=\"https:\/\/payra-monvillage.fr\/wp-content\/uploads\/2024\/01\/IMG-20240107-WA0010-1024x902.jpg 1024w, https:\/\/payra-monvillage.fr\/wp-content\/uploads\/2024\/01\/IMG-20240107-WA0010-300x264.jpg 300w, https:\/\/payra-monvillage.fr\/wp-content\/uploads\/2024\/01\/IMG-20240107-WA0010-768x676.jpg 768w, https:\/\/payra-monvillage.fr\/wp-content\/uploads\/2024\/01\/IMG-20240107-WA0010.jpg 1489w\" sizes=\"auto, (max-width: 767px) 89vw, (max-width: 1000px) 54vw, (max-width: 1071px) 543px, 580px\" \/><\/figure>\n<\/figure>\n\n\n\n<figure class=\"wp-block-gallery has-nested-images columns-default is-cropped wp-block-gallery-4 is-layout-flex wp-block-gallery-is-layout-flex\">\n<figure class=\"wp-block-image size-large\"><img loading=\"lazy\" decoding=\"async\" width=\"1024\" height=\"739\" data-id=\"3292\" src=\"https:\/\/payra-monvillage.fr\/wp-content\/uploads\/2024\/01\/IMG-20240107-WA0008-1-1024x739.jpg\" alt=\"\" class=\"wp-image-3292\" srcset=\"https:\/\/payra-monvillage.fr\/wp-content\/uploads\/2024\/01\/IMG-20240107-WA0008-1-1024x739.jpg 1024w, https:\/\/payra-monvillage.fr\/wp-content\/uploads\/2024\/01\/IMG-20240107-WA0008-1-300x216.jpg 300w, https:\/\/payra-monvillage.fr\/wp-content\/uploads\/2024\/01\/IMG-20240107-WA0008-1-768x554.jpg 768w, https:\/\/payra-monvillage.fr\/wp-content\/uploads\/2024\/01\/IMG-20240107-WA0008-1-1536x1108.jpg 1536w, https:\/\/payra-monvillage.fr\/wp-content\/uploads\/2024\/01\/IMG-20240107-WA0008-1.jpg 1600w\" sizes=\"auto, (max-width: 767px) 89vw, (max-width: 1000px) 54vw, (max-width: 1071px) 543px, 580px\" \/><\/figure>\n\n\n\n<figure class=\"wp-block-image size-large\"><img loading=\"lazy\" decoding=\"async\" width=\"1024\" height=\"768\" data-id=\"3293\" src=\"https:\/\/payra-monvillage.fr\/wp-content\/uploads\/2024\/01\/IMG-20240107-WA0009-1024x768.jpg\" alt=\"\" class=\"wp-image-3293\" srcset=\"https:\/\/payra-monvillage.fr\/wp-content\/uploads\/2024\/01\/IMG-20240107-WA0009-1024x768.jpg 1024w, https:\/\/payra-monvillage.fr\/wp-content\/uploads\/2024\/01\/IMG-20240107-WA0009-300x225.jpg 300w, https:\/\/payra-monvillage.fr\/wp-content\/uploads\/2024\/01\/IMG-20240107-WA0009-768x576.jpg 768w, https:\/\/payra-monvillage.fr\/wp-content\/uploads\/2024\/01\/IMG-20240107-WA0009-1536x1152.jpg 1536w, https:\/\/payra-monvillage.fr\/wp-content\/uploads\/2024\/01\/IMG-20240107-WA0009.jpg 1600w\" sizes=\"auto, (max-width: 767px) 89vw, (max-width: 1000px) 54vw, (max-width: 1071px) 543px, 580px\" \/><\/figure>\n<\/figure>\n\n\n\n<p>Photographies B\u00e9atrice<\/p>\n\n\n\n<p><\/p>\n","protected":false},"excerpt":{"rendered":"<p>Les v\u0153ux de la Municipalit\u00e9 DIMANCHE 7 JANVIER 2024 Photographies B\u00e9atrice<\/p>\n","protected":false},"author":1,"featured_media":0,"parent":0,"menu_order":0,"comment_status":"closed","ping_status":"closed","template":"","meta":{"footnotes":""},"class_list":["post-3280","page","type-page","status-publish","hentry"],"_links":{"self":[{"href":"https:\/\/payra-monvillage.fr\/index.php\/wp-json\/wp\/v2\/pages\/3280","targetHints":{"allow":["GET"]}}],"collection":[{"href":"https:\/\/payra-monvillage.fr\/index.php\/wp-json\/wp\/v2\/pages"}],"about":[{"href":"https:\/\/payra-monvillage.fr\/index.php\/wp-json\/wp\/v2\/types\/page"}],"author":[{"embeddable":true,"href":"https:\/\/payra-monvillage.fr\/index.php\/wp-json\/wp\/v2\/users\/1"}],"replies":[{"embeddable":true,"href":"https:\/\/payra-monvillage.fr\/index.php\/wp-json\/wp\/v2\/comments?post=3280"}],"version-history":[{"count":4,"href":"https:\/\/payra-monvillage.fr\/index.php\/wp-json\/wp\/v2\/pages\/3280\/revisions"}],"predecessor-version":[{"id":3415,"href":"https:\/\/payra-monvillage.fr\/index.php\/wp-json\/wp\/v2\/pages\/3280\/revisions\/3415"}],"wp:attachment":[{"href":"https:\/\/payra-monvillage.fr\/index.php\/wp-json\/wp\/v2\/media?parent=3280"}],"curies":[{"name":"wp","href":"https:\/\/api.w.org\/{rel}","templated":true}]}}