{"id":3215,"date":"2023-12-29T17:33:50","date_gmt":"2023-12-29T16:33:50","guid":{"rendered":"https:\/\/payra-monvillage.fr\/?page_id=3215"},"modified":"2023-12-29T17:33:50","modified_gmt":"2023-12-29T16:33:50","slug":"le-bureau-de-poste","status":"publish","type":"page","link":"https:\/\/payra-monvillage.fr\/index.php\/le-bureau-de-poste\/","title":{"rendered":"Le bureau de poste"},"content":{"rendered":"\n<h2 class=\"wp-block-heading\">Le Bureau de Poste<\/h2>\n\n\n\n<p>Payra sur l&rsquo;Hers poss\u00e8de non seulement une \u00e9cole, des associations actives : le Club des 4 Saisons, Les Chemins Retrouv\u00e9s, Clocher et Pierres d&rsquo;Antan, un Comit\u00e9 des F\u00eates mais aussi un bureau de Poste, des artisans, une fromagerie, un producteur laitier avec vente de viande de vache et de veau et bien \u00e9videmment des agriculteurs.<\/p>\n\n\n\n<figure class=\"wp-block-image size-full\"><img loading=\"lazy\" decoding=\"async\" width=\"480\" height=\"640\" src=\"https:\/\/payra-monvillage.fr\/wp-content\/uploads\/2023\/12\/15-19.jpg\" alt=\"\" class=\"wp-image-3216\" srcset=\"https:\/\/payra-monvillage.fr\/wp-content\/uploads\/2023\/12\/15-19.jpg 480w, https:\/\/payra-monvillage.fr\/wp-content\/uploads\/2023\/12\/15-19-225x300.jpg 225w\" sizes=\"auto, (max-width: 480px) 100vw, 480px\" \/><\/figure>\n\n\n\n<figure class=\"wp-block-image size-full\"><img loading=\"lazy\" decoding=\"async\" width=\"480\" height=\"640\" src=\"https:\/\/payra-monvillage.fr\/wp-content\/uploads\/2023\/12\/19-19.jpg\" alt=\"\" class=\"wp-image-3217\" srcset=\"https:\/\/payra-monvillage.fr\/wp-content\/uploads\/2023\/12\/19-19.jpg 480w, https:\/\/payra-monvillage.fr\/wp-content\/uploads\/2023\/12\/19-19-225x300.jpg 225w\" sizes=\"auto, (max-width: 480px) 100vw, 480px\" \/><\/figure>\n\n\n\n<figure class=\"wp-block-image size-full\"><img loading=\"lazy\" decoding=\"async\" width=\"1000\" height=\"750\" src=\"https:\/\/payra-monvillage.fr\/wp-content\/uploads\/2023\/12\/poste-1.jpg\" alt=\"\" class=\"wp-image-3224\" srcset=\"https:\/\/payra-monvillage.fr\/wp-content\/uploads\/2023\/12\/poste-1.jpg 1000w, https:\/\/payra-monvillage.fr\/wp-content\/uploads\/2023\/12\/poste-1-300x225.jpg 300w, https:\/\/payra-monvillage.fr\/wp-content\/uploads\/2023\/12\/poste-1-768x576.jpg 768w\" sizes=\"auto, (max-width: 767px) 89vw, (max-width: 1000px) 54vw, (max-width: 1071px) 543px, 580px\" \/><\/figure>\n\n\n\n<p>Domaine de Mme Christine Darr\u00e9 pendant de nombreuse ann\u00e9es le bureau est ouvert tous les matins de 9h \u00e0 \u00a0midi et le samedi de 9h \u00e0 11h.\/ Christine  ayant pris une  retraite bien m\u00e9rit\u00e9e, une jeune femme , Aur\u00e9lie, a pris une succession pas si \u00e9vidente que \u00e7a vu le nombre de services rendus. Christine originaire de Payra connait toute la population, Colombe Laffont sa grand m\u00e8re d\u00e9j\u00e0 \u00a0\u00bb posti\u00e8re\u00a0\u00bb suivie de Marie Th\u00e9r\u00e8se Milhau puis vint le tour de Christine. <\/p>\n\n\n\n<figure class=\"wp-block-image size-full\"><img loading=\"lazy\" decoding=\"async\" width=\"640\" height=\"480\" src=\"https:\/\/payra-monvillage.fr\/wp-content\/uploads\/2023\/12\/20-18.jpg\" alt=\"\" class=\"wp-image-3218\" srcset=\"https:\/\/payra-monvillage.fr\/wp-content\/uploads\/2023\/12\/20-18.jpg 640w, https:\/\/payra-monvillage.fr\/wp-content\/uploads\/2023\/12\/20-18-300x225.jpg 300w\" sizes=\"auto, (max-width: 640px) 100vw, 640px\" \/><\/figure>\n\n\n\n<figure class=\"wp-block-image size-full\"><img loading=\"lazy\" decoding=\"async\" width=\"640\" height=\"480\" src=\"https:\/\/payra-monvillage.fr\/wp-content\/uploads\/2023\/12\/21-16.jpg\" alt=\"\" class=\"wp-image-3219\" srcset=\"https:\/\/payra-monvillage.fr\/wp-content\/uploads\/2023\/12\/21-16.jpg 640w, https:\/\/payra-monvillage.fr\/wp-content\/uploads\/2023\/12\/21-16-300x225.jpg 300w\" sizes=\"auto, (max-width: 640px) 100vw, 640px\" \/><\/figure>\n\n\n\n<p>L&rsquo;accueil y est toujours chaleureux et convivial. Le bureau de Poste de Payra devrait \u00eatre un exemple pour tous les bureaux existant encore dans nos campagnes. Dans la pi\u00e8ce d&rsquo;entr\u00e9e a \u00e9t\u00e9 install\u00e9e une biblioth\u00e8que &nbsp;\u00a0\u00bb Relais Lecture\u00a0\u00bb, parrain\u00e9e par la Biblioth\u00e8que D\u00e9partementale de l&rsquo;Aude. Le modeste prix d&rsquo;inscription 10 euros 50 vous donne droit \u00e0 cinq &nbsp;livres mensuels. C&rsquo;est \u00e0 l&rsquo;initiative de Christine que fut cr\u00e9\u00e9e la premi\u00e8re biblioth\u00e8que villageoise. B\u00e9n\u00e9volement elle&nbsp;remplissait les rayons de livres personnels ou de r\u00e9cup\u00e9ration.&nbsp; Dans le fond, un panneau o\u00f9 sont affich\u00e9s&nbsp;des renseignements concernant les villages environnants.<\/p>\n\n\n\n<figure class=\"wp-block-image size-full\"><img loading=\"lazy\" decoding=\"async\" width=\"640\" height=\"480\" src=\"https:\/\/payra-monvillage.fr\/wp-content\/uploads\/2023\/12\/22-17.jpg\" alt=\"\" class=\"wp-image-3220\" srcset=\"https:\/\/payra-monvillage.fr\/wp-content\/uploads\/2023\/12\/22-17.jpg 640w, https:\/\/payra-monvillage.fr\/wp-content\/uploads\/2023\/12\/22-17-300x225.jpg 300w\" sizes=\"auto, (max-width: 640px) 100vw, 640px\" \/><\/figure>\n","protected":false},"excerpt":{"rendered":"<p>Le Bureau de Poste Payra sur l&rsquo;Hers poss\u00e8de non seulement une \u00e9cole, des associations actives : le Club des 4 Saisons, Les Chemins Retrouv\u00e9s, Clocher et Pierres d&rsquo;Antan, un Comit\u00e9 des F\u00eates mais aussi un bureau de Poste, des artisans, une fromagerie, un producteur laitier avec vente de viande de vache et de veau et &hellip; <\/p>\n<p class=\"link-more\"><a href=\"https:\/\/payra-monvillage.fr\/index.php\/le-bureau-de-poste\/\" class=\"more-link\">Continuer la lecture<span class=\"screen-reader-text\"> de &laquo;&nbsp;Le bureau de poste&nbsp;&raquo;<\/span><\/a><\/p>\n","protected":false},"author":1,"featured_media":0,"parent":0,"menu_order":0,"comment_status":"closed","ping_status":"closed","template":"","meta":{"footnotes":""},"class_list":["post-3215","page","type-page","status-publish","hentry"],"_links":{"self":[{"href":"https:\/\/payra-monvillage.fr\/index.php\/wp-json\/wp\/v2\/pages\/3215","targetHints":{"allow":["GET"]}}],"collection":[{"href":"https:\/\/payra-monvillage.fr\/index.php\/wp-json\/wp\/v2\/pages"}],"about":[{"href":"https:\/\/payra-monvillage.fr\/index.php\/wp-json\/wp\/v2\/types\/page"}],"author":[{"embeddable":true,"href":"https:\/\/payra-monvillage.fr\/index.php\/wp-json\/wp\/v2\/users\/1"}],"replies":[{"embeddable":true,"href":"https:\/\/payra-monvillage.fr\/index.php\/wp-json\/wp\/v2\/comments?post=3215"}],"version-history":[{"count":4,"href":"https:\/\/payra-monvillage.fr\/index.php\/wp-json\/wp\/v2\/pages\/3215\/revisions"}],"predecessor-version":[{"id":3227,"href":"https:\/\/payra-monvillage.fr\/index.php\/wp-json\/wp\/v2\/pages\/3215\/revisions\/3227"}],"wp:attachment":[{"href":"https:\/\/payra-monvillage.fr\/index.php\/wp-json\/wp\/v2\/media?parent=3215"}],"curies":[{"name":"wp","href":"https:\/\/api.w.org\/{rel}","templated":true}]}}