{"id":3080,"date":"2023-12-23T18:25:10","date_gmt":"2023-12-23T17:25:10","guid":{"rendered":"https:\/\/payra-monvillage.fr\/?page_id=3080"},"modified":"2023-12-23T18:25:10","modified_gmt":"2023-12-23T17:25:10","slug":"mairie-2019-2018-2017","status":"publish","type":"page","link":"https:\/\/payra-monvillage.fr\/index.php\/mairie-2019-2018-2017\/","title":{"rendered":"Mairie 2019.2018.2017"},"content":{"rendered":"\n<h1 class=\"wp-block-heading\">Payra le 28 mai 2019<\/h1>\n\n\n\n<p>Marie-Christine BOURREL, Conseill\u00e8re D\u00e9partementale du canton de la Pi\u00e8ge au Raz\u00e8s, a assure une permanence \u00e0 la Mairie le&nbsp;<strong>:<\/strong><\/p>\n\n\n\n<p><strong>Mardi 28 mai 2019<\/strong><\/p>\n\n\n\n<p><strong>de 13h30 \u00e0 14h15<\/strong><\/p>\n\n\n\n<p>Avis personnel: cette tranche horaire&nbsp; n&rsquo;a pas convenu aux habitants et c&rsquo;est regrettable. Madame Christine Bourrel est ouverte et \u00e0 l&rsquo;\u00e9coute de tout un chacun pour les probl\u00e8mes qui concernent la commune et \u00e9ventuellement aider et&nbsp;trouver des solutions \u00e0 ces probl\u00e8mes.<\/p>\n\n\n\n<figure class=\"wp-block-image size-large\"><img loading=\"lazy\" decoding=\"async\" width=\"1024\" height=\"768\" src=\"https:\/\/payra-monvillage.fr\/wp-content\/uploads\/2023\/12\/16-14-1024x768.jpg\" alt=\"\" class=\"wp-image-3082\" srcset=\"https:\/\/payra-monvillage.fr\/wp-content\/uploads\/2023\/12\/16-14-1024x768.jpg 1024w, https:\/\/payra-monvillage.fr\/wp-content\/uploads\/2023\/12\/16-14-300x225.jpg 300w, https:\/\/payra-monvillage.fr\/wp-content\/uploads\/2023\/12\/16-14-768x576.jpg 768w, https:\/\/payra-monvillage.fr\/wp-content\/uploads\/2023\/12\/16-14.jpg 1300w\" sizes=\"auto, (max-width: 767px) 89vw, (max-width: 1000px) 54vw, (max-width: 1071px) 543px, 580px\" \/><\/figure>\n\n\n\n<figure class=\"wp-block-gallery has-nested-images columns-default is-cropped wp-block-gallery-1 is-layout-flex wp-block-gallery-is-layout-flex\">\n<figure class=\"wp-block-image size-large\"><img loading=\"lazy\" decoding=\"async\" width=\"640\" height=\"480\" data-id=\"3083\" src=\"https:\/\/payra-monvillage.fr\/wp-content\/uploads\/2023\/12\/17-16.jpg\" alt=\"\" class=\"wp-image-3083\" srcset=\"https:\/\/payra-monvillage.fr\/wp-content\/uploads\/2023\/12\/17-16.jpg 640w, https:\/\/payra-monvillage.fr\/wp-content\/uploads\/2023\/12\/17-16-300x225.jpg 300w\" sizes=\"auto, (max-width: 640px) 100vw, 640px\" \/><\/figure>\n\n\n\n<figure class=\"wp-block-image size-large\"><img loading=\"lazy\" decoding=\"async\" width=\"640\" height=\"480\" data-id=\"3084\" src=\"https:\/\/payra-monvillage.fr\/wp-content\/uploads\/2023\/12\/18-15.jpg\" alt=\"\" class=\"wp-image-3084\" srcset=\"https:\/\/payra-monvillage.fr\/wp-content\/uploads\/2023\/12\/18-15.jpg 640w, https:\/\/payra-monvillage.fr\/wp-content\/uploads\/2023\/12\/18-15-300x225.jpg 300w\" sizes=\"auto, (max-width: 640px) 100vw, 640px\" \/><\/figure>\n<\/figure>\n\n\n\n<p>Dans son discours Bernard Pech citait tous les travaux r\u00e9alis\u00e9s ou achev\u00e9s en 2018 et parlait notamment des travaux&nbsp;dus aux intemp\u00e9ries&nbsp;et \u00e0 leur co\u00fbt tr\u00e8s \u00e9lev\u00e9 pour notre petite commune.<\/p>\n\n\n\n<p>Monsieur le Maire n&rsquo;oubliait pas de remercier tous les b\u00e9n\u00e9voles des diff\u00e9rentes associations qui \u0153uvraient pour le bien et le dynamisme&nbsp;de la commune.<\/p>\n\n\n\n<p>Puis, ce fut le moment&nbsp;de l&rsquo;ap\u00e9ritif et&nbsp;du partage de la galette des rois.<\/p>\n\n\n\n<figure class=\"wp-block-gallery has-nested-images columns-default is-cropped wp-block-gallery-2 is-layout-flex wp-block-gallery-is-layout-flex\">\n<figure class=\"wp-block-image size-large\"><img loading=\"lazy\" decoding=\"async\" width=\"640\" height=\"480\" data-id=\"3085\" src=\"https:\/\/payra-monvillage.fr\/wp-content\/uploads\/2023\/12\/19-16.jpg\" alt=\"\" class=\"wp-image-3085\" srcset=\"https:\/\/payra-monvillage.fr\/wp-content\/uploads\/2023\/12\/19-16.jpg 640w, https:\/\/payra-monvillage.fr\/wp-content\/uploads\/2023\/12\/19-16-300x225.jpg 300w\" sizes=\"auto, (max-width: 640px) 100vw, 640px\" \/><\/figure>\n\n\n\n<figure class=\"wp-block-image size-large\"><img loading=\"lazy\" decoding=\"async\" width=\"640\" height=\"480\" data-id=\"3086\" src=\"https:\/\/payra-monvillage.fr\/wp-content\/uploads\/2023\/12\/20-15.jpg\" alt=\"\" class=\"wp-image-3086\" srcset=\"https:\/\/payra-monvillage.fr\/wp-content\/uploads\/2023\/12\/20-15.jpg 640w, https:\/\/payra-monvillage.fr\/wp-content\/uploads\/2023\/12\/20-15-300x225.jpg 300w\" sizes=\"auto, (max-width: 640px) 100vw, 640px\" \/><\/figure>\n<\/figure>\n\n\n\n<figure class=\"wp-block-gallery has-nested-images columns-default is-cropped wp-block-gallery-3 is-layout-flex wp-block-gallery-is-layout-flex\">\n<figure class=\"wp-block-image size-large\"><img loading=\"lazy\" decoding=\"async\" width=\"640\" height=\"480\" data-id=\"3087\" src=\"https:\/\/payra-monvillage.fr\/wp-content\/uploads\/2023\/12\/21-13.jpg\" alt=\"\" class=\"wp-image-3087\" srcset=\"https:\/\/payra-monvillage.fr\/wp-content\/uploads\/2023\/12\/21-13.jpg 640w, https:\/\/payra-monvillage.fr\/wp-content\/uploads\/2023\/12\/21-13-300x225.jpg 300w\" sizes=\"auto, (max-width: 640px) 100vw, 640px\" \/><\/figure>\n\n\n\n<figure class=\"wp-block-image size-large\"><img loading=\"lazy\" decoding=\"async\" width=\"640\" height=\"480\" data-id=\"3088\" src=\"https:\/\/payra-monvillage.fr\/wp-content\/uploads\/2023\/12\/22-14.jpg\" alt=\"\" class=\"wp-image-3088\" srcset=\"https:\/\/payra-monvillage.fr\/wp-content\/uploads\/2023\/12\/22-14.jpg 640w, https:\/\/payra-monvillage.fr\/wp-content\/uploads\/2023\/12\/22-14-300x225.jpg 300w\" sizes=\"auto, (max-width: 640px) 100vw, 640px\" \/><\/figure>\n<\/figure>\n\n\n\n<p>Sur la photo, Monsieur le pr\u00e9sident de l&rsquo;association \u00ab\u00a0Clocher et Pierres d&rsquo;Antan\u00a0\u00bb a trouv\u00e9 la f\u00e8ve, aujourd&rsquo;hui, petit sujet en c\u00e9ramique.<\/p>\n\n\n\n<figure class=\"wp-block-gallery has-nested-images columns-default is-cropped wp-block-gallery-4 is-layout-flex wp-block-gallery-is-layout-flex\">\n<figure class=\"wp-block-image size-large\"><img loading=\"lazy\" decoding=\"async\" width=\"640\" height=\"480\" data-id=\"3089\" src=\"https:\/\/payra-monvillage.fr\/wp-content\/uploads\/2023\/12\/23-14.jpg\" alt=\"\" class=\"wp-image-3089\" srcset=\"https:\/\/payra-monvillage.fr\/wp-content\/uploads\/2023\/12\/23-14.jpg 640w, https:\/\/payra-monvillage.fr\/wp-content\/uploads\/2023\/12\/23-14-300x225.jpg 300w\" sizes=\"auto, (max-width: 640px) 100vw, 640px\" \/><\/figure>\n\n\n\n<figure class=\"wp-block-image size-large\"><img loading=\"lazy\" decoding=\"async\" width=\"640\" height=\"480\" data-id=\"3090\" src=\"https:\/\/payra-monvillage.fr\/wp-content\/uploads\/2023\/12\/24-15.jpg\" alt=\"\" class=\"wp-image-3090\" srcset=\"https:\/\/payra-monvillage.fr\/wp-content\/uploads\/2023\/12\/24-15.jpg 640w, https:\/\/payra-monvillage.fr\/wp-content\/uploads\/2023\/12\/24-15-300x225.jpg 300w\" sizes=\"auto, (max-width: 640px) 100vw, 640px\" \/><\/figure>\n<\/figure>\n\n\n\n<h2 class=\"wp-block-heading\">Payra 7 janvier 2018<br>Voeux de bonne ann\u00e9e, partage, verre de l&rsquo;amiti\u00e9 et galette.<\/h2>\n\n\n\n<figure class=\"wp-block-gallery has-nested-images columns-default is-cropped wp-block-gallery-5 is-layout-flex wp-block-gallery-is-layout-flex\">\n<figure class=\"wp-block-image size-large\"><img loading=\"lazy\" decoding=\"async\" width=\"835\" height=\"884\" data-id=\"3091\" src=\"https:\/\/payra-monvillage.fr\/wp-content\/uploads\/2023\/12\/25-14.jpg\" alt=\"\" class=\"wp-image-3091\" srcset=\"https:\/\/payra-monvillage.fr\/wp-content\/uploads\/2023\/12\/25-14.jpg 835w, https:\/\/payra-monvillage.fr\/wp-content\/uploads\/2023\/12\/25-14-283x300.jpg 283w, https:\/\/payra-monvillage.fr\/wp-content\/uploads\/2023\/12\/25-14-768x813.jpg 768w\" sizes=\"auto, (max-width: 767px) 89vw, (max-width: 1000px) 54vw, (max-width: 1071px) 543px, 580px\" \/><\/figure>\n<\/figure>\n\n\n\n<figure class=\"wp-block-gallery has-nested-images columns-default is-cropped wp-block-gallery-6 is-layout-flex wp-block-gallery-is-layout-flex\">\n<figure class=\"wp-block-image size-large\"><img loading=\"lazy\" decoding=\"async\" width=\"1024\" height=\"403\" data-id=\"3092\" src=\"https:\/\/payra-monvillage.fr\/wp-content\/uploads\/2023\/12\/26-12-1024x403.jpg\" alt=\"\" class=\"wp-image-3092\" srcset=\"https:\/\/payra-monvillage.fr\/wp-content\/uploads\/2023\/12\/26-12-1024x403.jpg 1024w, https:\/\/payra-monvillage.fr\/wp-content\/uploads\/2023\/12\/26-12-300x118.jpg 300w, https:\/\/payra-monvillage.fr\/wp-content\/uploads\/2023\/12\/26-12-768x302.jpg 768w, https:\/\/payra-monvillage.fr\/wp-content\/uploads\/2023\/12\/26-12.jpg 1400w\" sizes=\"auto, (max-width: 767px) 89vw, (max-width: 1000px) 54vw, (max-width: 1071px) 543px, 580px\" \/><\/figure>\n<\/figure>\n\n\n\n<p>Comme l&rsquo;a pr\u00e9cis\u00e9 Bernard Pech, maire de Payra nous avons commenc\u00e9 l&rsquo;ann\u00e9e avec un maire, Jean-Jacques Flouri\u00e9 et nous l&rsquo;avons termin\u00e9e avec un&nbsp;nouveau maire: lui-m\u00eame.&nbsp;<\/p>\n\n\n\n<p>Dans son discours Bernard Pech nous a parl\u00e9 entre autre des travaux ex\u00e9cut\u00e9s en 2017 et surtout les pr\u00e9visions pour 2018: la deuxi\u00e8me tranche de l&rsquo;enfouissement des lignes \u00e9lectriques et t\u00e9l\u00e9phoniques, des probl\u00e8mes li\u00e9s&nbsp;\u00e0 la ligne internet\/ t\u00e9l\u00e9phone qui&nbsp;ne fonctionne qu&rsquo;\u00e9pisodiquement et ce malgr\u00e9 de nombreux appels \u00e0 orange donc une intervention plus muscl\u00e9e avec l&rsquo;aide des politiques est en pr\u00e9paration.&nbsp;<\/p>\n\n\n\n<p>Monsieur le maire nous a \u00e9galement inform\u00e9 de l&rsquo;am\u00e9nagement du premier \u00e9tage de la mairie fin 2018 avec la cr\u00e9ation d&rsquo;une salle pour les diverses associations qu&rsquo;il a tenu \u00e0 remercier pour leurs activit\u00e9s, leur d\u00e9vouement et engagement \u00e0 la vie du village sans oublier&nbsp;la premi\u00e8re tranche des travaux de l&rsquo;\u00e9glise qui pourra d\u00e9buter au deuxi\u00e8me trimestre et enfin il a salu\u00e9 l&rsquo;arriv\u00e9e dans le village de deux b\u00e9b\u00e9s pr\u00eats pour la parit\u00e9: un gar\u00e7on et une fille des familles Gouin et Aveline.<\/p>\n\n\n\n<figure class=\"wp-block-gallery has-nested-images columns-default is-cropped wp-block-gallery-7 is-layout-flex wp-block-gallery-is-layout-flex\">\n<figure class=\"wp-block-image size-large\"><img loading=\"lazy\" decoding=\"async\" width=\"1024\" height=\"768\" data-id=\"3093\" src=\"https:\/\/payra-monvillage.fr\/wp-content\/uploads\/2023\/12\/27-14-1024x768.jpg\" alt=\"\" class=\"wp-image-3093\" srcset=\"https:\/\/payra-monvillage.fr\/wp-content\/uploads\/2023\/12\/27-14-1024x768.jpg 1024w, https:\/\/payra-monvillage.fr\/wp-content\/uploads\/2023\/12\/27-14-300x225.jpg 300w, https:\/\/payra-monvillage.fr\/wp-content\/uploads\/2023\/12\/27-14-768x576.jpg 768w, https:\/\/payra-monvillage.fr\/wp-content\/uploads\/2023\/12\/27-14.jpg 1300w\" sizes=\"auto, (max-width: 767px) 89vw, (max-width: 1000px) 54vw, (max-width: 1071px) 543px, 580px\" \/><\/figure>\n\n\n\n<figure class=\"wp-block-image size-large\"><img loading=\"lazy\" decoding=\"async\" width=\"1024\" height=\"768\" data-id=\"3094\" src=\"https:\/\/payra-monvillage.fr\/wp-content\/uploads\/2023\/12\/28-11-1024x768.jpg\" alt=\"\" class=\"wp-image-3094\" srcset=\"https:\/\/payra-monvillage.fr\/wp-content\/uploads\/2023\/12\/28-11-1024x768.jpg 1024w, https:\/\/payra-monvillage.fr\/wp-content\/uploads\/2023\/12\/28-11-300x225.jpg 300w, https:\/\/payra-monvillage.fr\/wp-content\/uploads\/2023\/12\/28-11-768x576.jpg 768w, https:\/\/payra-monvillage.fr\/wp-content\/uploads\/2023\/12\/28-11.jpg 1300w\" sizes=\"auto, (max-width: 767px) 89vw, (max-width: 1000px) 54vw, (max-width: 1071px) 543px, 580px\" \/><\/figure>\n<\/figure>\n\n\n\n<figure class=\"wp-block-gallery has-nested-images columns-default is-cropped wp-block-gallery-8 is-layout-flex wp-block-gallery-is-layout-flex\">\n<figure class=\"wp-block-image size-large\"><img loading=\"lazy\" decoding=\"async\" width=\"1024\" height=\"768\" data-id=\"3095\" src=\"https:\/\/payra-monvillage.fr\/wp-content\/uploads\/2023\/12\/30-12-1024x768.jpg\" alt=\"\" class=\"wp-image-3095\" srcset=\"https:\/\/payra-monvillage.fr\/wp-content\/uploads\/2023\/12\/30-12-1024x768.jpg 1024w, https:\/\/payra-monvillage.fr\/wp-content\/uploads\/2023\/12\/30-12-300x225.jpg 300w, https:\/\/payra-monvillage.fr\/wp-content\/uploads\/2023\/12\/30-12-768x576.jpg 768w, https:\/\/payra-monvillage.fr\/wp-content\/uploads\/2023\/12\/30-12.jpg 1300w\" sizes=\"auto, (max-width: 767px) 89vw, (max-width: 1000px) 54vw, (max-width: 1071px) 543px, 580px\" \/><\/figure>\n\n\n\n<figure class=\"wp-block-image size-large\"><img loading=\"lazy\" decoding=\"async\" width=\"1024\" height=\"768\" data-id=\"3096\" src=\"https:\/\/payra-monvillage.fr\/wp-content\/uploads\/2023\/12\/29-12-1024x768.jpg\" alt=\"\" class=\"wp-image-3096\" srcset=\"https:\/\/payra-monvillage.fr\/wp-content\/uploads\/2023\/12\/29-12-1024x768.jpg 1024w, https:\/\/payra-monvillage.fr\/wp-content\/uploads\/2023\/12\/29-12-300x225.jpg 300w, https:\/\/payra-monvillage.fr\/wp-content\/uploads\/2023\/12\/29-12-768x576.jpg 768w, https:\/\/payra-monvillage.fr\/wp-content\/uploads\/2023\/12\/29-12.jpg 1300w\" sizes=\"auto, (max-width: 767px) 89vw, (max-width: 1000px) 54vw, (max-width: 1071px) 543px, 580px\" \/><\/figure>\n<\/figure>\n\n\n\n<figure class=\"wp-block-gallery has-nested-images columns-default is-cropped wp-block-gallery-9 is-layout-flex wp-block-gallery-is-layout-flex\"><\/figure>\n\n\n\n<h1 class=\"wp-block-heading\">Payra 1er Ao\u00fbt 2017<\/h1>\n\n\n\n<h2 class=\"wp-block-heading\">Horaire du secr\u00e9tariat Mairie<\/h2>\n\n\n\n<figure class=\"wp-block-image size-large\"><img loading=\"lazy\" decoding=\"async\" width=\"1024\" height=\"768\" src=\"https:\/\/payra-monvillage.fr\/wp-content\/uploads\/2023\/12\/31-12-1024x768.jpg\" alt=\"\" class=\"wp-image-3098\" srcset=\"https:\/\/payra-monvillage.fr\/wp-content\/uploads\/2023\/12\/31-12-1024x768.jpg 1024w, https:\/\/payra-monvillage.fr\/wp-content\/uploads\/2023\/12\/31-12-300x225.jpg 300w, https:\/\/payra-monvillage.fr\/wp-content\/uploads\/2023\/12\/31-12-768x576.jpg 768w, https:\/\/payra-monvillage.fr\/wp-content\/uploads\/2023\/12\/31-12.jpg 1300w\" sizes=\"auto, (max-width: 767px) 89vw, (max-width: 1000px) 54vw, (max-width: 1071px) 543px, 580px\" \/><\/figure>\n\n\n\n<p>Jusqu&rsquo;au 6 ao\u00fbt, Mme Carbon:<\/p>\n\n\n\n<p>mardi, mercredi et vendredi matin de 8h30 \u00e0 12h<\/p>\n\n\n\n<p>Du 6 ao\u00fbt au 13 ao\u00fbt, Mme Carbon et Mr Soula:<\/p>\n\n\n\n<p>horaire habituel annuel<\/p>\n\n\n\n<p>lundi, mardi, mercredi, vendredi de 8h30 \u00e0 12h<\/p>\n\n\n\n<p>mercredi de 13h \u00e0 17h<\/p>\n\n\n\n<p>Du 14 ao\u00fbt au 2 septembre, Mr Soula:<\/p>\n\n\n\n<p>lundi, mercredi de 8h30 \u00e0 12h et mercredi de 13h \u00e0 17h<\/p>\n\n\n\n<p>Attention, la mairie et ferm\u00e9e le jeudi.<\/p>\n\n\n\n<p>Cordialement,<\/p>\n\n\n\n<p>L&rsquo;\u00e9quipe municipale<\/p>\n\n\n\n<h2 class=\"wp-block-heading\">Payra le 21 juillet 2017<\/h2>\n\n\n\n<figure class=\"wp-block-image size-large\"><img loading=\"lazy\" decoding=\"async\" width=\"768\" height=\"1024\" src=\"https:\/\/payra-monvillage.fr\/wp-content\/uploads\/2023\/12\/34-10-768x1024.jpg\" alt=\"\" class=\"wp-image-3099\" srcset=\"https:\/\/payra-monvillage.fr\/wp-content\/uploads\/2023\/12\/34-10-768x1024.jpg 768w, https:\/\/payra-monvillage.fr\/wp-content\/uploads\/2023\/12\/34-10-225x300.jpg 225w, https:\/\/payra-monvillage.fr\/wp-content\/uploads\/2023\/12\/34-10-1152x1536.jpg 1152w, https:\/\/payra-monvillage.fr\/wp-content\/uploads\/2023\/12\/34-10.jpg 1300w\" sizes=\"auto, (max-width: 767px) 89vw, (max-width: 1000px) 54vw, (max-width: 1071px) 543px, 580px\" \/><\/figure>\n\n\n\n<p>Suite \u00e0 la d\u00e9mission de Mr J.Jacques Flouri\u00e9, &nbsp;Mr Bernard Pech devient Maire de Payra sur l&rsquo;Hers.<\/p>\n\n\n\n<p>Lors d&rsquo;une petite c\u00e9r\u00e9monie suivie du pot de l&rsquo;amiti\u00e9, le 21 juillet 2017, J.J Flouri\u00e9 a fait le bilan de son mandat en indiquant que les finances \u00e9taient saines&nbsp;et a pass\u00e9 la main \u00e0 Bernard Pech qui a donn\u00e9 les principaux objectifs \u00e0 atteindre pour les ann\u00e9es \u00e0 venir.&nbsp;<\/p>\n\n\n\n<figure class=\"wp-block-gallery has-nested-images columns-default is-cropped wp-block-gallery-10 is-layout-flex wp-block-gallery-is-layout-flex\">\n<figure class=\"wp-block-image size-large\"><img loading=\"lazy\" decoding=\"async\" width=\"768\" height=\"1024\" data-id=\"3100\" src=\"https:\/\/payra-monvillage.fr\/wp-content\/uploads\/2023\/12\/32-10-768x1024.jpg\" alt=\"\" class=\"wp-image-3100\" srcset=\"https:\/\/payra-monvillage.fr\/wp-content\/uploads\/2023\/12\/32-10-768x1024.jpg 768w, https:\/\/payra-monvillage.fr\/wp-content\/uploads\/2023\/12\/32-10-225x300.jpg 225w, https:\/\/payra-monvillage.fr\/wp-content\/uploads\/2023\/12\/32-10-1152x1536.jpg 1152w, https:\/\/payra-monvillage.fr\/wp-content\/uploads\/2023\/12\/32-10.jpg 1300w\" sizes=\"auto, (max-width: 767px) 89vw, (max-width: 1000px) 54vw, (max-width: 1071px) 543px, 580px\" \/><\/figure>\n\n\n\n<figure class=\"wp-block-image size-large\"><img loading=\"lazy\" decoding=\"async\" width=\"768\" height=\"1024\" data-id=\"3101\" src=\"https:\/\/payra-monvillage.fr\/wp-content\/uploads\/2023\/12\/33-11-768x1024.jpg\" alt=\"\" class=\"wp-image-3101\" srcset=\"https:\/\/payra-monvillage.fr\/wp-content\/uploads\/2023\/12\/33-11-768x1024.jpg 768w, https:\/\/payra-monvillage.fr\/wp-content\/uploads\/2023\/12\/33-11-225x300.jpg 225w, https:\/\/payra-monvillage.fr\/wp-content\/uploads\/2023\/12\/33-11-1152x1536.jpg 1152w, https:\/\/payra-monvillage.fr\/wp-content\/uploads\/2023\/12\/33-11.jpg 1300w\" sizes=\"auto, (max-width: 767px) 89vw, (max-width: 1000px) 54vw, (max-width: 1071px) 543px, 580px\" \/><\/figure>\n<\/figure>\n\n\n\n<figure class=\"wp-block-gallery has-nested-images columns-default is-cropped wp-block-gallery-11 is-layout-flex wp-block-gallery-is-layout-flex\">\n<figure class=\"wp-block-image size-large\"><img loading=\"lazy\" decoding=\"async\" width=\"1024\" height=\"768\" data-id=\"3102\" src=\"https:\/\/payra-monvillage.fr\/wp-content\/uploads\/2023\/12\/36-12-1024x768.jpg\" alt=\"\" class=\"wp-image-3102\" srcset=\"https:\/\/payra-monvillage.fr\/wp-content\/uploads\/2023\/12\/36-12-1024x768.jpg 1024w, https:\/\/payra-monvillage.fr\/wp-content\/uploads\/2023\/12\/36-12-300x225.jpg 300w, https:\/\/payra-monvillage.fr\/wp-content\/uploads\/2023\/12\/36-12-768x576.jpg 768w, https:\/\/payra-monvillage.fr\/wp-content\/uploads\/2023\/12\/36-12.jpg 1300w\" sizes=\"auto, (max-width: 767px) 89vw, (max-width: 1000px) 54vw, (max-width: 1071px) 543px, 580px\" \/><\/figure>\n<\/figure>\n\n\n\n<p>Lors des discours une salle attentive.<\/p>\n\n\n\n<figure class=\"wp-block-image size-large\"><img loading=\"lazy\" decoding=\"async\" width=\"1024\" height=\"768\" src=\"https:\/\/payra-monvillage.fr\/wp-content\/uploads\/2023\/12\/35-11-1024x768.jpg\" alt=\"\" class=\"wp-image-3103\" srcset=\"https:\/\/payra-monvillage.fr\/wp-content\/uploads\/2023\/12\/35-11-1024x768.jpg 1024w, https:\/\/payra-monvillage.fr\/wp-content\/uploads\/2023\/12\/35-11-300x225.jpg 300w, https:\/\/payra-monvillage.fr\/wp-content\/uploads\/2023\/12\/35-11-768x576.jpg 768w, https:\/\/payra-monvillage.fr\/wp-content\/uploads\/2023\/12\/35-11.jpg 1300w\" sizes=\"auto, (max-width: 767px) 89vw, (max-width: 1000px) 54vw, (max-width: 1071px) 543px, 580px\" \/><\/figure>\n\n\n\n<p>Suivi du pot de l&rsquo;amiti\u00e9<\/p>\n\n\n\n<figure class=\"wp-block-gallery has-nested-images columns-default is-cropped wp-block-gallery-12 is-layout-flex wp-block-gallery-is-layout-flex\">\n<figure class=\"wp-block-image size-large\"><img loading=\"lazy\" decoding=\"async\" width=\"1024\" height=\"768\" data-id=\"3104\" src=\"https:\/\/payra-monvillage.fr\/wp-content\/uploads\/2023\/12\/37-12-1024x768.jpg\" alt=\"\" class=\"wp-image-3104\" srcset=\"https:\/\/payra-monvillage.fr\/wp-content\/uploads\/2023\/12\/37-12-1024x768.jpg 1024w, https:\/\/payra-monvillage.fr\/wp-content\/uploads\/2023\/12\/37-12-300x225.jpg 300w, https:\/\/payra-monvillage.fr\/wp-content\/uploads\/2023\/12\/37-12-768x576.jpg 768w, https:\/\/payra-monvillage.fr\/wp-content\/uploads\/2023\/12\/37-12.jpg 1300w\" sizes=\"auto, (max-width: 767px) 89vw, (max-width: 1000px) 54vw, (max-width: 1071px) 543px, 580px\" \/><\/figure>\n<\/figure>\n\n\n\n<figure class=\"wp-block-image size-full\"><img loading=\"lazy\" decoding=\"async\" width=\"480\" height=\"360\" src=\"https:\/\/payra-monvillage.fr\/wp-content\/uploads\/2023\/12\/38-10.jpg\" alt=\"\" class=\"wp-image-3105\" srcset=\"https:\/\/payra-monvillage.fr\/wp-content\/uploads\/2023\/12\/38-10.jpg 480w, https:\/\/payra-monvillage.fr\/wp-content\/uploads\/2023\/12\/38-10-300x225.jpg 300w\" sizes=\"auto, (max-width: 480px) 100vw, 480px\" \/><\/figure>\n\n\n\n<figure class=\"wp-block-image size-full\"><img loading=\"lazy\" decoding=\"async\" width=\"480\" height=\"360\" src=\"https:\/\/payra-monvillage.fr\/wp-content\/uploads\/2023\/12\/40-9.jpg\" alt=\"\" class=\"wp-image-3106\" srcset=\"https:\/\/payra-monvillage.fr\/wp-content\/uploads\/2023\/12\/40-9.jpg 480w, https:\/\/payra-monvillage.fr\/wp-content\/uploads\/2023\/12\/40-9-300x225.jpg 300w\" sizes=\"auto, (max-width: 480px) 100vw, 480px\" \/><\/figure>\n\n\n\n<p>Monsieur le Pr\u00e9sident du Conseil D\u00e9partemental Andr\u00e9 Viola en pr\u00e9sence de Monsieur le Maire Jacques Flouri\u00e9.<\/p>\n\n\n\n<p>Le Conseil Municipal \u00e9lu en 2015 &nbsp;<\/p>\n\n\n\n<p>&nbsp;Maire : M. J.Jacques Flouri\u00e9<\/p>\n\n\n\n<p>Adjoints :&nbsp;<\/p>\n\n\n\n<p>&#8211;&nbsp;M.Paul Neveling<\/p>\n\n\n\n<p>&#8211; Mme Genevi\u00e8ve Guibbert-Morillo<\/p>\n\n\n\n<p>&#8211; M.J.Pierre Flumian<\/p>\n\n\n\n<p>Conseillers Municipaux:&nbsp;<\/p>\n\n\n\n<p>Mme&nbsp;Karine Rouquet-Granat<\/p>\n\n\n\n<p>Mme&nbsp;Sophie Lemoine<\/p>\n\n\n\n<p>Mme&nbsp;Fanny Flouri\u00e9<\/p>\n\n\n\n<p>M.&nbsp;Bernard Pech<\/p>\n\n\n\n<p>M.&nbsp;Jacques Pennavaire<\/p>\n\n\n\n<p>M.&nbsp;Timoth\u00e9e L&rsquo;Homel<\/p>\n\n\n\n<p>M.&nbsp;J\u00e9r\u00f4me Gaubert<\/p>\n","protected":false},"excerpt":{"rendered":"<p>Payra le 28 mai 2019 Marie-Christine BOURREL, Conseill\u00e8re D\u00e9partementale du canton de la Pi\u00e8ge au Raz\u00e8s, a assure une permanence \u00e0 la Mairie le&nbsp;: Mardi 28 mai 2019 de 13h30 \u00e0 14h15 Avis personnel: cette tranche horaire&nbsp; n&rsquo;a pas convenu aux habitants et c&rsquo;est regrettable. Madame Christine Bourrel est ouverte et \u00e0 l&rsquo;\u00e9coute de tout &hellip; <\/p>\n<p class=\"link-more\"><a href=\"https:\/\/payra-monvillage.fr\/index.php\/mairie-2019-2018-2017\/\" class=\"more-link\">Continuer la lecture<span class=\"screen-reader-text\"> de &laquo;&nbsp;Mairie 2019.2018.2017&nbsp;&raquo;<\/span><\/a><\/p>\n","protected":false},"author":1,"featured_media":0,"parent":0,"menu_order":0,"comment_status":"closed","ping_status":"closed","template":"","meta":{"footnotes":""},"class_list":["post-3080","page","type-page","status-publish","hentry"],"_links":{"self":[{"href":"https:\/\/payra-monvillage.fr\/index.php\/wp-json\/wp\/v2\/pages\/3080","targetHints":{"allow":["GET"]}}],"collection":[{"href":"https:\/\/payra-monvillage.fr\/index.php\/wp-json\/wp\/v2\/pages"}],"about":[{"href":"https:\/\/payra-monvillage.fr\/index.php\/wp-json\/wp\/v2\/types\/page"}],"author":[{"embeddable":true,"href":"https:\/\/payra-monvillage.fr\/index.php\/wp-json\/wp\/v2\/users\/1"}],"replies":[{"embeddable":true,"href":"https:\/\/payra-monvillage.fr\/index.php\/wp-json\/wp\/v2\/comments?post=3080"}],"version-history":[{"count":3,"href":"https:\/\/payra-monvillage.fr\/index.php\/wp-json\/wp\/v2\/pages\/3080\/revisions"}],"predecessor-version":[{"id":3107,"href":"https:\/\/payra-monvillage.fr\/index.php\/wp-json\/wp\/v2\/pages\/3080\/revisions\/3107"}],"wp:attachment":[{"href":"https:\/\/payra-monvillage.fr\/index.php\/wp-json\/wp\/v2\/media?parent=3080"}],"curies":[{"name":"wp","href":"https:\/\/api.w.org\/{rel}","templated":true}]}}