{"id":3060,"date":"2023-12-23T12:10:49","date_gmt":"2023-12-23T11:10:49","guid":{"rendered":"https:\/\/payra-monvillage.fr\/?page_id=3060"},"modified":"2023-12-23T12:10:49","modified_gmt":"2023-12-23T11:10:49","slug":"mairie-2020","status":"publish","type":"page","link":"https:\/\/payra-monvillage.fr\/index.php\/mairie-2020\/","title":{"rendered":"Mairie 2020"},"content":{"rendered":"\n<p>Bonjour \u00e0 tous,<\/p>\n\n\n\n<p>Suite \u00e0 la d\u00e9cision nationale, le nouveau Conseil municipal a \u00e9t\u00e9<\/p>\n\n\n\n<p>install\u00e9 le 23 mai dernier.<\/p>\n\n\n\n<p>Il a \u00e9t\u00e9 proc\u00e9d\u00e9 \u00e0 l&rsquo;\u00e9lection du Maire, des adjoints et des conseillers<\/p>\n\n\n\n<p>municipaux qui repr\u00e9senteront notre commune aux diff\u00e9rentes commissions<\/p>\n\n\n\n<p>suivant le tableau ci-joint.<\/p>\n\n\n\n<p>Vous en souhaitant bonne r\u00e9ception<\/p>\n\n\n\n<p>Cordialement<\/p>\n\n\n\n<p>Secr\u00e9tariat de Mairie de Payra sur l&rsquo;Hers&nbsp; &nbsp;&nbsp;<\/p>\n\n\n\n<figure class=\"wp-block-gallery has-nested-images columns-default is-cropped wp-block-gallery-1 is-layout-flex wp-block-gallery-is-layout-flex\">\n<figure class=\"wp-block-image size-large\"><img loading=\"lazy\" decoding=\"async\" width=\"887\" height=\"507\" data-id=\"3062\" src=\"https:\/\/payra-monvillage.fr\/wp-content\/uploads\/2023\/12\/1-13.jpg\" alt=\"\" class=\"wp-image-3062\" srcset=\"https:\/\/payra-monvillage.fr\/wp-content\/uploads\/2023\/12\/1-13.jpg 887w, https:\/\/payra-monvillage.fr\/wp-content\/uploads\/2023\/12\/1-13-300x171.jpg 300w, https:\/\/payra-monvillage.fr\/wp-content\/uploads\/2023\/12\/1-13-768x439.jpg 768w\" sizes=\"auto, (max-width: 767px) 89vw, (max-width: 1000px) 54vw, (max-width: 1071px) 543px, 580px\" \/><\/figure>\n<\/figure>\n\n\n\n<h2 class=\"wp-block-heading\">Samedi 23 mai 2020<\/h2>\n\n\n\n<p>Apr\u00e8s la longue p\u00e9riode du confinement&nbsp; du 17 mars&nbsp; au 11 mai 2020,&nbsp; l&rsquo;autorisation fut donn\u00e9e aux mairies dont une liste avait obtenu la majorit\u00e9 absolue, d&rsquo;\u00e9lire leur maire et leurs adjoints et&nbsp;\u00e0 cette occasion furent nomm\u00e9s les conseillers municipaux pour les diff\u00e9rentes d\u00e9l\u00e9gations.<\/p>\n\n\n\n<figure class=\"wp-block-gallery has-nested-images columns-default is-cropped wp-block-gallery-2 is-layout-flex wp-block-gallery-is-layout-flex\">\n<figure class=\"wp-block-image size-large\"><img loading=\"lazy\" decoding=\"async\" width=\"1024\" height=\"768\" data-id=\"3063\" src=\"https:\/\/payra-monvillage.fr\/wp-content\/uploads\/2023\/12\/2-15-1024x768.jpg\" alt=\"\" class=\"wp-image-3063\" srcset=\"https:\/\/payra-monvillage.fr\/wp-content\/uploads\/2023\/12\/2-15-1024x768.jpg 1024w, https:\/\/payra-monvillage.fr\/wp-content\/uploads\/2023\/12\/2-15-300x225.jpg 300w, https:\/\/payra-monvillage.fr\/wp-content\/uploads\/2023\/12\/2-15-768x576.jpg 768w, https:\/\/payra-monvillage.fr\/wp-content\/uploads\/2023\/12\/2-15.jpg 1300w\" sizes=\"auto, (max-width: 767px) 89vw, (max-width: 1000px) 54vw, (max-width: 1071px) 543px, 580px\" \/><\/figure>\n\n\n\n<figure class=\"wp-block-image size-large\"><img loading=\"lazy\" decoding=\"async\" width=\"1024\" height=\"768\" data-id=\"3064\" src=\"https:\/\/payra-monvillage.fr\/wp-content\/uploads\/2023\/12\/3-13-1024x768.jpg\" alt=\"\" class=\"wp-image-3064\" srcset=\"https:\/\/payra-monvillage.fr\/wp-content\/uploads\/2023\/12\/3-13-1024x768.jpg 1024w, https:\/\/payra-monvillage.fr\/wp-content\/uploads\/2023\/12\/3-13-300x225.jpg 300w, https:\/\/payra-monvillage.fr\/wp-content\/uploads\/2023\/12\/3-13-768x576.jpg 768w, https:\/\/payra-monvillage.fr\/wp-content\/uploads\/2023\/12\/3-13.jpg 1300w\" sizes=\"auto, (max-width: 767px) 89vw, (max-width: 1000px) 54vw, (max-width: 1071px) 543px, 580px\" \/><\/figure>\n<\/figure>\n\n\n\n<p>C&rsquo;est dans la salle des f\u00eates ( am\u00e9nag\u00e9e pour la circonstance&nbsp;d\u00e9confinement et mesure de s\u00e9curit\u00e9 obligent) que&nbsp;les \u00e9lus du 15 mars 2020 se sont r\u00e9unis ce&nbsp;samedi 23 mai 2020 \u00e0 11 heures.<\/p>\n\n\n\n<p>Un absent excus\u00e9 :\u00a0J\u00e9r\u00f4me Gaubert qui avait donn\u00e9 pouvoir \u00e0 Mr Jacques Pennavaire pour le repr\u00e9senter.<\/p>\n\n\n\n<p>Madame la Doyenne Monique Ramplou pr\u00e9sidait les d\u00e9bats et le poste de secr\u00e9taire \u00e9tait tenu par la benjamine Kim Vignes.<\/p>\n\n\n\n<figure class=\"wp-block-gallery has-nested-images columns-default is-cropped wp-block-gallery-3 is-layout-flex wp-block-gallery-is-layout-flex\">\n<figure class=\"wp-block-image size-large\"><img loading=\"lazy\" decoding=\"async\" width=\"1024\" height=\"768\" data-id=\"3065\" src=\"https:\/\/payra-monvillage.fr\/wp-content\/uploads\/2023\/12\/4-13-1024x768.jpg\" alt=\"\" class=\"wp-image-3065\" srcset=\"https:\/\/payra-monvillage.fr\/wp-content\/uploads\/2023\/12\/4-13-1024x768.jpg 1024w, https:\/\/payra-monvillage.fr\/wp-content\/uploads\/2023\/12\/4-13-300x225.jpg 300w, https:\/\/payra-monvillage.fr\/wp-content\/uploads\/2023\/12\/4-13-768x576.jpg 768w, https:\/\/payra-monvillage.fr\/wp-content\/uploads\/2023\/12\/4-13.jpg 1300w\" sizes=\"auto, (max-width: 767px) 89vw, (max-width: 1000px) 54vw, (max-width: 1071px) 543px, 580px\" \/><\/figure>\n\n\n\n<figure class=\"wp-block-image size-large\"><img loading=\"lazy\" decoding=\"async\" width=\"1024\" height=\"768\" data-id=\"3066\" src=\"https:\/\/payra-monvillage.fr\/wp-content\/uploads\/2023\/12\/5-15-1024x768.jpg\" alt=\"\" class=\"wp-image-3066\" srcset=\"https:\/\/payra-monvillage.fr\/wp-content\/uploads\/2023\/12\/5-15-1024x768.jpg 1024w, https:\/\/payra-monvillage.fr\/wp-content\/uploads\/2023\/12\/5-15-300x225.jpg 300w, https:\/\/payra-monvillage.fr\/wp-content\/uploads\/2023\/12\/5-15-768x576.jpg 768w, https:\/\/payra-monvillage.fr\/wp-content\/uploads\/2023\/12\/5-15.jpg 1300w\" sizes=\"auto, (max-width: 767px) 89vw, (max-width: 1000px) 54vw, (max-width: 1071px) 543px, 580px\" \/><\/figure>\n<\/figure>\n\n\n\n<figure class=\"wp-block-gallery has-nested-images columns-default is-cropped wp-block-gallery-4 is-layout-flex wp-block-gallery-is-layout-flex\">\n<figure class=\"wp-block-image size-large\"><img loading=\"lazy\" decoding=\"async\" width=\"1024\" height=\"768\" data-id=\"3067\" src=\"https:\/\/payra-monvillage.fr\/wp-content\/uploads\/2023\/12\/6-16-1024x768.jpg\" alt=\"\" class=\"wp-image-3067\" srcset=\"https:\/\/payra-monvillage.fr\/wp-content\/uploads\/2023\/12\/6-16-1024x768.jpg 1024w, https:\/\/payra-monvillage.fr\/wp-content\/uploads\/2023\/12\/6-16-300x225.jpg 300w, https:\/\/payra-monvillage.fr\/wp-content\/uploads\/2023\/12\/6-16-768x576.jpg 768w, https:\/\/payra-monvillage.fr\/wp-content\/uploads\/2023\/12\/6-16.jpg 1300w\" sizes=\"auto, (max-width: 767px) 89vw, (max-width: 1000px) 54vw, (max-width: 1071px) 543px, 580px\" \/><\/figure>\n\n\n\n<figure class=\"wp-block-image size-large\"><img loading=\"lazy\" decoding=\"async\" width=\"1024\" height=\"768\" data-id=\"3068\" src=\"https:\/\/payra-monvillage.fr\/wp-content\/uploads\/2023\/12\/7-15-1024x768.jpg\" alt=\"\" class=\"wp-image-3068\" srcset=\"https:\/\/payra-monvillage.fr\/wp-content\/uploads\/2023\/12\/7-15-1024x768.jpg 1024w, https:\/\/payra-monvillage.fr\/wp-content\/uploads\/2023\/12\/7-15-300x225.jpg 300w, https:\/\/payra-monvillage.fr\/wp-content\/uploads\/2023\/12\/7-15-768x576.jpg 768w, https:\/\/payra-monvillage.fr\/wp-content\/uploads\/2023\/12\/7-15.jpg 1300w\" sizes=\"auto, (max-width: 767px) 89vw, (max-width: 1000px) 54vw, (max-width: 1071px) 543px, 580px\" \/><\/figure>\n<\/figure>\n\n\n\n<figure class=\"wp-block-gallery has-nested-images columns-default is-cropped wp-block-gallery-5 is-layout-flex wp-block-gallery-is-layout-flex\">\n<figure class=\"wp-block-image size-large\"><img loading=\"lazy\" decoding=\"async\" width=\"768\" height=\"1024\" data-id=\"3069\" src=\"https:\/\/payra-monvillage.fr\/wp-content\/uploads\/2023\/12\/8-14-768x1024.jpg\" alt=\"\" class=\"wp-image-3069\" srcset=\"https:\/\/payra-monvillage.fr\/wp-content\/uploads\/2023\/12\/8-14-768x1024.jpg 768w, https:\/\/payra-monvillage.fr\/wp-content\/uploads\/2023\/12\/8-14-225x300.jpg 225w, https:\/\/payra-monvillage.fr\/wp-content\/uploads\/2023\/12\/8-14.jpg 975w\" sizes=\"auto, (max-width: 767px) 89vw, (max-width: 1000px) 54vw, (max-width: 1071px) 543px, 580px\" \/><\/figure>\n<\/figure>\n\n\n\n<p>Apr\u00e8s l&rsquo;\u00e9lection du maire Bernard Pech (10 voix pour et 1 vote blanc), un vote eut lieu pour les 3 adjoints :<\/p>\n\n\n\n<p>1er adjoint : Jacques Pennavaire<\/p>\n\n\n\n<p>2\u00e8me adjointe: Monique Ramplou<\/p>\n\n\n\n<p>3\u00e8me adjoint : Paul Neveling<\/p>\n\n\n\n<figure class=\"wp-block-gallery has-nested-images columns-default is-cropped wp-block-gallery-6 is-layout-flex wp-block-gallery-is-layout-flex\">\n<figure class=\"wp-block-image size-large\"><img loading=\"lazy\" decoding=\"async\" width=\"768\" height=\"1024\" data-id=\"3070\" src=\"https:\/\/payra-monvillage.fr\/wp-content\/uploads\/2023\/12\/9-14-768x1024.jpg\" alt=\"\" class=\"wp-image-3070\" srcset=\"https:\/\/payra-monvillage.fr\/wp-content\/uploads\/2023\/12\/9-14-768x1024.jpg 768w, https:\/\/payra-monvillage.fr\/wp-content\/uploads\/2023\/12\/9-14-225x300.jpg 225w, https:\/\/payra-monvillage.fr\/wp-content\/uploads\/2023\/12\/9-14.jpg 975w\" sizes=\"auto, (max-width: 767px) 89vw, (max-width: 1000px) 54vw, (max-width: 1071px) 543px, 580px\" \/><\/figure>\n\n\n\n<figure class=\"wp-block-image size-large\"><img loading=\"lazy\" decoding=\"async\" width=\"768\" height=\"1024\" data-id=\"3071\" src=\"https:\/\/payra-monvillage.fr\/wp-content\/uploads\/2023\/12\/10-16-768x1024.jpg\" alt=\"\" class=\"wp-image-3071\" srcset=\"https:\/\/payra-monvillage.fr\/wp-content\/uploads\/2023\/12\/10-16-768x1024.jpg 768w, https:\/\/payra-monvillage.fr\/wp-content\/uploads\/2023\/12\/10-16-225x300.jpg 225w, https:\/\/payra-monvillage.fr\/wp-content\/uploads\/2023\/12\/10-16.jpg 975w\" sizes=\"auto, (max-width: 767px) 89vw, (max-width: 1000px) 54vw, (max-width: 1071px) 543px, 580px\" \/><\/figure>\n\n\n\n<figure class=\"wp-block-image size-large\"><img loading=\"lazy\" decoding=\"async\" width=\"768\" height=\"1024\" data-id=\"3072\" src=\"https:\/\/payra-monvillage.fr\/wp-content\/uploads\/2023\/12\/11-15-768x1024.jpg\" alt=\"\" class=\"wp-image-3072\" srcset=\"https:\/\/payra-monvillage.fr\/wp-content\/uploads\/2023\/12\/11-15-768x1024.jpg 768w, https:\/\/payra-monvillage.fr\/wp-content\/uploads\/2023\/12\/11-15-225x300.jpg 225w, https:\/\/payra-monvillage.fr\/wp-content\/uploads\/2023\/12\/11-15.jpg 975w\" sizes=\"auto, (max-width: 767px) 89vw, (max-width: 1000px) 54vw, (max-width: 1071px) 543px, 580px\" \/><\/figure>\n<\/figure>\n\n\n\n<figure class=\"wp-block-gallery has-nested-images columns-default is-cropped wp-block-gallery-7 is-layout-flex wp-block-gallery-is-layout-flex\">\n<figure class=\"wp-block-image size-large\"><img loading=\"lazy\" decoding=\"async\" width=\"1024\" height=\"768\" data-id=\"3073\" src=\"https:\/\/payra-monvillage.fr\/wp-content\/uploads\/2023\/12\/12-14-1024x768.jpg\" alt=\"\" class=\"wp-image-3073\" srcset=\"https:\/\/payra-monvillage.fr\/wp-content\/uploads\/2023\/12\/12-14-1024x768.jpg 1024w, https:\/\/payra-monvillage.fr\/wp-content\/uploads\/2023\/12\/12-14-300x225.jpg 300w, https:\/\/payra-monvillage.fr\/wp-content\/uploads\/2023\/12\/12-14-768x576.jpg 768w, https:\/\/payra-monvillage.fr\/wp-content\/uploads\/2023\/12\/12-14.jpg 1300w\" sizes=\"auto, (max-width: 767px) 89vw, (max-width: 1000px) 54vw, (max-width: 1071px) 543px, 580px\" \/><\/figure>\n\n\n\n<figure class=\"wp-block-image size-large\"><img loading=\"lazy\" decoding=\"async\" width=\"1024\" height=\"768\" data-id=\"3074\" src=\"https:\/\/payra-monvillage.fr\/wp-content\/uploads\/2023\/12\/13-14-1024x768.jpg\" alt=\"\" class=\"wp-image-3074\" srcset=\"https:\/\/payra-monvillage.fr\/wp-content\/uploads\/2023\/12\/13-14-1024x768.jpg 1024w, https:\/\/payra-monvillage.fr\/wp-content\/uploads\/2023\/12\/13-14-300x225.jpg 300w, https:\/\/payra-monvillage.fr\/wp-content\/uploads\/2023\/12\/13-14-768x576.jpg 768w, https:\/\/payra-monvillage.fr\/wp-content\/uploads\/2023\/12\/13-14.jpg 1300w\" sizes=\"auto, (max-width: 767px) 89vw, (max-width: 1000px) 54vw, (max-width: 1071px) 543px, 580px\" \/><\/figure>\n\n\n\n<figure class=\"wp-block-image size-large\"><img loading=\"lazy\" decoding=\"async\" width=\"1024\" height=\"768\" data-id=\"3075\" src=\"https:\/\/payra-monvillage.fr\/wp-content\/uploads\/2023\/12\/14-14-1024x768.jpg\" alt=\"\" class=\"wp-image-3075\" srcset=\"https:\/\/payra-monvillage.fr\/wp-content\/uploads\/2023\/12\/14-14-1024x768.jpg 1024w, https:\/\/payra-monvillage.fr\/wp-content\/uploads\/2023\/12\/14-14-300x225.jpg 300w, https:\/\/payra-monvillage.fr\/wp-content\/uploads\/2023\/12\/14-14-768x576.jpg 768w, https:\/\/payra-monvillage.fr\/wp-content\/uploads\/2023\/12\/14-14.jpg 1300w\" sizes=\"auto, (max-width: 767px) 89vw, (max-width: 1000px) 54vw, (max-width: 1071px) 543px, 580px\" \/><\/figure>\n<\/figure>\n\n\n\n<p>Mr le maire Bernard Pech donnait ensuite lecture de la Charte de l&rsquo;\u00e9lu.<\/p>\n\n\n\n<p>Il abordait ensuite plusieurs points dont un, essentiel, l&rsquo;ouverture de l&rsquo;\u00e9cole ce lundi 25 mai 2020, expliquait\u00a0les mesures envisag\u00e9es pour que cette reprise se fasse dans de bonnes conditions, la r\u00e9partition des \u00e9l\u00e8ves dans plusieurs salles.\u00a0le personnel n\u00e9cessaire pour le nettoyage plusieurs fois par jour de l&rsquo;\u00e9cole et pour la surveillance des \u00e9l\u00e8ves garderie et r\u00e9cr\u00e9ation.<\/p>\n\n\n\n<p>R\u00e9sultats des \u00e9lections municipales du 15 mars 2020<\/p>\n\n\n\n<figure class=\"wp-block-image size-large\"><img loading=\"lazy\" decoding=\"async\" width=\"1024\" height=\"793\" src=\"https:\/\/payra-monvillage.fr\/wp-content\/uploads\/2023\/12\/15-16-1024x793.jpg\" alt=\"\" class=\"wp-image-3076\" srcset=\"https:\/\/payra-monvillage.fr\/wp-content\/uploads\/2023\/12\/15-16-1024x793.jpg 1024w, https:\/\/payra-monvillage.fr\/wp-content\/uploads\/2023\/12\/15-16-300x232.jpg 300w, https:\/\/payra-monvillage.fr\/wp-content\/uploads\/2023\/12\/15-16-768x595.jpg 768w, https:\/\/payra-monvillage.fr\/wp-content\/uploads\/2023\/12\/15-16.jpg 1500w\" sizes=\"auto, (max-width: 767px) 89vw, (max-width: 1000px) 54vw, (max-width: 1071px) 543px, 580px\" \/><\/figure>\n","protected":false},"excerpt":{"rendered":"<p>Bonjour \u00e0 tous, Suite \u00e0 la d\u00e9cision nationale, le nouveau Conseil municipal a \u00e9t\u00e9 install\u00e9 le 23 mai dernier. Il a \u00e9t\u00e9 proc\u00e9d\u00e9 \u00e0 l&rsquo;\u00e9lection du Maire, des adjoints et des conseillers municipaux qui repr\u00e9senteront notre commune aux diff\u00e9rentes commissions suivant le tableau ci-joint. Vous en souhaitant bonne r\u00e9ception Cordialement Secr\u00e9tariat de Mairie de Payra &hellip; <\/p>\n<p class=\"link-more\"><a href=\"https:\/\/payra-monvillage.fr\/index.php\/mairie-2020\/\" class=\"more-link\">Continuer la lecture<span class=\"screen-reader-text\"> de &laquo;&nbsp;Mairie 2020&nbsp;&raquo;<\/span><\/a><\/p>\n","protected":false},"author":1,"featured_media":0,"parent":0,"menu_order":0,"comment_status":"closed","ping_status":"closed","template":"","meta":{"footnotes":""},"class_list":["post-3060","page","type-page","status-publish","hentry"],"_links":{"self":[{"href":"https:\/\/payra-monvillage.fr\/index.php\/wp-json\/wp\/v2\/pages\/3060","targetHints":{"allow":["GET"]}}],"collection":[{"href":"https:\/\/payra-monvillage.fr\/index.php\/wp-json\/wp\/v2\/pages"}],"about":[{"href":"https:\/\/payra-monvillage.fr\/index.php\/wp-json\/wp\/v2\/types\/page"}],"author":[{"embeddable":true,"href":"https:\/\/payra-monvillage.fr\/index.php\/wp-json\/wp\/v2\/users\/1"}],"replies":[{"embeddable":true,"href":"https:\/\/payra-monvillage.fr\/index.php\/wp-json\/wp\/v2\/comments?post=3060"}],"version-history":[{"count":3,"href":"https:\/\/payra-monvillage.fr\/index.php\/wp-json\/wp\/v2\/pages\/3060\/revisions"}],"predecessor-version":[{"id":3078,"href":"https:\/\/payra-monvillage.fr\/index.php\/wp-json\/wp\/v2\/pages\/3060\/revisions\/3078"}],"wp:attachment":[{"href":"https:\/\/payra-monvillage.fr\/index.php\/wp-json\/wp\/v2\/media?parent=3060"}],"curies":[{"name":"wp","href":"https:\/\/api.w.org\/{rel}","templated":true}]}}