{"id":23,"date":"2023-10-31T11:47:32","date_gmt":"2023-10-31T10:47:32","guid":{"rendered":"http:\/\/payra-monvillage.fr\/?page_id=23"},"modified":"2023-10-31T12:19:28","modified_gmt":"2023-10-31T11:19:28","slug":"payra-sur-lhers-un-petit-village-de-la-piege","status":"publish","type":"page","link":"https:\/\/payra-monvillage.fr\/","title":{"rendered":""},"content":{"rendered":"\n<figure class=\"wp-block-gallery has-nested-images columns-default is-cropped wp-block-gallery-1 is-layout-flex wp-block-gallery-is-layout-flex\">\n<figure class=\"wp-block-image size-large\"><img loading=\"lazy\" decoding=\"async\" width=\"640\" height=\"480\" data-id=\"16\" src=\"http:\/\/payra-monvillage.fr\/wp-content\/uploads\/2023\/10\/93663fa9d95f330f07cd36be977ec080.jpg\" alt=\"\" class=\"wp-image-16\" srcset=\"https:\/\/payra-monvillage.fr\/wp-content\/uploads\/2023\/10\/93663fa9d95f330f07cd36be977ec080.jpg 640w, https:\/\/payra-monvillage.fr\/wp-content\/uploads\/2023\/10\/93663fa9d95f330f07cd36be977ec080-300x225.jpg 300w\" sizes=\"auto, (max-width: 640px) 100vw, 640px\" \/><\/figure>\n\n\n\n<figure class=\"wp-block-image size-large\"><img loading=\"lazy\" decoding=\"async\" width=\"640\" height=\"480\" data-id=\"13\" src=\"http:\/\/payra-monvillage.fr\/wp-content\/uploads\/2023\/10\/36eed62df7fb344b999c066f41a1e90e.jpg\" alt=\"\" class=\"wp-image-13\" srcset=\"https:\/\/payra-monvillage.fr\/wp-content\/uploads\/2023\/10\/36eed62df7fb344b999c066f41a1e90e.jpg 640w, https:\/\/payra-monvillage.fr\/wp-content\/uploads\/2023\/10\/36eed62df7fb344b999c066f41a1e90e-300x225.jpg 300w\" sizes=\"auto, (max-width: 640px) 100vw, 640px\" \/><\/figure>\n\n\n\n<figure class=\"wp-block-image size-large\"><img loading=\"lazy\" decoding=\"async\" width=\"800\" height=\"600\" data-id=\"12\" src=\"http:\/\/payra-monvillage.fr\/wp-content\/uploads\/2023\/10\/8c038da82c677a4954fc33a9232776a5.jpg\" alt=\"\" class=\"wp-image-12\" srcset=\"https:\/\/payra-monvillage.fr\/wp-content\/uploads\/2023\/10\/8c038da82c677a4954fc33a9232776a5.jpg 800w, https:\/\/payra-monvillage.fr\/wp-content\/uploads\/2023\/10\/8c038da82c677a4954fc33a9232776a5-300x225.jpg 300w, https:\/\/payra-monvillage.fr\/wp-content\/uploads\/2023\/10\/8c038da82c677a4954fc33a9232776a5-768x576.jpg 768w\" sizes=\"auto, (max-width: 767px) 89vw, (max-width: 1000px) 54vw, (max-width: 1071px) 543px, 580px\" \/><\/figure>\n<\/figure>\n\n\n\n<p>La commune de Payra sur l&rsquo;Hers est situ\u00e9e dans le d\u00e9partement de l&rsquo;Aude, dans le Lauragais pr\u00e8s de la rivi\u00e8re l&rsquo;Hers Mort. Elle est proche de la commune de Castelnaudary, elle se situe \u00e0 environ 60 km de Toulouse et 50 km de Carcassonne. La commune s&rsquo;\u00e9tend sur 24,5 km2 et compte 174 habitants depuis le dernier recensement de la population datant de 2007. Payra sur l&rsquo;hers se situe dans un paysage vallonn\u00e9, form\u00e9 d&rsquo;une succession de collines et de vallons.<\/p>\n","protected":false},"excerpt":{"rendered":"<p>La commune de Payra sur l&rsquo;Hers est situ\u00e9e dans le d\u00e9partement de l&rsquo;Aude, dans le Lauragais pr\u00e8s de la rivi\u00e8re l&rsquo;Hers Mort. Elle est proche de la commune de Castelnaudary, elle se situe \u00e0 environ 60 km de Toulouse et 50 km de Carcassonne. La commune s&rsquo;\u00e9tend sur 24,5 km2 et compte 174 habitants depuis &hellip; <\/p>\n<p class=\"link-more\"><a href=\"https:\/\/payra-monvillage.fr\/\" class=\"more-link\">Continuer la lecture<span class=\"screen-reader-text\"> de &laquo;&nbsp;&nbsp;&raquo;<\/span><\/a><\/p>\n","protected":false},"author":1,"featured_media":0,"parent":0,"menu_order":0,"comment_status":"closed","ping_status":"closed","template":"","meta":{"footnotes":""},"class_list":["post-23","page","type-page","status-publish","hentry"],"_links":{"self":[{"href":"https:\/\/payra-monvillage.fr\/index.php\/wp-json\/wp\/v2\/pages\/23","targetHints":{"allow":["GET"]}}],"collection":[{"href":"https:\/\/payra-monvillage.fr\/index.php\/wp-json\/wp\/v2\/pages"}],"about":[{"href":"https:\/\/payra-monvillage.fr\/index.php\/wp-json\/wp\/v2\/types\/page"}],"author":[{"embeddable":true,"href":"https:\/\/payra-monvillage.fr\/index.php\/wp-json\/wp\/v2\/users\/1"}],"replies":[{"embeddable":true,"href":"https:\/\/payra-monvillage.fr\/index.php\/wp-json\/wp\/v2\/comments?post=23"}],"version-history":[{"count":2,"href":"https:\/\/payra-monvillage.fr\/index.php\/wp-json\/wp\/v2\/pages\/23\/revisions"}],"predecessor-version":[{"id":35,"href":"https:\/\/payra-monvillage.fr\/index.php\/wp-json\/wp\/v2\/pages\/23\/revisions\/35"}],"wp:attachment":[{"href":"https:\/\/payra-monvillage.fr\/index.php\/wp-json\/wp\/v2\/media?parent=23"}],"curies":[{"name":"wp","href":"https:\/\/api.w.org\/{rel}","templated":true}]}}