{"id":1391,"date":"2023-11-29T09:01:54","date_gmt":"2023-11-29T08:01:54","guid":{"rendered":"https:\/\/payra-monvillage.fr\/?page_id=1391"},"modified":"2023-12-23T08:16:04","modified_gmt":"2023-12-23T07:16:04","slug":"association-parents-deleves","status":"publish","type":"page","link":"https:\/\/payra-monvillage.fr\/index.php\/association-parents-deleves\/","title":{"rendered":"Association Parents d&rsquo;\u00e9l\u00e8ves"},"content":{"rendered":"\n<figure class=\"wp-block-image size-large\"><img loading=\"lazy\" decoding=\"async\" width=\"1024\" height=\"768\" src=\"https:\/\/payra-monvillage.fr\/wp-content\/uploads\/2023\/12\/IMG-20231222-WA0000-1024x768.jpg\" alt=\"\" class=\"wp-image-3007\" srcset=\"https:\/\/payra-monvillage.fr\/wp-content\/uploads\/2023\/12\/IMG-20231222-WA0000-1024x768.jpg 1024w, https:\/\/payra-monvillage.fr\/wp-content\/uploads\/2023\/12\/IMG-20231222-WA0000-300x225.jpg 300w, https:\/\/payra-monvillage.fr\/wp-content\/uploads\/2023\/12\/IMG-20231222-WA0000-768x576.jpg 768w, https:\/\/payra-monvillage.fr\/wp-content\/uploads\/2023\/12\/IMG-20231222-WA0000-1536x1152.jpg 1536w, https:\/\/payra-monvillage.fr\/wp-content\/uploads\/2023\/12\/IMG-20231222-WA0000.jpg 2016w\" sizes=\"auto, (max-width: 767px) 89vw, (max-width: 1000px) 54vw, (max-width: 1071px) 543px, 580px\" \/><\/figure>\n\n\n\n<p>No\u00ebl 2023 <\/p>\n\n\n\n<figure class=\"wp-block-gallery has-nested-images columns-default is-cropped wp-block-gallery-1 is-layout-flex wp-block-gallery-is-layout-flex\">\n<figure class=\"wp-block-image size-large\"><img loading=\"lazy\" decoding=\"async\" width=\"1024\" height=\"768\" data-id=\"3009\" src=\"https:\/\/payra-monvillage.fr\/wp-content\/uploads\/2023\/12\/IMG-20231222-WA0004-1024x768.jpg\" alt=\"\" class=\"wp-image-3009\" srcset=\"https:\/\/payra-monvillage.fr\/wp-content\/uploads\/2023\/12\/IMG-20231222-WA0004-1024x768.jpg 1024w, https:\/\/payra-monvillage.fr\/wp-content\/uploads\/2023\/12\/IMG-20231222-WA0004-300x225.jpg 300w, https:\/\/payra-monvillage.fr\/wp-content\/uploads\/2023\/12\/IMG-20231222-WA0004-768x576.jpg 768w, https:\/\/payra-monvillage.fr\/wp-content\/uploads\/2023\/12\/IMG-20231222-WA0004-1536x1152.jpg 1536w, https:\/\/payra-monvillage.fr\/wp-content\/uploads\/2023\/12\/IMG-20231222-WA0004.jpg 2048w\" sizes=\"auto, (max-width: 767px) 89vw, (max-width: 1000px) 54vw, (max-width: 1071px) 543px, 580px\" \/><\/figure>\n\n\n\n<figure class=\"wp-block-image size-large\"><img loading=\"lazy\" decoding=\"async\" width=\"1024\" height=\"768\" data-id=\"3010\" src=\"https:\/\/payra-monvillage.fr\/wp-content\/uploads\/2023\/12\/IMG-20231222-WA0005-1024x768.jpg\" alt=\"\" class=\"wp-image-3010\" srcset=\"https:\/\/payra-monvillage.fr\/wp-content\/uploads\/2023\/12\/IMG-20231222-WA0005-1024x768.jpg 1024w, https:\/\/payra-monvillage.fr\/wp-content\/uploads\/2023\/12\/IMG-20231222-WA0005-300x225.jpg 300w, https:\/\/payra-monvillage.fr\/wp-content\/uploads\/2023\/12\/IMG-20231222-WA0005-768x576.jpg 768w, https:\/\/payra-monvillage.fr\/wp-content\/uploads\/2023\/12\/IMG-20231222-WA0005-1536x1152.jpg 1536w, https:\/\/payra-monvillage.fr\/wp-content\/uploads\/2023\/12\/IMG-20231222-WA0005.jpg 2016w\" sizes=\"auto, (max-width: 767px) 89vw, (max-width: 1000px) 54vw, (max-width: 1071px) 543px, 580px\" \/><\/figure>\n<\/figure>\n\n\n\n<figure class=\"wp-block-gallery has-nested-images columns-default is-cropped wp-block-gallery-2 is-layout-flex wp-block-gallery-is-layout-flex\">\n<figure class=\"wp-block-image size-large\"><img loading=\"lazy\" decoding=\"async\" width=\"1024\" height=\"768\" data-id=\"3011\" src=\"https:\/\/payra-monvillage.fr\/wp-content\/uploads\/2023\/12\/IMG-20231222-WA0007-1024x768.jpg\" alt=\"\" class=\"wp-image-3011\" srcset=\"https:\/\/payra-monvillage.fr\/wp-content\/uploads\/2023\/12\/IMG-20231222-WA0007-1024x768.jpg 1024w, https:\/\/payra-monvillage.fr\/wp-content\/uploads\/2023\/12\/IMG-20231222-WA0007-300x225.jpg 300w, https:\/\/payra-monvillage.fr\/wp-content\/uploads\/2023\/12\/IMG-20231222-WA0007-768x576.jpg 768w, https:\/\/payra-monvillage.fr\/wp-content\/uploads\/2023\/12\/IMG-20231222-WA0007-1536x1152.jpg 1536w, https:\/\/payra-monvillage.fr\/wp-content\/uploads\/2023\/12\/IMG-20231222-WA0007.jpg 2016w\" sizes=\"auto, (max-width: 767px) 89vw, (max-width: 1000px) 54vw, (max-width: 1071px) 543px, 580px\" \/><\/figure>\n\n\n\n<figure class=\"wp-block-image size-large\"><img loading=\"lazy\" decoding=\"async\" width=\"1024\" height=\"768\" data-id=\"3012\" src=\"https:\/\/payra-monvillage.fr\/wp-content\/uploads\/2023\/12\/IMG-20231222-WA0008-1024x768.jpg\" alt=\"\" class=\"wp-image-3012\" srcset=\"https:\/\/payra-monvillage.fr\/wp-content\/uploads\/2023\/12\/IMG-20231222-WA0008-1024x768.jpg 1024w, https:\/\/payra-monvillage.fr\/wp-content\/uploads\/2023\/12\/IMG-20231222-WA0008-300x225.jpg 300w, https:\/\/payra-monvillage.fr\/wp-content\/uploads\/2023\/12\/IMG-20231222-WA0008-768x576.jpg 768w, https:\/\/payra-monvillage.fr\/wp-content\/uploads\/2023\/12\/IMG-20231222-WA0008-1536x1152.jpg 1536w, https:\/\/payra-monvillage.fr\/wp-content\/uploads\/2023\/12\/IMG-20231222-WA0008.jpg 2016w\" sizes=\"auto, (max-width: 767px) 89vw, (max-width: 1000px) 54vw, (max-width: 1071px) 543px, 580px\" \/><\/figure>\n<\/figure>\n\n\n\n<figure class=\"wp-block-gallery has-nested-images columns-default is-cropped wp-block-gallery-3 is-layout-flex wp-block-gallery-is-layout-flex\">\n<figure class=\"wp-block-image size-large\"><img loading=\"lazy\" decoding=\"async\" width=\"1024\" height=\"768\" data-id=\"3013\" src=\"https:\/\/payra-monvillage.fr\/wp-content\/uploads\/2023\/12\/IMG-20231222-WA0003-1024x768.jpg\" alt=\"\" class=\"wp-image-3013\" srcset=\"https:\/\/payra-monvillage.fr\/wp-content\/uploads\/2023\/12\/IMG-20231222-WA0003-1024x768.jpg 1024w, https:\/\/payra-monvillage.fr\/wp-content\/uploads\/2023\/12\/IMG-20231222-WA0003-300x225.jpg 300w, https:\/\/payra-monvillage.fr\/wp-content\/uploads\/2023\/12\/IMG-20231222-WA0003-768x576.jpg 768w, https:\/\/payra-monvillage.fr\/wp-content\/uploads\/2023\/12\/IMG-20231222-WA0003-1536x1152.jpg 1536w, https:\/\/payra-monvillage.fr\/wp-content\/uploads\/2023\/12\/IMG-20231222-WA0003.jpg 2016w\" sizes=\"auto, (max-width: 767px) 89vw, (max-width: 1000px) 54vw, (max-width: 1071px) 543px, 580px\" \/><\/figure>\n\n\n\n<figure class=\"wp-block-image size-large\"><img loading=\"lazy\" decoding=\"async\" width=\"1024\" height=\"768\" data-id=\"3014\" src=\"https:\/\/payra-monvillage.fr\/wp-content\/uploads\/2023\/12\/IMG-20231222-WA0006-1024x768.jpg\" alt=\"\" class=\"wp-image-3014\" srcset=\"https:\/\/payra-monvillage.fr\/wp-content\/uploads\/2023\/12\/IMG-20231222-WA0006-1024x768.jpg 1024w, https:\/\/payra-monvillage.fr\/wp-content\/uploads\/2023\/12\/IMG-20231222-WA0006-300x225.jpg 300w, https:\/\/payra-monvillage.fr\/wp-content\/uploads\/2023\/12\/IMG-20231222-WA0006-768x576.jpg 768w, https:\/\/payra-monvillage.fr\/wp-content\/uploads\/2023\/12\/IMG-20231222-WA0006-1536x1152.jpg 1536w, https:\/\/payra-monvillage.fr\/wp-content\/uploads\/2023\/12\/IMG-20231222-WA0006.jpg 2016w\" sizes=\"auto, (max-width: 767px) 89vw, (max-width: 1000px) 54vw, (max-width: 1071px) 543px, 580px\" \/><\/figure>\n<\/figure>\n\n\n\n<p>le P\u00e8re Noel a eu de la bu\u00e9e sur les lunettes \u00e0 cause de sa belle  barbe blanche , il n&rsquo;a pas pu lire les pr\u00e9noms sur les cadeaux.Heureusement L\u00e9a est venue \u00e0 la rescousse.<\/p>\n\n\n\n<figure class=\"wp-block-gallery has-nested-images columns-default is-cropped wp-block-gallery-4 is-layout-flex wp-block-gallery-is-layout-flex\">\n<figure class=\"wp-block-image size-large\"><img loading=\"lazy\" decoding=\"async\" width=\"768\" height=\"1024\" data-id=\"3015\" src=\"https:\/\/payra-monvillage.fr\/wp-content\/uploads\/2023\/12\/IMG-20231222-WA0002-768x1024.jpg\" alt=\"\" class=\"wp-image-3015\" srcset=\"https:\/\/payra-monvillage.fr\/wp-content\/uploads\/2023\/12\/IMG-20231222-WA0002-768x1024.jpg 768w, https:\/\/payra-monvillage.fr\/wp-content\/uploads\/2023\/12\/IMG-20231222-WA0002-225x300.jpg 225w, https:\/\/payra-monvillage.fr\/wp-content\/uploads\/2023\/12\/IMG-20231222-WA0002-1152x1536.jpg 1152w, https:\/\/payra-monvillage.fr\/wp-content\/uploads\/2023\/12\/IMG-20231222-WA0002.jpg 1512w\" sizes=\"auto, (max-width: 767px) 89vw, (max-width: 1000px) 54vw, (max-width: 1071px) 543px, 580px\" \/><\/figure>\n<\/figure>\n\n\n\n<p>Photographies Alix<\/p>\n\n\n\n<p><strong><u>Information Association Parents d\u2019\u00c9l\u00e8ves<\/u><\/strong><\/p>\n\n\n\n<p>Bonjour \u00e0 tous<\/p>\n\n\n\n<p>Ce dimanche 3 d\u00e9cembre aura lieu l&rsquo;\u00e9dition 2023 de notre traditionnel March\u00e9 de No\u00ebl dont les b\u00e9n\u00e9fices seront pour les enfants de notre \u00c9cole.Au programme de 10h \u00e0 16h \u00e0 la salle des f\u00eates de Payra:<br>Nombreux artisans et produits vari\u00e9s<br>Stand de l\u2019\u00c9cole avec les r\u00e9alisations des \u00e9l\u00e8ves<br>Repas tartiflette faite par nos soins \u00e0 d\u00e9guster sur place ou \u00e0 emporter<br>Cr\u00eapes, g\u00e2teaux, th\u00e9 \u00e0 la menthe, p\u00e2tisseries orientales, vin chaud, g\u00e2teaux \u00e0 la cannelle&#8230;<\/p>\n\n\n\n<p>Nous vous attendons nombreux !<\/p>\n\n\n\n<p>L&rsquo;equipe APE de Payra sur l&rsquo;Hers<\/p>\n\n\n\n<figure class=\"wp-block-image size-full\"><img loading=\"lazy\" decoding=\"async\" width=\"960\" height=\"720\" src=\"https:\/\/payra-monvillage.fr\/wp-content\/uploads\/2023\/11\/Affiche-marche-printanier-APE.jpg\" alt=\"\" class=\"wp-image-1393\" srcset=\"https:\/\/payra-monvillage.fr\/wp-content\/uploads\/2023\/11\/Affiche-marche-printanier-APE.jpg 960w, https:\/\/payra-monvillage.fr\/wp-content\/uploads\/2023\/11\/Affiche-marche-printanier-APE-300x225.jpg 300w, https:\/\/payra-monvillage.fr\/wp-content\/uploads\/2023\/11\/Affiche-marche-printanier-APE-768x576.jpg 768w\" sizes=\"auto, (max-width: 767px) 89vw, (max-width: 1000px) 54vw, (max-width: 1071px) 543px, 580px\" \/><\/figure>\n\n\n\n<h2 class=\"wp-block-heading\">7 mai 2023<\/h2>\n\n\n\n<figure class=\"wp-block-gallery has-nested-images columns-default is-cropped wp-block-gallery-5 is-layout-flex wp-block-gallery-is-layout-flex\">\n<figure class=\"wp-block-image size-large\"><img loading=\"lazy\" decoding=\"async\" width=\"1000\" height=\"750\" data-id=\"1684\" src=\"https:\/\/payra-monvillage.fr\/wp-content\/uploads\/2023\/11\/7mai1.23.jpg\" alt=\"\" class=\"wp-image-1684\" srcset=\"https:\/\/payra-monvillage.fr\/wp-content\/uploads\/2023\/11\/7mai1.23.jpg 1000w, https:\/\/payra-monvillage.fr\/wp-content\/uploads\/2023\/11\/7mai1.23-300x225.jpg 300w, https:\/\/payra-monvillage.fr\/wp-content\/uploads\/2023\/11\/7mai1.23-768x576.jpg 768w\" sizes=\"auto, (max-width: 767px) 89vw, (max-width: 1000px) 54vw, (max-width: 1071px) 543px, 580px\" \/><\/figure>\n\n\n\n<figure class=\"wp-block-image size-large\"><img loading=\"lazy\" decoding=\"async\" width=\"1000\" height=\"750\" data-id=\"1686\" src=\"https:\/\/payra-monvillage.fr\/wp-content\/uploads\/2023\/11\/7mai2.23.jpg\" alt=\"\" class=\"wp-image-1686\" srcset=\"https:\/\/payra-monvillage.fr\/wp-content\/uploads\/2023\/11\/7mai2.23.jpg 1000w, https:\/\/payra-monvillage.fr\/wp-content\/uploads\/2023\/11\/7mai2.23-300x225.jpg 300w, https:\/\/payra-monvillage.fr\/wp-content\/uploads\/2023\/11\/7mai2.23-768x576.jpg 768w\" sizes=\"auto, (max-width: 767px) 89vw, (max-width: 1000px) 54vw, (max-width: 1071px) 543px, 580px\" \/><\/figure>\n\n\n\n<figure class=\"wp-block-image size-large\"><img loading=\"lazy\" decoding=\"async\" width=\"1000\" height=\"750\" data-id=\"1685\" src=\"https:\/\/payra-monvillage.fr\/wp-content\/uploads\/2023\/11\/7mai3.23.jpg\" alt=\"\" class=\"wp-image-1685\" srcset=\"https:\/\/payra-monvillage.fr\/wp-content\/uploads\/2023\/11\/7mai3.23.jpg 1000w, https:\/\/payra-monvillage.fr\/wp-content\/uploads\/2023\/11\/7mai3.23-300x225.jpg 300w, https:\/\/payra-monvillage.fr\/wp-content\/uploads\/2023\/11\/7mai3.23-768x576.jpg 768w\" sizes=\"auto, (max-width: 767px) 89vw, (max-width: 1000px) 54vw, (max-width: 1071px) 543px, 580px\" \/><\/figure>\n<\/figure>\n\n\n\n<figure class=\"wp-block-gallery has-nested-images columns-default is-cropped wp-block-gallery-6 is-layout-flex wp-block-gallery-is-layout-flex\">\n<figure class=\"wp-block-image size-large\"><img loading=\"lazy\" decoding=\"async\" width=\"1000\" height=\"750\" data-id=\"1688\" src=\"https:\/\/payra-monvillage.fr\/wp-content\/uploads\/2023\/11\/7mai4.23.jpg\" alt=\"\" class=\"wp-image-1688\" srcset=\"https:\/\/payra-monvillage.fr\/wp-content\/uploads\/2023\/11\/7mai4.23.jpg 1000w, https:\/\/payra-monvillage.fr\/wp-content\/uploads\/2023\/11\/7mai4.23-300x225.jpg 300w, https:\/\/payra-monvillage.fr\/wp-content\/uploads\/2023\/11\/7mai4.23-768x576.jpg 768w\" sizes=\"auto, (max-width: 767px) 89vw, (max-width: 1000px) 54vw, (max-width: 1071px) 543px, 580px\" \/><\/figure>\n\n\n\n<figure class=\"wp-block-image size-large\"><img loading=\"lazy\" decoding=\"async\" width=\"1000\" height=\"750\" data-id=\"1689\" src=\"https:\/\/payra-monvillage.fr\/wp-content\/uploads\/2023\/11\/7mai5.23.jpg\" alt=\"\" class=\"wp-image-1689\" srcset=\"https:\/\/payra-monvillage.fr\/wp-content\/uploads\/2023\/11\/7mai5.23.jpg 1000w, https:\/\/payra-monvillage.fr\/wp-content\/uploads\/2023\/11\/7mai5.23-300x225.jpg 300w, https:\/\/payra-monvillage.fr\/wp-content\/uploads\/2023\/11\/7mai5.23-768x576.jpg 768w\" sizes=\"auto, (max-width: 767px) 89vw, (max-width: 1000px) 54vw, (max-width: 1071px) 543px, 580px\" \/><\/figure>\n\n\n\n<figure class=\"wp-block-image size-large\"><img loading=\"lazy\" decoding=\"async\" width=\"1000\" height=\"750\" data-id=\"1690\" src=\"https:\/\/payra-monvillage.fr\/wp-content\/uploads\/2023\/11\/7mai6.23.jpg\" alt=\"\" class=\"wp-image-1690\" srcset=\"https:\/\/payra-monvillage.fr\/wp-content\/uploads\/2023\/11\/7mai6.23.jpg 1000w, https:\/\/payra-monvillage.fr\/wp-content\/uploads\/2023\/11\/7mai6.23-300x225.jpg 300w, https:\/\/payra-monvillage.fr\/wp-content\/uploads\/2023\/11\/7mai6.23-768x576.jpg 768w\" sizes=\"auto, (max-width: 767px) 89vw, (max-width: 1000px) 54vw, (max-width: 1071px) 543px, 580px\" \/><\/figure>\n<\/figure>\n\n\n\n<figure class=\"wp-block-gallery has-nested-images columns-default is-cropped wp-block-gallery-7 is-layout-flex wp-block-gallery-is-layout-flex\">\n<figure class=\"wp-block-image size-large\"><img loading=\"lazy\" decoding=\"async\" width=\"1000\" height=\"750\" data-id=\"1691\" src=\"https:\/\/payra-monvillage.fr\/wp-content\/uploads\/2023\/11\/7mai7.23.jpg\" alt=\"\" class=\"wp-image-1691\" srcset=\"https:\/\/payra-monvillage.fr\/wp-content\/uploads\/2023\/11\/7mai7.23.jpg 1000w, https:\/\/payra-monvillage.fr\/wp-content\/uploads\/2023\/11\/7mai7.23-300x225.jpg 300w, https:\/\/payra-monvillage.fr\/wp-content\/uploads\/2023\/11\/7mai7.23-768x576.jpg 768w\" sizes=\"auto, (max-width: 767px) 89vw, (max-width: 1000px) 54vw, (max-width: 1071px) 543px, 580px\" \/><\/figure>\n<\/figure>\n\n\n\n<figure class=\"wp-block-gallery has-nested-images columns-default is-cropped wp-block-gallery-8 is-layout-flex wp-block-gallery-is-layout-flex\">\n<figure class=\"wp-block-image size-large\"><img loading=\"lazy\" decoding=\"async\" width=\"1000\" height=\"750\" data-id=\"1700\" src=\"https:\/\/payra-monvillage.fr\/wp-content\/uploads\/2023\/11\/7mai8.23-1.jpg\" alt=\"\" class=\"wp-image-1700\" srcset=\"https:\/\/payra-monvillage.fr\/wp-content\/uploads\/2023\/11\/7mai8.23-1.jpg 1000w, https:\/\/payra-monvillage.fr\/wp-content\/uploads\/2023\/11\/7mai8.23-1-300x225.jpg 300w, https:\/\/payra-monvillage.fr\/wp-content\/uploads\/2023\/11\/7mai8.23-1-768x576.jpg 768w\" sizes=\"auto, (max-width: 767px) 89vw, (max-width: 1000px) 54vw, (max-width: 1071px) 543px, 580px\" \/><\/figure>\n\n\n\n<figure class=\"wp-block-image size-large\"><img loading=\"lazy\" decoding=\"async\" width=\"1000\" height=\"750\" data-id=\"1701\" src=\"https:\/\/payra-monvillage.fr\/wp-content\/uploads\/2023\/11\/7mai9.23-1.jpg\" alt=\"\" class=\"wp-image-1701\" srcset=\"https:\/\/payra-monvillage.fr\/wp-content\/uploads\/2023\/11\/7mai9.23-1.jpg 1000w, https:\/\/payra-monvillage.fr\/wp-content\/uploads\/2023\/11\/7mai9.23-1-300x225.jpg 300w, https:\/\/payra-monvillage.fr\/wp-content\/uploads\/2023\/11\/7mai9.23-1-768x576.jpg 768w\" sizes=\"auto, (max-width: 767px) 89vw, (max-width: 1000px) 54vw, (max-width: 1071px) 543px, 580px\" \/><\/figure>\n<\/figure>\n\n\n\n<figure class=\"wp-block-gallery has-nested-images columns-default is-cropped wp-block-gallery-9 is-layout-flex wp-block-gallery-is-layout-flex\">\n<figure class=\"wp-block-image size-large\"><img loading=\"lazy\" decoding=\"async\" width=\"1000\" height=\"750\" data-id=\"1694\" src=\"https:\/\/payra-monvillage.fr\/wp-content\/uploads\/2023\/11\/7mai10.23.jpg\" alt=\"\" class=\"wp-image-1694\" srcset=\"https:\/\/payra-monvillage.fr\/wp-content\/uploads\/2023\/11\/7mai10.23.jpg 1000w, https:\/\/payra-monvillage.fr\/wp-content\/uploads\/2023\/11\/7mai10.23-300x225.jpg 300w, https:\/\/payra-monvillage.fr\/wp-content\/uploads\/2023\/11\/7mai10.23-768x576.jpg 768w\" sizes=\"auto, (max-width: 767px) 89vw, (max-width: 1000px) 54vw, (max-width: 1071px) 543px, 580px\" \/><\/figure>\n\n\n\n<figure class=\"wp-block-image size-large\"><img loading=\"lazy\" decoding=\"async\" width=\"1000\" height=\"750\" data-id=\"1695\" src=\"https:\/\/payra-monvillage.fr\/wp-content\/uploads\/2023\/11\/8MAI0.23.jpg\" alt=\"\" class=\"wp-image-1695\" srcset=\"https:\/\/payra-monvillage.fr\/wp-content\/uploads\/2023\/11\/8MAI0.23.jpg 1000w, https:\/\/payra-monvillage.fr\/wp-content\/uploads\/2023\/11\/8MAI0.23-300x225.jpg 300w, https:\/\/payra-monvillage.fr\/wp-content\/uploads\/2023\/11\/8MAI0.23-768x576.jpg 768w\" sizes=\"auto, (max-width: 767px) 89vw, (max-width: 1000px) 54vw, (max-width: 1071px) 543px, 580px\" \/><\/figure>\n\n\n\n<figure class=\"wp-block-image size-large\"><img loading=\"lazy\" decoding=\"async\" width=\"1000\" height=\"750\" data-id=\"1696\" src=\"https:\/\/payra-monvillage.fr\/wp-content\/uploads\/2023\/11\/8MAI1.23.jpg\" alt=\"\" class=\"wp-image-1696\" srcset=\"https:\/\/payra-monvillage.fr\/wp-content\/uploads\/2023\/11\/8MAI1.23.jpg 1000w, https:\/\/payra-monvillage.fr\/wp-content\/uploads\/2023\/11\/8MAI1.23-300x225.jpg 300w, https:\/\/payra-monvillage.fr\/wp-content\/uploads\/2023\/11\/8MAI1.23-768x576.jpg 768w\" sizes=\"auto, (max-width: 767px) 89vw, (max-width: 1000px) 54vw, (max-width: 1071px) 543px, 580px\" \/><\/figure>\n<\/figure>\n\n\n\n<figure class=\"wp-block-gallery has-nested-images columns-default is-cropped wp-block-gallery-10 is-layout-flex wp-block-gallery-is-layout-flex\">\n<figure class=\"wp-block-image size-large\"><img loading=\"lazy\" decoding=\"async\" width=\"1000\" height=\"750\" data-id=\"1697\" src=\"https:\/\/payra-monvillage.fr\/wp-content\/uploads\/2023\/11\/8MAI2.23.jpg\" alt=\"\" class=\"wp-image-1697\" srcset=\"https:\/\/payra-monvillage.fr\/wp-content\/uploads\/2023\/11\/8MAI2.23.jpg 1000w, https:\/\/payra-monvillage.fr\/wp-content\/uploads\/2023\/11\/8MAI2.23-300x225.jpg 300w, https:\/\/payra-monvillage.fr\/wp-content\/uploads\/2023\/11\/8MAI2.23-768x576.jpg 768w\" sizes=\"auto, (max-width: 767px) 89vw, (max-width: 1000px) 54vw, (max-width: 1071px) 543px, 580px\" \/><\/figure>\n\n\n\n<figure class=\"wp-block-image size-large\"><img loading=\"lazy\" decoding=\"async\" width=\"1000\" height=\"750\" data-id=\"1698\" src=\"https:\/\/payra-monvillage.fr\/wp-content\/uploads\/2023\/11\/8MAI3.23.jpg\" alt=\"\" class=\"wp-image-1698\" srcset=\"https:\/\/payra-monvillage.fr\/wp-content\/uploads\/2023\/11\/8MAI3.23.jpg 1000w, https:\/\/payra-monvillage.fr\/wp-content\/uploads\/2023\/11\/8MAI3.23-300x225.jpg 300w, https:\/\/payra-monvillage.fr\/wp-content\/uploads\/2023\/11\/8MAI3.23-768x576.jpg 768w\" sizes=\"auto, (max-width: 767px) 89vw, (max-width: 1000px) 54vw, (max-width: 1071px) 543px, 580px\" \/><\/figure>\n\n\n\n<figure class=\"wp-block-image size-large\"><img loading=\"lazy\" decoding=\"async\" width=\"1000\" height=\"750\" data-id=\"1699\" src=\"https:\/\/payra-monvillage.fr\/wp-content\/uploads\/2023\/11\/8MAI4.23.jpg\" alt=\"\" class=\"wp-image-1699\" srcset=\"https:\/\/payra-monvillage.fr\/wp-content\/uploads\/2023\/11\/8MAI4.23.jpg 1000w, https:\/\/payra-monvillage.fr\/wp-content\/uploads\/2023\/11\/8MAI4.23-300x225.jpg 300w, https:\/\/payra-monvillage.fr\/wp-content\/uploads\/2023\/11\/8MAI4.23-768x576.jpg 768w\" sizes=\"auto, (max-width: 767px) 89vw, (max-width: 1000px) 54vw, (max-width: 1071px) 543px, 580px\" \/><\/figure>\n<\/figure>\n","protected":false},"excerpt":{"rendered":"<p>No\u00ebl 2023 le P\u00e8re Noel a eu de la bu\u00e9e sur les lunettes \u00e0 cause de sa belle barbe blanche , il n&rsquo;a pas pu lire les pr\u00e9noms sur les cadeaux.Heureusement L\u00e9a est venue \u00e0 la rescousse. Photographies Alix Information Association Parents d\u2019\u00c9l\u00e8ves Bonjour \u00e0 tous Ce dimanche 3 d\u00e9cembre aura lieu l&rsquo;\u00e9dition 2023 de &hellip; <\/p>\n<p class=\"link-more\"><a href=\"https:\/\/payra-monvillage.fr\/index.php\/association-parents-deleves\/\" class=\"more-link\">Continuer la lecture<span class=\"screen-reader-text\"> de &laquo;&nbsp;Association Parents d&rsquo;\u00e9l\u00e8ves&nbsp;&raquo;<\/span><\/a><\/p>\n","protected":false},"author":1,"featured_media":0,"parent":0,"menu_order":0,"comment_status":"closed","ping_status":"closed","template":"","meta":{"footnotes":""},"class_list":["post-1391","page","type-page","status-publish","hentry"],"_links":{"self":[{"href":"https:\/\/payra-monvillage.fr\/index.php\/wp-json\/wp\/v2\/pages\/1391","targetHints":{"allow":["GET"]}}],"collection":[{"href":"https:\/\/payra-monvillage.fr\/index.php\/wp-json\/wp\/v2\/pages"}],"about":[{"href":"https:\/\/payra-monvillage.fr\/index.php\/wp-json\/wp\/v2\/types\/page"}],"author":[{"embeddable":true,"href":"https:\/\/payra-monvillage.fr\/index.php\/wp-json\/wp\/v2\/users\/1"}],"replies":[{"embeddable":true,"href":"https:\/\/payra-monvillage.fr\/index.php\/wp-json\/wp\/v2\/comments?post=1391"}],"version-history":[{"count":8,"href":"https:\/\/payra-monvillage.fr\/index.php\/wp-json\/wp\/v2\/pages\/1391\/revisions"}],"predecessor-version":[{"id":3021,"href":"https:\/\/payra-monvillage.fr\/index.php\/wp-json\/wp\/v2\/pages\/1391\/revisions\/3021"}],"wp:attachment":[{"href":"https:\/\/payra-monvillage.fr\/index.php\/wp-json\/wp\/v2\/media?parent=1391"}],"curies":[{"name":"wp","href":"https:\/\/api.w.org\/{rel}","templated":true}]}}