{"id":1356,"date":"2023-11-29T09:20:46","date_gmt":"2023-11-29T08:20:46","guid":{"rendered":"https:\/\/payra-monvillage.fr\/?page_id=1356"},"modified":"2023-11-29T09:25:35","modified_gmt":"2023-11-29T08:25:35","slug":"comite-des-fetes","status":"publish","type":"page","link":"https:\/\/payra-monvillage.fr\/index.php\/comite-des-fetes\/","title":{"rendered":"Comit\u00e9 des F\u00eates"},"content":{"rendered":"\n<figure class=\"wp-block-image size-full\"><img loading=\"lazy\" decoding=\"async\" width=\"1000\" height=\"750\" src=\"http:\/\/payra-monvillage.fr\/wp-content\/uploads\/2023\/11\/66683bf4b1d58d7404221ddb3a5e30fe.jpg\" alt=\"\" class=\"wp-image-1369\" srcset=\"https:\/\/payra-monvillage.fr\/wp-content\/uploads\/2023\/11\/66683bf4b1d58d7404221ddb3a5e30fe.jpg 1000w, https:\/\/payra-monvillage.fr\/wp-content\/uploads\/2023\/11\/66683bf4b1d58d7404221ddb3a5e30fe-300x225.jpg 300w, https:\/\/payra-monvillage.fr\/wp-content\/uploads\/2023\/11\/66683bf4b1d58d7404221ddb3a5e30fe-768x576.jpg 768w\" sizes=\"auto, (max-width: 767px) 89vw, (max-width: 1000px) 54vw, (max-width: 1071px) 543px, 580px\" \/><\/figure>\n\n\n\n<figure class=\"wp-block-image size-large\"><img loading=\"lazy\" decoding=\"async\" width=\"734\" height=\"1024\" src=\"http:\/\/payra-monvillage.fr\/wp-content\/uploads\/2023\/11\/ae439cb409f36df641bc294a2a9435e2-734x1024.jpg\" alt=\"\" class=\"wp-image-1374\" srcset=\"https:\/\/payra-monvillage.fr\/wp-content\/uploads\/2023\/11\/ae439cb409f36df641bc294a2a9435e2-734x1024.jpg 734w, https:\/\/payra-monvillage.fr\/wp-content\/uploads\/2023\/11\/ae439cb409f36df641bc294a2a9435e2-215x300.jpg 215w, https:\/\/payra-monvillage.fr\/wp-content\/uploads\/2023\/11\/ae439cb409f36df641bc294a2a9435e2-768x1072.jpg 768w, https:\/\/payra-monvillage.fr\/wp-content\/uploads\/2023\/11\/ae439cb409f36df641bc294a2a9435e2-1100x1536.jpg 1100w, https:\/\/payra-monvillage.fr\/wp-content\/uploads\/2023\/11\/ae439cb409f36df641bc294a2a9435e2.jpg 1149w\" sizes=\"auto, (max-width: 734px) 100vw, 734px\" \/><\/figure>\n\n\n\n<figure class=\"wp-block-image size-large\"><img loading=\"lazy\" decoding=\"async\" width=\"1024\" height=\"768\" src=\"http:\/\/payra-monvillage.fr\/wp-content\/uploads\/2023\/11\/b3ff498f7be16638e5a3414c563b86df-1024x768.jpg\" alt=\"\" class=\"wp-image-1375\" srcset=\"https:\/\/payra-monvillage.fr\/wp-content\/uploads\/2023\/11\/b3ff498f7be16638e5a3414c563b86df-1024x768.jpg 1024w, https:\/\/payra-monvillage.fr\/wp-content\/uploads\/2023\/11\/b3ff498f7be16638e5a3414c563b86df-300x225.jpg 300w, https:\/\/payra-monvillage.fr\/wp-content\/uploads\/2023\/11\/b3ff498f7be16638e5a3414c563b86df-768x576.jpg 768w, https:\/\/payra-monvillage.fr\/wp-content\/uploads\/2023\/11\/b3ff498f7be16638e5a3414c563b86df.jpg 1300w\" sizes=\"auto, (max-width: 767px) 89vw, (max-width: 1000px) 54vw, (max-width: 1071px) 543px, 580px\" \/><\/figure>\n\n\n\n<p>l&rsquo;Assembl\u00e9e g\u00e9n\u00e9rale du comit\u00e9 des f\u00eates de Payra s&rsquo;est tenue ce vendredi 9 octobre 2020 dans le local des associations situ\u00e9 \u00e0 la mairie.&nbsp;<\/p>\n\n\n\n<p>Apr\u00e8s le constat de cette ann\u00e9e 2020, catastrophique pour tous mais en particulier pour toutes les associations festives qui furent&nbsp;contraintes \u00e0 ne pouvoir rien entreprendre.&nbsp;<\/p>\n\n\n\n<p>Le comit\u00e9 des f\u00eates sans \u00eatre dans un optimisme b\u00e9at,&nbsp;ose esp\u00e9rer que pour le mois d&rsquo;ao\u00fbt la vie villageoise reprenne ses activit\u00e9s associatives qui aujourd&rsquo;hui sont au point mort.<\/p>\n\n\n\n<p>Le comit\u00e9 des f\u00eates a \u00e9lu son nouveau bureau:&nbsp;<\/p>\n\n\n\n<p>Pr\u00e9sidente: Natacha Fournier<\/p>\n\n\n\n<p>Pr\u00e9sident Adjoint. J\u00e9r\u00f4me Gaubert<\/p>\n\n\n\n<p>Secr\u00e9taire: G\u00e9raldine Grill\u00e8res<\/p>\n\n\n\n<p>Secr\u00e9taire adjoint: Daniel Lemoine<\/p>\n\n\n\n<p>Tr\u00e9sorier: Fabien Albouy<\/p>\n\n\n\n<h2 class=\"wp-block-heading\">Le 2 novembre 2019<\/h2>\n\n\n\n<p>Soir\u00e9e Cabaret anim\u00e9e par Challenger Musica accompagn\u00e9 de DANSEL et Mister DIAMAN<\/p>\n\n\n\n<p>Cette soir\u00e9e fut une r\u00e9ussite pour le comit\u00e9 des f\u00eates de Payra, tant par le repas propos\u00e9 et concoct\u00e9 par&nbsp;la jeune \u00e9quipe organisatrice que par les artistes pr\u00e9sents sur la sc\u00e8ne.<\/p>\n\n\n\n<figure class=\"wp-block-image size-large\"><img loading=\"lazy\" decoding=\"async\" width=\"1024\" height=\"768\" src=\"http:\/\/payra-monvillage.fr\/wp-content\/uploads\/2023\/11\/d344c7701abd9e9119c977b3113bb597-1024x768.jpg\" alt=\"\" class=\"wp-image-1382\" srcset=\"https:\/\/payra-monvillage.fr\/wp-content\/uploads\/2023\/11\/d344c7701abd9e9119c977b3113bb597-1024x768.jpg 1024w, https:\/\/payra-monvillage.fr\/wp-content\/uploads\/2023\/11\/d344c7701abd9e9119c977b3113bb597-300x225.jpg 300w, https:\/\/payra-monvillage.fr\/wp-content\/uploads\/2023\/11\/d344c7701abd9e9119c977b3113bb597-768x576.jpg 768w, https:\/\/payra-monvillage.fr\/wp-content\/uploads\/2023\/11\/d344c7701abd9e9119c977b3113bb597.jpg 1300w\" sizes=\"auto, (max-width: 767px) 89vw, (max-width: 1000px) 54vw, (max-width: 1071px) 543px, 580px\" \/><\/figure>\n\n\n\n<figure class=\"wp-block-gallery has-nested-images columns-default is-cropped wp-block-gallery-1 is-layout-flex wp-block-gallery-is-layout-flex\">\n<figure class=\"wp-block-image size-large\"><img loading=\"lazy\" decoding=\"async\" width=\"1024\" height=\"768\" data-id=\"1386\" src=\"https:\/\/payra-monvillage.fr\/wp-content\/uploads\/2023\/11\/e66717bd1e5239ac6928e6e65f38fa25-1024x768.jpg\" alt=\"\" class=\"wp-image-1386\" srcset=\"https:\/\/payra-monvillage.fr\/wp-content\/uploads\/2023\/11\/e66717bd1e5239ac6928e6e65f38fa25-1024x768.jpg 1024w, https:\/\/payra-monvillage.fr\/wp-content\/uploads\/2023\/11\/e66717bd1e5239ac6928e6e65f38fa25-300x225.jpg 300w, https:\/\/payra-monvillage.fr\/wp-content\/uploads\/2023\/11\/e66717bd1e5239ac6928e6e65f38fa25-768x576.jpg 768w, https:\/\/payra-monvillage.fr\/wp-content\/uploads\/2023\/11\/e66717bd1e5239ac6928e6e65f38fa25.jpg 1300w\" sizes=\"auto, (max-width: 767px) 89vw, (max-width: 1000px) 54vw, (max-width: 1071px) 543px, 580px\" \/><\/figure>\n\n\n\n<figure class=\"wp-block-image size-large\"><img loading=\"lazy\" decoding=\"async\" width=\"1024\" height=\"768\" data-id=\"1363\" src=\"https:\/\/payra-monvillage.fr\/wp-content\/uploads\/2023\/11\/3e5aac47af10cc5aa5337d6c61ccabc6-1024x768.jpg\" alt=\"\" class=\"wp-image-1363\" srcset=\"https:\/\/payra-monvillage.fr\/wp-content\/uploads\/2023\/11\/3e5aac47af10cc5aa5337d6c61ccabc6-1024x768.jpg 1024w, https:\/\/payra-monvillage.fr\/wp-content\/uploads\/2023\/11\/3e5aac47af10cc5aa5337d6c61ccabc6-300x225.jpg 300w, https:\/\/payra-monvillage.fr\/wp-content\/uploads\/2023\/11\/3e5aac47af10cc5aa5337d6c61ccabc6-768x576.jpg 768w, https:\/\/payra-monvillage.fr\/wp-content\/uploads\/2023\/11\/3e5aac47af10cc5aa5337d6c61ccabc6.jpg 1300w\" sizes=\"auto, (max-width: 767px) 89vw, (max-width: 1000px) 54vw, (max-width: 1071px) 543px, 580px\" \/><\/figure>\n\n\n\n<figure class=\"wp-block-image size-large\"><img loading=\"lazy\" decoding=\"async\" width=\"1024\" height=\"768\" data-id=\"1383\" src=\"https:\/\/payra-monvillage.fr\/wp-content\/uploads\/2023\/11\/dd6bb0d2532a6db3a926ae18a602f627-1024x768.jpg\" alt=\"\" class=\"wp-image-1383\" srcset=\"https:\/\/payra-monvillage.fr\/wp-content\/uploads\/2023\/11\/dd6bb0d2532a6db3a926ae18a602f627-1024x768.jpg 1024w, https:\/\/payra-monvillage.fr\/wp-content\/uploads\/2023\/11\/dd6bb0d2532a6db3a926ae18a602f627-300x225.jpg 300w, https:\/\/payra-monvillage.fr\/wp-content\/uploads\/2023\/11\/dd6bb0d2532a6db3a926ae18a602f627-768x576.jpg 768w, https:\/\/payra-monvillage.fr\/wp-content\/uploads\/2023\/11\/dd6bb0d2532a6db3a926ae18a602f627.jpg 1300w\" sizes=\"auto, (max-width: 767px) 89vw, (max-width: 1000px) 54vw, (max-width: 1071px) 543px, 580px\" \/><\/figure>\n<\/figure>\n\n\n\n<p>Les chanteurs descendaient de la sc\u00e8ne pour se m\u00ealer aux spectateurs et les faire chanter sur des refrains connus.<\/p>\n\n\n\n<figure class=\"wp-block-gallery has-nested-images columns-default is-cropped wp-block-gallery-2 is-layout-flex wp-block-gallery-is-layout-flex\">\n<figure class=\"wp-block-image size-large\"><img loading=\"lazy\" decoding=\"async\" width=\"768\" height=\"1024\" data-id=\"1387\" src=\"https:\/\/payra-monvillage.fr\/wp-content\/uploads\/2023\/11\/f857ba3c2159f4737bf2a6d038a0053b-768x1024.jpg\" alt=\"\" class=\"wp-image-1387\" srcset=\"https:\/\/payra-monvillage.fr\/wp-content\/uploads\/2023\/11\/f857ba3c2159f4737bf2a6d038a0053b-768x1024.jpg 768w, https:\/\/payra-monvillage.fr\/wp-content\/uploads\/2023\/11\/f857ba3c2159f4737bf2a6d038a0053b-225x300.jpg 225w, https:\/\/payra-monvillage.fr\/wp-content\/uploads\/2023\/11\/f857ba3c2159f4737bf2a6d038a0053b.jpg 975w\" sizes=\"auto, (max-width: 767px) 89vw, (max-width: 1000px) 54vw, (max-width: 1071px) 543px, 580px\" \/><\/figure>\n\n\n\n<figure class=\"wp-block-image size-large\"><img loading=\"lazy\" decoding=\"async\" width=\"768\" height=\"1024\" data-id=\"1385\" src=\"https:\/\/payra-monvillage.fr\/wp-content\/uploads\/2023\/11\/e12f39e2d7c838104b87df2e64f45c75-768x1024.jpg\" alt=\"\" class=\"wp-image-1385\" srcset=\"https:\/\/payra-monvillage.fr\/wp-content\/uploads\/2023\/11\/e12f39e2d7c838104b87df2e64f45c75-768x1024.jpg 768w, https:\/\/payra-monvillage.fr\/wp-content\/uploads\/2023\/11\/e12f39e2d7c838104b87df2e64f45c75-225x300.jpg 225w, https:\/\/payra-monvillage.fr\/wp-content\/uploads\/2023\/11\/e12f39e2d7c838104b87df2e64f45c75.jpg 975w\" sizes=\"auto, (max-width: 767px) 89vw, (max-width: 1000px) 54vw, (max-width: 1071px) 543px, 580px\" \/><\/figure>\n\n\n\n<figure class=\"wp-block-image size-large\"><img loading=\"lazy\" decoding=\"async\" width=\"768\" height=\"1024\" data-id=\"1384\" src=\"https:\/\/payra-monvillage.fr\/wp-content\/uploads\/2023\/11\/df284693eedb92c5330fff0250b72728-768x1024.jpg\" alt=\"\" class=\"wp-image-1384\" srcset=\"https:\/\/payra-monvillage.fr\/wp-content\/uploads\/2023\/11\/df284693eedb92c5330fff0250b72728-768x1024.jpg 768w, https:\/\/payra-monvillage.fr\/wp-content\/uploads\/2023\/11\/df284693eedb92c5330fff0250b72728-225x300.jpg 225w, https:\/\/payra-monvillage.fr\/wp-content\/uploads\/2023\/11\/df284693eedb92c5330fff0250b72728.jpg 975w\" sizes=\"auto, (max-width: 767px) 89vw, (max-width: 1000px) 54vw, (max-width: 1071px) 543px, 580px\" \/><\/figure>\n<\/figure>\n\n\n\n<figure class=\"wp-block-gallery has-nested-images columns-default is-cropped wp-block-gallery-3 is-layout-flex wp-block-gallery-is-layout-flex\">\n<figure class=\"wp-block-image size-large\"><img loading=\"lazy\" decoding=\"async\" width=\"768\" height=\"1024\" data-id=\"1373\" src=\"https:\/\/payra-monvillage.fr\/wp-content\/uploads\/2023\/11\/ad5a412b14fd76c8d0eb5d55ae639dba-768x1024.jpg\" alt=\"\" class=\"wp-image-1373\" srcset=\"https:\/\/payra-monvillage.fr\/wp-content\/uploads\/2023\/11\/ad5a412b14fd76c8d0eb5d55ae639dba-768x1024.jpg 768w, https:\/\/payra-monvillage.fr\/wp-content\/uploads\/2023\/11\/ad5a412b14fd76c8d0eb5d55ae639dba-225x300.jpg 225w, https:\/\/payra-monvillage.fr\/wp-content\/uploads\/2023\/11\/ad5a412b14fd76c8d0eb5d55ae639dba.jpg 975w\" sizes=\"auto, (max-width: 767px) 89vw, (max-width: 1000px) 54vw, (max-width: 1071px) 543px, 580px\" \/><\/figure>\n\n\n\n<figure class=\"wp-block-image size-large\"><img loading=\"lazy\" decoding=\"async\" width=\"1024\" height=\"768\" data-id=\"1372\" src=\"https:\/\/payra-monvillage.fr\/wp-content\/uploads\/2023\/11\/a28ef4ea4ce7466d9bf4f27c6f7229bd-1024x768.jpg\" alt=\"\" class=\"wp-image-1372\" srcset=\"https:\/\/payra-monvillage.fr\/wp-content\/uploads\/2023\/11\/a28ef4ea4ce7466d9bf4f27c6f7229bd-1024x768.jpg 1024w, https:\/\/payra-monvillage.fr\/wp-content\/uploads\/2023\/11\/a28ef4ea4ce7466d9bf4f27c6f7229bd-300x225.jpg 300w, https:\/\/payra-monvillage.fr\/wp-content\/uploads\/2023\/11\/a28ef4ea4ce7466d9bf4f27c6f7229bd-768x576.jpg 768w, https:\/\/payra-monvillage.fr\/wp-content\/uploads\/2023\/11\/a28ef4ea4ce7466d9bf4f27c6f7229bd.jpg 1300w\" sizes=\"auto, (max-width: 767px) 89vw, (max-width: 1000px) 54vw, (max-width: 1071px) 543px, 580px\" \/><\/figure>\n\n\n\n<figure class=\"wp-block-image size-large\"><img loading=\"lazy\" decoding=\"async\" width=\"768\" height=\"1024\" data-id=\"1368\" src=\"https:\/\/payra-monvillage.fr\/wp-content\/uploads\/2023\/11\/5cc65cee6dfe99eb414a8516666257fe-768x1024.jpg\" alt=\"\" class=\"wp-image-1368\" srcset=\"https:\/\/payra-monvillage.fr\/wp-content\/uploads\/2023\/11\/5cc65cee6dfe99eb414a8516666257fe-768x1024.jpg 768w, https:\/\/payra-monvillage.fr\/wp-content\/uploads\/2023\/11\/5cc65cee6dfe99eb414a8516666257fe-225x300.jpg 225w, https:\/\/payra-monvillage.fr\/wp-content\/uploads\/2023\/11\/5cc65cee6dfe99eb414a8516666257fe.jpg 975w\" sizes=\"auto, (max-width: 767px) 89vw, (max-width: 1000px) 54vw, (max-width: 1071px) 543px, 580px\" \/><\/figure>\n<\/figure>\n\n\n\n<p>Le spectacle musical avec des costumes magnifiques port\u00e9s par Dansel&nbsp; et Mr Diaman fut ex\u00e9cut\u00e9 sans temps mort.<\/p>\n\n\n\n<figure class=\"wp-block-gallery has-nested-images columns-default is-cropped wp-block-gallery-4 is-layout-flex wp-block-gallery-is-layout-flex\">\n<figure class=\"wp-block-image size-large\"><img loading=\"lazy\" decoding=\"async\" width=\"1024\" height=\"768\" data-id=\"1376\" src=\"https:\/\/payra-monvillage.fr\/wp-content\/uploads\/2023\/11\/b85903e061331cb41c53f26da9aa5d28-1024x768.jpg\" alt=\"\" class=\"wp-image-1376\" srcset=\"https:\/\/payra-monvillage.fr\/wp-content\/uploads\/2023\/11\/b85903e061331cb41c53f26da9aa5d28-1024x768.jpg 1024w, https:\/\/payra-monvillage.fr\/wp-content\/uploads\/2023\/11\/b85903e061331cb41c53f26da9aa5d28-300x225.jpg 300w, https:\/\/payra-monvillage.fr\/wp-content\/uploads\/2023\/11\/b85903e061331cb41c53f26da9aa5d28-768x576.jpg 768w, https:\/\/payra-monvillage.fr\/wp-content\/uploads\/2023\/11\/b85903e061331cb41c53f26da9aa5d28.jpg 1300w\" sizes=\"auto, (max-width: 767px) 89vw, (max-width: 1000px) 54vw, (max-width: 1071px) 543px, 580px\" \/><\/figure>\n\n\n\n<figure class=\"wp-block-image size-large\"><img loading=\"lazy\" decoding=\"async\" width=\"1024\" height=\"768\" data-id=\"1362\" src=\"https:\/\/payra-monvillage.fr\/wp-content\/uploads\/2023\/11\/3c8d96c8679df2a56c9981c67452b405-1024x768.jpg\" alt=\"\" class=\"wp-image-1362\" srcset=\"https:\/\/payra-monvillage.fr\/wp-content\/uploads\/2023\/11\/3c8d96c8679df2a56c9981c67452b405-1024x768.jpg 1024w, https:\/\/payra-monvillage.fr\/wp-content\/uploads\/2023\/11\/3c8d96c8679df2a56c9981c67452b405-300x225.jpg 300w, https:\/\/payra-monvillage.fr\/wp-content\/uploads\/2023\/11\/3c8d96c8679df2a56c9981c67452b405-768x576.jpg 768w, https:\/\/payra-monvillage.fr\/wp-content\/uploads\/2023\/11\/3c8d96c8679df2a56c9981c67452b405.jpg 1300w\" sizes=\"auto, (max-width: 767px) 89vw, (max-width: 1000px) 54vw, (max-width: 1071px) 543px, 580px\" \/><\/figure>\n\n\n\n<figure class=\"wp-block-image size-large\"><img loading=\"lazy\" decoding=\"async\" width=\"768\" height=\"1024\" data-id=\"1370\" src=\"https:\/\/payra-monvillage.fr\/wp-content\/uploads\/2023\/11\/7afbceec5b0ca15f41f60ff061d9fe38-768x1024.jpg\" alt=\"\" class=\"wp-image-1370\" srcset=\"https:\/\/payra-monvillage.fr\/wp-content\/uploads\/2023\/11\/7afbceec5b0ca15f41f60ff061d9fe38-768x1024.jpg 768w, https:\/\/payra-monvillage.fr\/wp-content\/uploads\/2023\/11\/7afbceec5b0ca15f41f60ff061d9fe38-225x300.jpg 225w, https:\/\/payra-monvillage.fr\/wp-content\/uploads\/2023\/11\/7afbceec5b0ca15f41f60ff061d9fe38.jpg 975w\" sizes=\"auto, (max-width: 767px) 89vw, (max-width: 1000px) 54vw, (max-width: 1071px) 543px, 580px\" \/><\/figure>\n<\/figure>\n\n\n\n<figure class=\"wp-block-gallery has-nested-images columns-default is-cropped wp-block-gallery-5 is-layout-flex wp-block-gallery-is-layout-flex\">\n<figure class=\"wp-block-image size-large\"><img loading=\"lazy\" decoding=\"async\" width=\"768\" height=\"1024\" data-id=\"1377\" src=\"https:\/\/payra-monvillage.fr\/wp-content\/uploads\/2023\/11\/b8b6c7c3a058637693d11892da7cd000-768x1024.jpg\" alt=\"\" class=\"wp-image-1377\" srcset=\"https:\/\/payra-monvillage.fr\/wp-content\/uploads\/2023\/11\/b8b6c7c3a058637693d11892da7cd000-768x1024.jpg 768w, https:\/\/payra-monvillage.fr\/wp-content\/uploads\/2023\/11\/b8b6c7c3a058637693d11892da7cd000-225x300.jpg 225w, https:\/\/payra-monvillage.fr\/wp-content\/uploads\/2023\/11\/b8b6c7c3a058637693d11892da7cd000.jpg 975w\" sizes=\"auto, (max-width: 767px) 89vw, (max-width: 1000px) 54vw, (max-width: 1071px) 543px, 580px\" \/><\/figure>\n\n\n\n<figure class=\"wp-block-image size-large\"><img loading=\"lazy\" decoding=\"async\" width=\"768\" height=\"1024\" data-id=\"1366\" src=\"https:\/\/payra-monvillage.fr\/wp-content\/uploads\/2023\/11\/4b8c976610444d38d9d474dac728f0ac-768x1024.jpg\" alt=\"\" class=\"wp-image-1366\" srcset=\"https:\/\/payra-monvillage.fr\/wp-content\/uploads\/2023\/11\/4b8c976610444d38d9d474dac728f0ac-768x1024.jpg 768w, https:\/\/payra-monvillage.fr\/wp-content\/uploads\/2023\/11\/4b8c976610444d38d9d474dac728f0ac-225x300.jpg 225w, https:\/\/payra-monvillage.fr\/wp-content\/uploads\/2023\/11\/4b8c976610444d38d9d474dac728f0ac.jpg 975w\" sizes=\"auto, (max-width: 767px) 89vw, (max-width: 1000px) 54vw, (max-width: 1071px) 543px, 580px\" \/><\/figure>\n<\/figure>\n\n\n\n<p>Un temps qui donna des vapeurs au convive choisi par la danseuse.<\/p>\n\n\n\n<figure class=\"wp-block-gallery has-nested-images columns-default is-cropped wp-block-gallery-6 is-layout-flex wp-block-gallery-is-layout-flex\">\n<figure class=\"wp-block-image size-large\"><img loading=\"lazy\" decoding=\"async\" width=\"768\" height=\"1024\" data-id=\"1364\" src=\"https:\/\/payra-monvillage.fr\/wp-content\/uploads\/2023\/11\/43faccad35d54432ee49fdb1eae28ab1-768x1024.jpg\" alt=\"\" class=\"wp-image-1364\" srcset=\"https:\/\/payra-monvillage.fr\/wp-content\/uploads\/2023\/11\/43faccad35d54432ee49fdb1eae28ab1-768x1024.jpg 768w, https:\/\/payra-monvillage.fr\/wp-content\/uploads\/2023\/11\/43faccad35d54432ee49fdb1eae28ab1-225x300.jpg 225w, https:\/\/payra-monvillage.fr\/wp-content\/uploads\/2023\/11\/43faccad35d54432ee49fdb1eae28ab1.jpg 975w\" sizes=\"auto, (max-width: 767px) 89vw, (max-width: 1000px) 54vw, (max-width: 1071px) 543px, 580px\" \/><\/figure>\n\n\n\n<figure class=\"wp-block-image size-large\"><img loading=\"lazy\" decoding=\"async\" width=\"768\" height=\"1024\" data-id=\"1378\" src=\"https:\/\/payra-monvillage.fr\/wp-content\/uploads\/2023\/11\/b9dd49ef6a06a2b8259e986928c2efa6-768x1024.jpg\" alt=\"\" class=\"wp-image-1378\" srcset=\"https:\/\/payra-monvillage.fr\/wp-content\/uploads\/2023\/11\/b9dd49ef6a06a2b8259e986928c2efa6-768x1024.jpg 768w, https:\/\/payra-monvillage.fr\/wp-content\/uploads\/2023\/11\/b9dd49ef6a06a2b8259e986928c2efa6-225x300.jpg 225w, https:\/\/payra-monvillage.fr\/wp-content\/uploads\/2023\/11\/b9dd49ef6a06a2b8259e986928c2efa6.jpg 975w\" sizes=\"auto, (max-width: 767px) 89vw, (max-width: 1000px) 54vw, (max-width: 1071px) 543px, 580px\" \/><\/figure>\n<\/figure>\n\n\n\n<p>La fin du spectacle arriva avec regrets toujours sur un magnifique tableau lumineux.<\/p>\n\n\n\n<figure class=\"wp-block-gallery has-nested-images columns-default is-cropped wp-block-gallery-7 is-layout-flex wp-block-gallery-is-layout-flex\">\n<figure class=\"wp-block-image size-large\"><img loading=\"lazy\" decoding=\"async\" width=\"1024\" height=\"768\" data-id=\"1367\" src=\"https:\/\/payra-monvillage.fr\/wp-content\/uploads\/2023\/11\/5040bbc31bf62c9063c38928f14525b4-1024x768.jpg\" alt=\"\" class=\"wp-image-1367\" srcset=\"https:\/\/payra-monvillage.fr\/wp-content\/uploads\/2023\/11\/5040bbc31bf62c9063c38928f14525b4-1024x768.jpg 1024w, https:\/\/payra-monvillage.fr\/wp-content\/uploads\/2023\/11\/5040bbc31bf62c9063c38928f14525b4-300x225.jpg 300w, https:\/\/payra-monvillage.fr\/wp-content\/uploads\/2023\/11\/5040bbc31bf62c9063c38928f14525b4-768x576.jpg 768w, https:\/\/payra-monvillage.fr\/wp-content\/uploads\/2023\/11\/5040bbc31bf62c9063c38928f14525b4.jpg 1300w\" sizes=\"auto, (max-width: 767px) 89vw, (max-width: 1000px) 54vw, (max-width: 1071px) 543px, 580px\" \/><\/figure>\n\n\n\n<figure class=\"wp-block-image size-large\"><img loading=\"lazy\" decoding=\"async\" width=\"1024\" height=\"768\" data-id=\"1379\" src=\"https:\/\/payra-monvillage.fr\/wp-content\/uploads\/2023\/11\/bc2f645c5a4395bbd1dd17c521d6617b-1024x768.jpg\" alt=\"\" class=\"wp-image-1379\" srcset=\"https:\/\/payra-monvillage.fr\/wp-content\/uploads\/2023\/11\/bc2f645c5a4395bbd1dd17c521d6617b-1024x768.jpg 1024w, https:\/\/payra-monvillage.fr\/wp-content\/uploads\/2023\/11\/bc2f645c5a4395bbd1dd17c521d6617b-300x225.jpg 300w, https:\/\/payra-monvillage.fr\/wp-content\/uploads\/2023\/11\/bc2f645c5a4395bbd1dd17c521d6617b-768x576.jpg 768w, https:\/\/payra-monvillage.fr\/wp-content\/uploads\/2023\/11\/bc2f645c5a4395bbd1dd17c521d6617b.jpg 1300w\" sizes=\"auto, (max-width: 767px) 89vw, (max-width: 1000px) 54vw, (max-width: 1071px) 543px, 580px\" \/><\/figure>\n\n\n\n<figure class=\"wp-block-image size-large\"><img loading=\"lazy\" decoding=\"async\" width=\"1024\" height=\"768\" data-id=\"1371\" src=\"https:\/\/payra-monvillage.fr\/wp-content\/uploads\/2023\/11\/9bd3c7b9daa444461b9cd2691b3b6293-1024x768.jpg\" alt=\"\" class=\"wp-image-1371\" srcset=\"https:\/\/payra-monvillage.fr\/wp-content\/uploads\/2023\/11\/9bd3c7b9daa444461b9cd2691b3b6293-1024x768.jpg 1024w, https:\/\/payra-monvillage.fr\/wp-content\/uploads\/2023\/11\/9bd3c7b9daa444461b9cd2691b3b6293-300x225.jpg 300w, https:\/\/payra-monvillage.fr\/wp-content\/uploads\/2023\/11\/9bd3c7b9daa444461b9cd2691b3b6293-768x576.jpg 768w, https:\/\/payra-monvillage.fr\/wp-content\/uploads\/2023\/11\/9bd3c7b9daa444461b9cd2691b3b6293.jpg 1300w\" sizes=\"auto, (max-width: 767px) 89vw, (max-width: 1000px) 54vw, (max-width: 1071px) 543px, 580px\" \/><\/figure>\n<\/figure>\n\n\n\n<p>A la demande de la salle conquise par ces deux artistes, Monsieur le Maire posa avec les enfants de Payra pr\u00e9sents. Puis ce fut au tour de l&rsquo;\u00e9quipe du Comit\u00e9 des f\u00eates de poser pour la photographie.<\/p>\n\n\n\n<p>Arnaud connaissait toutes les chansons et les a chant\u00e9es puis a\u00a0pos\u00e9 pour la photo souvenir.<\/p>\n\n\n\n<figure class=\"wp-block-image size-large\"><img loading=\"lazy\" decoding=\"async\" width=\"1024\" height=\"768\" src=\"http:\/\/payra-monvillage.fr\/wp-content\/uploads\/2023\/11\/c6bd2fac1de064fc5386cbe510ac1276-1024x768.jpg\" alt=\"\" class=\"wp-image-1381\" srcset=\"https:\/\/payra-monvillage.fr\/wp-content\/uploads\/2023\/11\/c6bd2fac1de064fc5386cbe510ac1276-1024x768.jpg 1024w, https:\/\/payra-monvillage.fr\/wp-content\/uploads\/2023\/11\/c6bd2fac1de064fc5386cbe510ac1276-300x225.jpg 300w, https:\/\/payra-monvillage.fr\/wp-content\/uploads\/2023\/11\/c6bd2fac1de064fc5386cbe510ac1276-768x576.jpg 768w, https:\/\/payra-monvillage.fr\/wp-content\/uploads\/2023\/11\/c6bd2fac1de064fc5386cbe510ac1276.jpg 1300w\" sizes=\"auto, (max-width: 767px) 89vw, (max-width: 1000px) 54vw, (max-width: 1071px) 543px, 580px\" \/><\/figure>\n\n\n\n<figure class=\"wp-block-image size-large\"><img loading=\"lazy\" decoding=\"async\" width=\"727\" height=\"1024\" src=\"https:\/\/payra-monvillage.fr\/wp-content\/uploads\/2023\/11\/Ass-Affiche-727x1024.jpg\" alt=\"\" class=\"wp-image-1398\" srcset=\"https:\/\/payra-monvillage.fr\/wp-content\/uploads\/2023\/11\/Ass-Affiche-727x1024.jpg 727w, https:\/\/payra-monvillage.fr\/wp-content\/uploads\/2023\/11\/Ass-Affiche-213x300.jpg 213w, https:\/\/payra-monvillage.fr\/wp-content\/uploads\/2023\/11\/Ass-Affiche-768x1082.jpg 768w, https:\/\/payra-monvillage.fr\/wp-content\/uploads\/2023\/11\/Ass-Affiche.jpg 923w\" sizes=\"auto, (max-width: 727px) 100vw, 727px\" \/><\/figure>\n","protected":false},"excerpt":{"rendered":"<p>l&rsquo;Assembl\u00e9e g\u00e9n\u00e9rale du comit\u00e9 des f\u00eates de Payra s&rsquo;est tenue ce vendredi 9 octobre 2020 dans le local des associations situ\u00e9 \u00e0 la mairie.&nbsp; Apr\u00e8s le constat de cette ann\u00e9e 2020, catastrophique pour tous mais en particulier pour toutes les associations festives qui furent&nbsp;contraintes \u00e0 ne pouvoir rien entreprendre.&nbsp; Le comit\u00e9 des f\u00eates sans \u00eatre &hellip; <\/p>\n<p class=\"link-more\"><a href=\"https:\/\/payra-monvillage.fr\/index.php\/comite-des-fetes\/\" class=\"more-link\">Continuer la lecture<span class=\"screen-reader-text\"> de &laquo;&nbsp;Comit\u00e9 des F\u00eates&nbsp;&raquo;<\/span><\/a><\/p>\n","protected":false},"author":1,"featured_media":0,"parent":0,"menu_order":0,"comment_status":"closed","ping_status":"closed","template":"","meta":{"footnotes":""},"class_list":["post-1356","page","type-page","status-publish","hentry"],"_links":{"self":[{"href":"https:\/\/payra-monvillage.fr\/index.php\/wp-json\/wp\/v2\/pages\/1356","targetHints":{"allow":["GET"]}}],"collection":[{"href":"https:\/\/payra-monvillage.fr\/index.php\/wp-json\/wp\/v2\/pages"}],"about":[{"href":"https:\/\/payra-monvillage.fr\/index.php\/wp-json\/wp\/v2\/types\/page"}],"author":[{"embeddable":true,"href":"https:\/\/payra-monvillage.fr\/index.php\/wp-json\/wp\/v2\/users\/1"}],"replies":[{"embeddable":true,"href":"https:\/\/payra-monvillage.fr\/index.php\/wp-json\/wp\/v2\/comments?post=1356"}],"version-history":[{"count":3,"href":"https:\/\/payra-monvillage.fr\/index.php\/wp-json\/wp\/v2\/pages\/1356\/revisions"}],"predecessor-version":[{"id":1399,"href":"https:\/\/payra-monvillage.fr\/index.php\/wp-json\/wp\/v2\/pages\/1356\/revisions\/1399"}],"wp:attachment":[{"href":"https:\/\/payra-monvillage.fr\/index.php\/wp-json\/wp\/v2\/media?parent=1356"}],"curies":[{"name":"wp","href":"https:\/\/api.w.org\/{rel}","templated":true}]}}